{"id":7558,"date":"2021-08-19T20:24:44","date_gmt":"2021-08-19T20:24:44","guid":{"rendered":"https:\/\/istorie.unibuc.ro\/?page_id=7558"},"modified":"2021-08-19T20:24:46","modified_gmt":"2021-08-19T20:24:46","slug":"testimonial-anamaria-loluta","status":"publish","type":"page","link":"https:\/\/istorie.unibuc.ro\/facultate\/testimonial-anamaria-loluta\/","title":{"rendered":"Testimonial Anamaria Lolu\u021b\u0103"},"content":{"rendered":"\n<figure class=\"wp-block-image size-full is-resized\"><img data-recalc-dims=\"1\" loading=\"lazy\" decoding=\"async\" data-attachment-id=\"7559\" data-permalink=\"https:\/\/istorie.unibuc.ro\/facultate\/testimonial-anamaria-loluta\/iulie-2021-histria\/\" data-orig-file=\"https:\/\/i0.wp.com\/istorie.unibuc.ro\/wp-content\/uploads\/2021\/08\/iulie-2021-histria.png?fit=940%2C788&amp;ssl=1\" data-orig-size=\"940,788\" data-comments-opened=\"0\" data-image-meta=\"{&quot;aperture&quot;:&quot;0&quot;,&quot;credit&quot;:&quot;&quot;,&quot;camera&quot;:&quot;&quot;,&quot;caption&quot;:&quot;&quot;,&quot;created_timestamp&quot;:&quot;0&quot;,&quot;copyright&quot;:&quot;&quot;,&quot;focal_length&quot;:&quot;0&quot;,&quot;iso&quot;:&quot;0&quot;,&quot;shutter_speed&quot;:&quot;0&quot;,&quot;title&quot;:&quot;&quot;,&quot;orientation&quot;:&quot;0&quot;}\" data-image-title=\"iulie-2021-histria\" data-image-description=\"\" data-image-caption=\"\" data-medium-file=\"https:\/\/i0.wp.com\/istorie.unibuc.ro\/wp-content\/uploads\/2021\/08\/iulie-2021-histria.png?fit=300%2C251&amp;ssl=1\" data-large-file=\"https:\/\/i0.wp.com\/istorie.unibuc.ro\/wp-content\/uploads\/2021\/08\/iulie-2021-histria.png?fit=771%2C646&amp;ssl=1\" src=\"https:\/\/i0.wp.com\/istorie.unibuc.ro\/wp-content\/uploads\/2021\/08\/iulie-2021-histria.png?resize=642%2C538&#038;ssl=1\" alt=\"\" class=\"wp-image-7559\" width=\"642\" height=\"538\" srcset=\"https:\/\/i0.wp.com\/istorie.unibuc.ro\/wp-content\/uploads\/2021\/08\/iulie-2021-histria.png?w=940&amp;ssl=1 940w, https:\/\/i0.wp.com\/istorie.unibuc.ro\/wp-content\/uploads\/2021\/08\/iulie-2021-histria.png?resize=300%2C251&amp;ssl=1 300w, https:\/\/i0.wp.com\/istorie.unibuc.ro\/wp-content\/uploads\/2021\/08\/iulie-2021-histria.png?resize=768%2C644&amp;ssl=1 768w, https:\/\/i0.wp.com\/istorie.unibuc.ro\/wp-content\/uploads\/2021\/08\/iulie-2021-histria.png?resize=358%2C300&amp;ssl=1 358w\" sizes=\"auto, (max-width: 642px) 100vw, 642px\" \/><\/figure>\n\n\n\n<p class=\"wp-block-paragraph\">Campania arheologic\u0103 de la Histria (iulie 2021) a fost, cu siguran\u021b\u0103, una dintre cele mai interesante, provocatoare \u0219i frumoase experien\u021be din acest an. Pot spune c\u0103 aici am avut posibilitatea s\u0103 \u00eenv\u0103\u021b no\u021biunile de baz\u0103 de la oameni dedica\u021bi \u0219i pasiona\u021bi de universul arheologiei, oameni care \u00eentotdeauna dau totul pentru ca noi, \u00eenv\u0103\u021b\u0103ceii, s\u0103 deprindem tainele domeniului. Cu siguran\u021b\u0103 c\u0103 nivelul de munc\u0103 a fost unul mare, dar acest lucru nu se sim\u021bea, \u00eentruc\u00e2t eram cu to\u021bii \u00eempreun\u0103, iar echipa este unul&nbsp; dintre cele mai importante lucruri pe \u0219antier. \u00cen zilele c\u0103lduroase, glumele sau pove\u0219tile spuse \u00een mult a\u0219teptata pauz\u0103 de la ora 12 f\u0103ceau ca oboseala s\u0103 dispar\u0103, iar munca s\u0103 continue \u00eentr-un ton optimist. De asemenea, \u0219i sp\u0103latul ceramicii era mult mai distractiv atunci c\u00e2nd ascultam cu to\u021bii muzic\u0103, cunosc\u00e2ndu-ne astfel mult mai bine unul pe cel\u0103lalt.<\/p>\n\n\n\n<p class=\"wp-block-paragraph\">Arheologia este o filier\u0103 extrem de minu\u021bioas\u0103, iar fiecare etap\u0103 \u0219i m\u0103sur\u0103toare trebuie realizate cu precizie. De aceea, aici \u00eel voi cita pe domnul profesor conf. univ. dr. Valentin Bottez care ne-a spus la \u00eenceputul campaniei c\u0103 cel mai de pre\u021b lucru pentru un arheolog este R\u0102BDAREA. Iar acest lucru \u00eel pot confirma. Fiecare zon\u0103 din casete trebuie cur\u0103\u021bat\u0103 atent, cu grij\u0103, r\u0103bdarea fiind elementul-cheie, \u00een timp ce m\u0103turica, truela \u0219i fara\u0219ul constituie instrumentele de baz\u0103.<\/p>\n\n\n\n<p class=\"wp-block-paragraph\">Histria \u00eenseamn\u0103 pentru mine locul unde am cunoscut oameni noi \u0219i am c\u00e2\u0219tigat prieteni al\u0103turi de care am construit o mul\u021bime de amintiri. \u00cen plus, Histria reprezint\u0103 locul unde am v\u0103zut ce \u00eenseamn\u0103 cu adev\u0103rat arheologia, domeniu pe care nu \u00eel po\u021bi practica dac\u0103 nu mergi efectiv pe \u0219antier. La \u00eenceput de iulie, aceast\u0103 cetate greceasc\u0103 era un teritoriu nou pentru mine \u0219i nu b\u0103nuiam c\u0103 \u00eentr-o singur\u0103 lun\u0103 el va c\u0103p\u0103ta o importan\u021b\u0103 at\u00e2t de mare. Cu toate acestea, la final m\u0103 g\u00e2ndeam c\u0103 \u00eemi va fi dor de momentele \u00een care c\u00e2te o moned\u0103 \u00ee\u0219i f\u0103cea timid apari\u021bia sau de acele zile c\u00e2nd descoperirile nu mai conteneau, iar noi eram entuziasma\u021bi la fiecare m\u0103suratoare luat\u0103. \u00cen aceste r\u00e2nduri, am \u00eencercat s\u0103 descriu \u00een cuvinte ceea ce pentru noi a fost HIS 21 ACS.<\/p>\n\n\n\n<p class=\"wp-block-paragraph\"><\/p>\n\n\n\n<blockquote class=\"wp-block-quote is-layout-flow wp-block-quote-is-layout-flow\"><p><strong>Stagiu de practic\u0103 la Histria <\/strong><\/p><p><strong>Testimonial Anamaria Lolu\u021b\u0103, anul I, Istorie<\/strong><\/p><\/blockquote>\n","protected":false},"excerpt":{"rendered":"<p>Campania arheologic\u0103 de la Histria (iulie 2021) a fost, cu siguran\u021b\u0103, una dintre cele mai interesante, provocatoare \u0219i frumoase experien\u021be din acest an. Pot spune c\u0103 aici am avut posibilitatea s\u0103 \u00eenv\u0103\u021b no\u021biunile de baz\u0103 de la oameni dedica\u021bi \u0219i pasiona\u021bi de universul arheologiei, oameni care \u00eentotdeauna dau totul pentru ca noi, \u00eenv\u0103\u021b\u0103ceii, s\u0103 deprindem [&hellip;]<\/p>\n","protected":false},"author":7,"featured_media":0,"parent":0,"menu_order":0,"comment_status":"closed","ping_status":"closed","template":"","meta":{"_crdt_document":"","jetpack_post_was_ever_published":false,"footnotes":""},"class_list":["post-7558","page","type-page","status-publish","hentry"],"jetpack_sharing_enabled":true,"jetpack_shortlink":"https:\/\/wp.me\/PaobZd-1XU","jetpack-related-posts":[],"_links":{"self":[{"href":"https:\/\/istorie.unibuc.ro\/facultate\/wp-json\/wp\/v2\/pages\/7558","targetHints":{"allow":["GET"]}}],"collection":[{"href":"https:\/\/istorie.unibuc.ro\/facultate\/wp-json\/wp\/v2\/pages"}],"about":[{"href":"https:\/\/istorie.unibuc.ro\/facultate\/wp-json\/wp\/v2\/types\/page"}],"author":[{"embeddable":true,"href":"https:\/\/istorie.unibuc.ro\/facultate\/wp-json\/wp\/v2\/users\/7"}],"replies":[{"embeddable":true,"href":"https:\/\/istorie.unibuc.ro\/facultate\/wp-json\/wp\/v2\/comments?post=7558"}],"version-history":[{"count":1,"href":"https:\/\/istorie.unibuc.ro\/facultate\/wp-json\/wp\/v2\/pages\/7558\/revisions"}],"predecessor-version":[{"id":7560,"href":"https:\/\/istorie.unibuc.ro\/facultate\/wp-json\/wp\/v2\/pages\/7558\/revisions\/7560"}],"wp:attachment":[{"href":"https:\/\/istorie.unibuc.ro\/facultate\/wp-json\/wp\/v2\/media?parent=7558"}],"curies":[{"name":"wp","href":"https:\/\/api.w.org\/{rel}","templated":true}]}}