{"id":7077,"date":"2021-05-31T20:49:13","date_gmt":"2021-05-31T20:49:13","guid":{"rendered":"https:\/\/istorie.unibuc.ro\/?page_id=7077"},"modified":"2021-05-31T20:53:13","modified_gmt":"2021-05-31T20:53:13","slug":"interviu-cu-nicoleta-roman","status":"publish","type":"page","link":"https:\/\/istorie.unibuc.ro\/facultate\/interviu-cu-nicoleta-roman\/","title":{"rendered":"Interviu cu Nicoleta Roman"},"content":{"rendered":"\n<figure class=\"wp-block-image size-large\"><img data-recalc-dims=\"1\" loading=\"lazy\" decoding=\"async\" width=\"391\" height=\"467\" data-attachment-id=\"7079\" data-permalink=\"https:\/\/istorie.unibuc.ro\/facultate\/interviu-cu-nicoleta-roman\/foto_nicoleta-roman-1-1\/\" data-orig-file=\"https:\/\/i0.wp.com\/istorie.unibuc.ro\/wp-content\/uploads\/2021\/05\/foto_Nicoleta-Roman-1-1.jpg?fit=391%2C467&amp;ssl=1\" data-orig-size=\"391,467\" data-comments-opened=\"0\" data-image-meta=\"{&quot;aperture&quot;:&quot;2.8&quot;,&quot;credit&quot;:&quot;&quot;,&quot;camera&quot;:&quot;DSC-W35&quot;,&quot;caption&quot;:&quot;&quot;,&quot;created_timestamp&quot;:&quot;1316117759&quot;,&quot;copyright&quot;:&quot;&quot;,&quot;focal_length&quot;:&quot;6.3&quot;,&quot;iso&quot;:&quot;100&quot;,&quot;shutter_speed&quot;:&quot;0.00625&quot;,&quot;title&quot;:&quot;&quot;,&quot;orientation&quot;:&quot;1&quot;}\" data-image-title=\"foto_Nicoleta-Roman-1-1\" data-image-description=\"\" data-image-caption=\"\" data-large-file=\"https:\/\/i0.wp.com\/istorie.unibuc.ro\/wp-content\/uploads\/2021\/05\/foto_Nicoleta-Roman-1-1.jpg?fit=391%2C467&amp;ssl=1\" src=\"https:\/\/i0.wp.com\/istorie.unibuc.ro\/wp-content\/uploads\/2021\/05\/foto_Nicoleta-Roman-1-1.jpg?resize=391%2C467&#038;ssl=1\" alt=\"\" class=\"wp-image-7079\" srcset=\"https:\/\/i0.wp.com\/istorie.unibuc.ro\/wp-content\/uploads\/2021\/05\/foto_Nicoleta-Roman-1-1.jpg?w=391&amp;ssl=1 391w, https:\/\/i0.wp.com\/istorie.unibuc.ro\/wp-content\/uploads\/2021\/05\/foto_Nicoleta-Roman-1-1.jpg?resize=251%2C300&amp;ssl=1 251w\" sizes=\"auto, (max-width: 391px) 100vw, 391px\" \/><\/figure>\n\n\n\n<p class=\"wp-block-paragraph\">Acest nou interviu ne permite s\u0103 facem cuno\u0219tin\u021b\u0103 cu un alt absolvent al FIUB, \u0219i anume Nicoleta Roman. Dup\u0103 studiile de licen\u021b\u0103 la programul Istorie \u00een perioada 2000-2004 \u0219i cele de master \u00een perioada 2004-2006, a continuat cu un program de doctorat, finalizat cu sus\u021binerea \u00een 2010 a unei teze referitoare la istoria femeii \u00een Valahia secolului al XIX-lea. \u00cen prezent, este cercet\u0103tor \u0219tiin\u021bific gradul II la Institutul de Istorie ,,Nicolae Iorga\u201d din cadrul Academiei Rom\u00e2ne. Cercet\u0103rile sale acoper\u0103 o gam\u0103 variant\u0103 de subiecte, de la istoria familiei \u0219i a copil\u0103riei \u00een spa\u021biul rom\u00e2nesc, istorie cultural\u0103, microistorie la istoria ideilor, istoria violen\u021bei. Mai multe despre studen\u021bia la FIUB \u0219i despre profesia de cercet\u0103tor ne va relata ea \u00eens\u0103\u0219i.<\/p>\n\n\n\n<p class=\"wp-block-paragraph\"><strong>Bun\u0103, Nicoleta! Pentru \u00eenceput, te-a\u0219 ruga s\u0103 te prezin\u021bi \u00een c\u00e2teva cuvinte, men\u021bion\u00e2nd \u0219i rolul pe care \u00eel joac\u0103 istoria \u00een via\u021ba ta.<\/strong><\/p>\n\n\n\n<p class=\"wp-block-paragraph\">N.R.:&nbsp;&nbsp; Bun\u0103, Cosmin! Deci, s\u0103 dau drumul la firul pove\u0219tii \ud83d\ude0a&nbsp; Ca istoric \u0219i cercet\u0103tor, istoria joac\u0103 un rol central \u00een via\u021ba mea profesional\u0103 \u0219i \u00een special istoria premodern\u0103 \u0219i modern\u0103. Pentru cei ce vor s\u0103 m\u0103 descopere o pot face prin cartea mea, bazat\u0103 pe teza de doctorat \u0219i intitulat\u0103 <em>\u2018Dezn\u0103d\u0103jduit\u0103 muiere n-au fost ca mine\u2019. Femei, onoare \u0219i p\u0103cat \u00een Valahia secolului al XIX-lea<\/em> (Humanitas, 2016). \u0218i, desigur, prin studiile dedicate copiilor \u0219i copil\u0103riei, inclusiv \u00een volumul \u00een care eu \u0219i colegii mei ne-am adunat \u00een jurul acestui univers al celor mici, volum ap\u0103rut nu a\u0219a demult, la Nemira, \u00een 2015. De altfel, acestea sunt \u0219i cele dou\u0103 direc\u021bii principale de lucru ale mele, iar femeilor \u0219i copiilor le acord un spa\u021biu privilegiat \u00een tot ceea ce \u00eentreprind.<\/p>\n\n\n\n<ul class=\"wp-block-list\"><li><strong>\u00cen continuare, spune-ne cum ai ajuns s\u0103 studiezi la FIUB \u0219i ce perspective \u0219i oportunit\u0103\u021bi \u00ee\u021bi ofereau studiile de istorie \u00een momentul \u00een care ai fost admis\u0103 aici?<\/strong><\/li><\/ul>\n\n\n\n<p class=\"wp-block-paragraph\">N.R.:&nbsp;&nbsp; \u00centotdeauna am fost de p\u0103rere c\u0103 e important s\u0103 faci ceea ce \u00ee\u021bi place pentru a reu\u0219i \u0219i am fost \u0219i \u00eencurajat\u0103 s\u0103 urmez aceast\u0103 idee. Trebuie s\u0103 recunosc faptul c\u0103 primul impuls nu s-a \u00eendreptat c\u0103tre istorie, de\u0219i ea a fost o pasiune tot timpul, \u00eens\u0103 hot\u0103r\u00e2rea a venit \u00een ultimii doi ani de liceu. Atunci mi-am pus \u00eentrebarea ce a\u0219 vrea \u0219i ce mi-ar face pl\u0103cere s\u0103 fac \u00een viitor, dincolo de \u02bbmoda\u2019 op\u021biunilor genera\u021biei mele. \u0218i a\u0219a am ajuns la istorie. La momentul admiterii, nu erau a\u0219a multe op\u021biuni (ca acum) pentru absolven\u021bi, principala fiind aceea de a activa \u00een \u00eenv\u0103\u021b\u0103m\u00e2ntul liceal ca profesor de istorie.<\/p>\n\n\n\n<ul class=\"wp-block-list\"><li><strong>Referindu-ne la studen\u021bia ta, care au fost cursurile \u0219i profesorii care te-au ajutat s\u0103 \u00ee\u021bi descoperi aptitudinile \u0219i s\u0103 le pui \u00een valoare?<\/strong><\/li><\/ul>\n\n\n\n<p class=\"wp-block-paragraph\">N.R.:Sunt multe de spus. Acum, rapid, \u00eemi vin \u00een minte cursuri diverse: cel dedicat biografiilor, cel referitor la istoria cinematografiei (de\u0219i profesoara este mai cunoscut\u0103 pentru un alt curs, despre educa\u021bie \u0219i secolul al XIX-lea), sau cele legate de paleografia chirilic\u0103, osman\u0103 \u0219i neogreac\u0103 (doar am cochetat cu ultimele dou\u0103). \u00cemi amintesc exigen\u021ba f\u0103r\u0103 p\u0103rtinire a unei profesoare ce preda despre modernitate \u00eentr-un context global sau erudi\u021bia unui alt profesor care se \u00eendrepta cu prec\u0103dere c\u0103tre Evul Mediu. F\u0103r\u0103 a da nume, au fost \u0219i sunt exemple care te \u00eendemnau s\u0103 tratezi cu seriozitate materia \u0219i s\u0103 aspiri la mai mult, s\u0103 \u00ee\u021bi meri\u021bi nota de la examen \u0219i s\u0103 nu crezi niciun moment c\u0103 \u021bi se cuvine ,,s\u0103 treci\u201d doar pentru c\u0103 ai binevoit s\u0103 fii prezent la cursuri, te cheam\u0103 ,,X\u201d, z\u00e2mbe\u0219ti sau, dimpotriv\u0103, te fofilezi cu talent. Nu totul era perfect, \u00eentruc\u00e2t sunt profesori \u0219i profesori, dar au fost unele cursuri la care veneam de pl\u0103cere \u0219i cu mare curiozitate. Mai important, ele trezeau interesul de a citi \u00een plus, de a explora subiectul istoric respectiv dincolo de cele men\u021bionate \u00een sal\u0103. De fapt, cred c\u0103 a\u0219a \u00eemi \u0219i \u00eenchipui profesorul ideal: s\u0103 aib\u0103 cuno\u0219tin\u021be solide, s\u0103 \u0219tie s\u0103 le transmit\u0103 \u00eentr-un mod pl\u0103cut, f\u0103r\u0103 platitudini \u0219i familiarit\u0103\u021bi inutile, \u0219i, totodat\u0103, s\u0103 inspire.<\/p>\n\n\n\n<p class=\"wp-block-paragraph\">Cred c\u0103 am avut \u0219i noroc pentru c\u0103 am studiat \u00eentr-o perioad\u0103 \u00een care cursurile \u00eencepuser\u0103 de ceva vreme s\u0103 devin\u0103 variate \u0219i mai pu\u021bin prinse \u00een chinga ideologiz\u0103rii cum se \u00eent\u00e2mplase cu cei din genera\u021biile anterioare, ce au \u00eenv\u0103\u021bat \u00een timpul regimului comunist. Exista o libertate de g\u00e2ndire \u0219i de alegere care ne \u00eencuraja s\u0103 cercet\u0103m subiecte variate \u00een cadrul materiei.<\/p>\n\n\n\n<ul class=\"wp-block-list\"><li><strong>Ne-ai putea \u00eemp\u0103rt\u0103\u0219i o amintire frumoas\u0103 din via\u021ba de student, un loc drag \u021bie din perioada studen\u021biei, poate o carte\/o melodie\/un film pe care \u00eel\/o asociezi cu acea perioad\u0103?<\/strong><\/li><\/ul>\n\n\n\n<p class=\"wp-block-paragraph\">N.R.: M-a\u0219 suprapune \u00een amintiri cu mul\u021bi dintre absolven\u021bi. Am \u00een minte grupurile care se formau pe hol \u00een dreptul ferestrelor \u0219i \u00een fa\u021ba s\u0103lii de curs, forfota plin\u0103 de emo\u021bii la examene, schimburile de noti\u021be, coada de la secretariat \u0219i, uneori (da, se \u00eent\u00e2mpla) de la bibliotec\u0103. Uneori, c\u00e2nd am drum (rar) pe la Facultate \u00eemi vin \u00een minte toate aceste aspecte banale dar care recompun studen\u021bia fiec\u0103ruia&#8230; madlenele lui Proust sunt la fiecare pas.<\/p>\n\n\n\n<ul class=\"wp-block-list\"><li><strong>Ce crezi c\u0103 te-a ajutat cel mai mult din tot ceea ce ai \u00eenv\u0103\u021bat pe parcursul studiilor de licen\u021b\u0103, master, doctorat la FIUB? Cum te-au preg\u0103tit pentru cariera de cercet\u0103tor?<\/strong><\/li><\/ul>\n\n\n\n<p class=\"wp-block-paragraph\">N.R.: Contextualizarea, privirea critic\u0103, argumentarea pe baza documentului \u0219i nu prin prisma unor judec\u0103\u021bi de valoare sau prin folosirea specula\u021biilor sunt aspecte esen\u021biale. Faptul c\u0103 am urmat cursuri legate de sursele perioadei mele de interes a fost cu adev\u0103rat benefic \u0219i mi-a facilitat munca de cercetare ulterioar\u0103. Apoi, cititul. A\u0219 recomanda oric\u0103rui student la istorie s\u0103 citeasc\u0103 \u00een plus fa\u021b\u0103 de ce se pred\u0103 sau fa\u021b\u0103 de strictul necesar recomandat \u00een bibliografie, s\u0103-\u0219i l\u0103rgeasc\u0103 orizonturile. \u0218tiu c\u0103 nu e chiar la mod\u0103, c\u00e2nd totul se spune c\u00e2t mai pe scurt (\u0219i uneori prin aceasta \u0219i deformat) \u0219i este \u0219i o activitate asociat\u0103 tocilarilor&#8230; dar ai ce s\u0103 faci, n-ai ce s\u0103 faci, e\u0219ti la istorie \u0219i e esen\u021bial.<\/p>\n\n\n\n<ul class=\"wp-block-list\"><li><strong>\u00cen ceea ce prive\u0219te cercetarea, ce \u00eenseamn\u0103 cu adev\u0103rat s\u0103 lucrezi \u00eentr-un institut \u0219i s\u0103 \u00ee\u021bi dedici via\u021ba studiului istoriei? Ce satisfac\u021bii are un cercet\u0103tor?<\/strong><\/li><\/ul>\n\n\n\n<p class=\"wp-block-paragraph\">N.R.:&nbsp;&nbsp; \u00cen primul r\u00e2nd, presupune o mai mare \u0219i continu\u0103 apropiere de sursele istorice, indiferent de natura lor. \u00cen al doilea r\u00e2nd, de\u0219i ar p\u0103rea o munc\u0103 solitar\u0103 nu este chiar a\u0219a. A lucra \u00eentr-un institut \u00eenseamn\u0103 \u0219i o munc\u0103 de echip\u0103, \u00een cadrul unor colective care se ocup\u0103 mai ales de editarea \u0219i interpretarea surselor. De exemplu, am fost membru \u00een colectivul colec\u021biei <em>C\u0103l\u0103tori str\u0103ini despre \u021b\u0103rile rom\u00e2ne \u00een secolul al XIX-lea<\/em>, o colec\u021bie care s-a \u00eencheiat recent, &nbsp;\u00een timp ce o parte din colegii medievi\u0219ti fie se ocup\u0103 de c\u0103l\u0103torii str\u0103ini peregrini pe la noi \u00een perioade mai timpurii, fie fac parte din echipa dedicat\u0103 <em>Documenta Romaniae Historica<\/em>, un corpus al documentelor interne din \u021aara Rom\u00e2neasc\u0103. \u00cen al treilea r\u00e2nd, sunt preocup\u0103rile mele personale referitoare la istoria social\u0103 a secolelor XVIII-XIX, pe care le v\u0103d \u00eentregind aceast\u0103 activitate \u0219i \u00een care fac uz de o varietate de surse istorice. V\u0103d \u0219i \u00eemi \u00eenchipui institutul drept o lume a istoricilor \u00eentr-un permanent dialog: \u00eentre ei, dar \u0219i cu alte lumi ce graviteaz\u0103 \u00een jurul istoriei ca disciplin\u0103 precum cea a Universit\u0103\u021bii, a Arhivelor \u0219i a muzeografilor. Familii \u00eenrudite sau lumi interconectate, ele scot la iveal\u0103 \u2013 parafraz\u00e2nd o vorb\u0103 de povestitor \u2013 &nbsp;tot ce cu g\u00e2ndul nu g\u00e2nde\u0219ti \u0219i fac astfel posibil\u0103 dep\u0103\u0219irea unor cli\u0219ee.<\/p>\n\n\n\n<p class=\"wp-block-paragraph\">Munca asupra subiectelor tale de face solitar, \u00ee\u021bi cere s\u0103 te cufunzi \u00een epoc\u0103, s\u0103 te deta\u0219ezi par\u021bial de prezent pentru a \u00een\u021belege mai bine contextul acelor vremuri.<\/p>\n\n\n\n<p class=\"wp-block-paragraph\">Cred c\u0103 cea mai mare satisfac\u021bie pentru un cercet\u0103tor este momentul c\u00e2nd munca sa devine vizibil\u0103, c\u00e2nd devine cunoscut\u0103 nu numai colegilor de breasl\u0103, studen\u021bilor, dar \u0219i publicului larg. Cel pu\u021bin a\u0219a am sim\u021bit c\u00e2nd ,,le-am scos \u00een lume\u201d pe <em>dezn\u0103d\u0103jduitele<\/em> mele din Valahia secolului al XIX-lea sau c\u00e2nd am c\u0103utat s\u0103 atrag aten\u021bia asupra copiilor \u0219i copil\u0103riilor de alt\u0103dat\u0103.<\/p>\n\n\n\n<ul class=\"wp-block-list\"><li><strong>Ai recomanda tinerilor de ast\u0103zi \u0219i de m\u00e2ine Facultatea de Istorie din Bucure\u0219ti? De ce?<\/strong><\/li><\/ul>\n\n\n\n<p class=\"wp-block-paragraph\">N.R.:&nbsp;&nbsp; Pentru cei pasiona\u021bi sau se \u00eendreapt\u0103 cu pl\u0103cere c\u0103tre istorie \u0219i vor s\u0103 o pun\u0103 \u00een valoare \u0219i s\u0103 exceleze, desigur, \u00eentotdeauna.<\/p>\n\n\n\n<p class=\"wp-block-paragraph\">Pentru cei care doar cocheteaz\u0103 cu ideea, da\u021bi-i o \u0219ans\u0103 istoriei, privi\u021bi-o cu bun\u0103voin\u021b\u0103 \u0219i cu un interes constant \u0219i v\u0103 va surprinde.<\/p>\n\n\n\n<p class=\"wp-block-paragraph\">De ce? Azi, mai mult ca ieri \u0219ansele de a folosi cele \u00eenv\u0103\u021bate aici \u0219i a te integra pe pia\u021ba muncii sunt mai numeroase; dar le recomand \u0219i s\u0103 aib\u0103 r\u0103bdare \u0219i s\u0103 nu se a\u0219tepte la rezultate imediate.<\/p>\n\n\n\n<ul class=\"wp-block-list\"><li><strong>\u00cen \u00eencheiere, te-a\u0219 ruga s\u0103 alegi un cuv\u00e2nt, unul singur, prin care s\u0103 rezumi semnifica\u021bia studen\u021biei tale la FIUB.<\/strong><\/li><\/ul>\n\n\n\n<p class=\"wp-block-paragraph\">N.R.: Doar unul? C\u00e2nd de abia mi-am dat drumul? Grea treab\u0103. \u00cencredere, de\u0219i a\u0219 ramifica mai mult. Dac\u0103 e s\u0103 aleg un singur cuv\u00e2nt, acesta este. Cuno\u0219tin\u021bele \u0219i experien\u021ba de atunci mi-au dat \u00eencredere \u00een cercetarea mea \u0219i de aici a pornit dorin\u021ba de a privi dincolo de ce se \u0219tia despre un subiect sau altul, de a fi cu mintea deschis\u0103 \u0219i de a-\u021bi apropia epoca f\u0103r\u0103 a te contopi cu ea&#8230; cu alte cuvinte, pl\u0103cerea de a lucra.<\/p>\n\n\n\n<p class=\"wp-block-paragraph\"><strong>Nicoleta, \u00ee\u021bi mul\u021bumesc \u00een numele familiei istoricilor FIUB!<\/strong><\/p>\n\n\n\n<p class=\"wp-block-paragraph\">N.R.: \u00ce\u021bi mul\u021bumesc \u0219i eu pentru \u00eent\u00e2lnire \u0219i pentru ocazia de a m\u0103 \u00eentoarce oarecum \u00een timp.<\/p>\n\n\n\n<p class=\"wp-block-paragraph\"><\/p>\n\n\n\n<blockquote class=\"wp-block-quote is-layout-flow wp-block-quote-is-layout-flow\"><p><strong>Interviu realizat de Cosmin-Ionu\u021b Laz\u0103r, programul Istorie<\/strong><\/p><\/blockquote>\n","protected":false},"excerpt":{"rendered":"<p>Acest nou interviu ne permite s\u0103 facem cuno\u0219tin\u021b\u0103 cu un alt absolvent al FIUB, \u0219i anume Nicoleta Roman. Dup\u0103 studiile de licen\u021b\u0103 la programul Istorie \u00een perioada 2000-2004 \u0219i cele de master \u00een perioada 2004-2006, a continuat cu un program de doctorat, finalizat cu sus\u021binerea \u00een 2010 a unei teze referitoare la istoria femeii \u00een [&hellip;]<\/p>\n","protected":false},"author":7,"featured_media":0,"parent":0,"menu_order":0,"comment_status":"closed","ping_status":"closed","template":"","meta":{"_crdt_document":"","jetpack_post_was_ever_published":false,"footnotes":""},"class_list":["post-7077","page","type-page","status-publish","hentry"],"jetpack_sharing_enabled":true,"jetpack_shortlink":"https:\/\/wp.me\/PaobZd-1Q9","jetpack-related-posts":[],"_links":{"self":[{"href":"https:\/\/istorie.unibuc.ro\/facultate\/wp-json\/wp\/v2\/pages\/7077","targetHints":{"allow":["GET"]}}],"collection":[{"href":"https:\/\/istorie.unibuc.ro\/facultate\/wp-json\/wp\/v2\/pages"}],"about":[{"href":"https:\/\/istorie.unibuc.ro\/facultate\/wp-json\/wp\/v2\/types\/page"}],"author":[{"embeddable":true,"href":"https:\/\/istorie.unibuc.ro\/facultate\/wp-json\/wp\/v2\/users\/7"}],"replies":[{"embeddable":true,"href":"https:\/\/istorie.unibuc.ro\/facultate\/wp-json\/wp\/v2\/comments?post=7077"}],"version-history":[{"count":2,"href":"https:\/\/istorie.unibuc.ro\/facultate\/wp-json\/wp\/v2\/pages\/7077\/revisions"}],"predecessor-version":[{"id":7082,"href":"https:\/\/istorie.unibuc.ro\/facultate\/wp-json\/wp\/v2\/pages\/7077\/revisions\/7082"}],"wp:attachment":[{"href":"https:\/\/istorie.unibuc.ro\/facultate\/wp-json\/wp\/v2\/media?parent=7077"}],"curies":[{"name":"wp","href":"https:\/\/api.w.org\/{rel}","templated":true}]}}