{"id":653,"date":"2018-10-28T16:55:16","date_gmt":"2018-10-28T16:55:16","guid":{"rendered":"http:\/\/newhis.bucharest.university\/?page_id=653"},"modified":"2025-03-11T11:22:39","modified_gmt":"2025-03-11T11:22:39","slug":"prof-univ-dr-bogdan-murgescu","status":"publish","type":"page","link":"https:\/\/istorie.unibuc.ro\/facultate\/departamente\/relatii-internationale-si-istorie-universala\/prof-univ-dr-bogdan-murgescu\/","title":{"rendered":"Prof. Univ. Dr. Bogdan Murgescu"},"content":{"rendered":"<div class=\"wp-block-image\">\n<figure class=\"alignright is-resized\"><img data-recalc-dims=\"1\" loading=\"lazy\" decoding=\"async\" width=\"308\" height=\"400\" data-attachment-id=\"654\" data-permalink=\"https:\/\/istorie.unibuc.ro\/facultate\/departamente\/relatii-internationale-si-istorie-universala\/prof-univ-dr-bogdan-murgescu\/img_4677_c_s\/\" data-orig-file=\"https:\/\/i0.wp.com\/istorie.unibuc.ro\/wp-content\/uploads\/2018\/10\/IMG_4677_c_s.jpg?fit=308%2C400&amp;ssl=1\" data-orig-size=\"308,400\" data-comments-opened=\"0\" data-image-meta=\"{&quot;aperture&quot;:&quot;5&quot;,&quot;credit&quot;:&quot;Christian NASULEA&quot;,&quot;camera&quot;:&quot;Canon EOS 760D&quot;,&quot;caption&quot;:&quot;&quot;,&quot;created_timestamp&quot;:&quot;1454687161&quot;,&quot;copyright&quot;:&quot;Whims Media&quot;,&quot;focal_length&quot;:&quot;39&quot;,&quot;iso&quot;:&quot;640&quot;,&quot;shutter_speed&quot;:&quot;0.004&quot;,&quot;title&quot;:&quot;&quot;,&quot;orientation&quot;:&quot;1&quot;}\" data-image-title=\"IMG_4677_c_s\" data-image-description=\"\" data-image-caption=\"\" data-large-file=\"https:\/\/i0.wp.com\/istorie.unibuc.ro\/wp-content\/uploads\/2018\/10\/IMG_4677_c_s.jpg?fit=308%2C400&amp;ssl=1\" src=\"https:\/\/i0.wp.com\/newhis.bucharest.university\/wp-content\/uploads\/2018\/10\/IMG_4677_c_s.jpg?resize=308%2C400\" alt=\"\" class=\"wp-image-654\" style=\"width:193px;height:251px\" srcset=\"https:\/\/i0.wp.com\/istorie.unibuc.ro\/wp-content\/uploads\/2018\/10\/IMG_4677_c_s.jpg?w=308&amp;ssl=1 308w, https:\/\/i0.wp.com\/istorie.unibuc.ro\/wp-content\/uploads\/2018\/10\/IMG_4677_c_s.jpg?resize=231%2C300&amp;ssl=1 231w\" sizes=\"auto, (max-width: 308px) 100vw, 308px\" \/><\/figure>\n<\/div>\n\n\n<p class=\"wp-block-paragraph\">Email:&nbsp;<a href=\"mailto:bogdan.murgescu@istorie.unibuc.ro\" target=\"_blank\" rel=\"noreferrer noopener\">bogdan.murgescu@istorie.unibuc.ro<\/a><\/p>\n\n\n\n<h6 class=\"wp-block-heading\">Consulta\u021bii<\/h6>\n\n\n\n<p class=\"wp-block-paragraph\">Luni, 16:00-17:00, Sala DRIIU (410)<\/p>\n\n\n\n<p class=\"wp-block-paragraph\"><strong>Studii:<\/strong><\/p>\n\n\n\n<p class=\"wp-block-paragraph\">Doctorat \u00een istorie &#8211; Universitatea din Bucure\u0219ti (1995)<br><\/p>\n\n\n\n<p class=\"wp-block-paragraph\">Licen\u021b\u0103 \u00een istorie-filozofie &#8211; Universitatea din Bucure\u0219ti (1986)<\/p>\n\n\n\n<p class=\"wp-block-paragraph\">Bursier Roman Herzog al Funda\u021biei \u201eAlexander von Humboldt\u201d (1998-2000)<\/p>\n\n\n\n<p class=\"wp-block-paragraph\"><strong>Domenii de interes:<\/strong><\/p>\n\n\n\n<p class=\"wp-block-paragraph\">Istoria economic\u0103 \u0219i social\u0103<\/p>\n\n\n\n<p class=\"wp-block-paragraph\">Istoria \u00eenv\u0103\u021b\u0103m\u00e2ntului superior \u0219i rolul s\u0103u \u00een acumularea capitalului uman<\/p>\n\n\n\n<p class=\"wp-block-paragraph\">Metodologia cercet\u0103rii istorice<\/p>\n\n\n\n<p class=\"wp-block-paragraph\">Istoria regimurilor comuniste \u0219i a tranzi\u021biei post-comuniste<\/p>\n\n\n\n<p class=\"wp-block-paragraph\"><strong>Cursuri sus\u021binute la Facultatea de Istorie:<\/strong><\/p>\n\n\n\n<p class=\"wp-block-paragraph\">Istorie medie universal\u0103 (sec.XIV-XVII) \u2013 curs general, anul I, Istorie + RI zi<\/p>\n\n\n\n<p class=\"wp-block-paragraph\">Probleme \u015fi metode de istorie economic\u0103 \u2013 curs op\u0163ional metodologic, anul III, Istorie, zi<\/p>\n\n\n\n<p class=\"wp-block-paragraph\">Oameni, spa\u0163ii existen\u0163iale \u015fi \u201cciviliza\u0163ii\u201d (secolele XIII-XVI) &#8211; curs special aplicat, anul I, master \u201eStudii medievale\u201d<\/p>\n\n\n\n<p class=\"wp-block-paragraph\">Muta\u021bii \u0219i performan\u021b\u0103 economic\u0103 \u00een perioada comunist\u0103 &#8211; curs \u0219i seminar special aplicat, anul I, master \u201eIstoria comunismului\u201d<\/p>\n\n\n\n<p class=\"wp-block-paragraph\">Metodologia cercet\u0103rii istorice. Definirea temelor de cercetare \u0219i pozi\u021bionarea istoriografic\u0103 \u2013 curs \u0219i seminar, anul I doctorat<\/p>\n\n\n\n<p class=\"wp-block-paragraph\"><strong>List\u01ce selectiv\u01ce de publica\u021bii:&nbsp;<\/strong><br><\/p>\n\n\n\n<p class=\"wp-block-paragraph\">1. C\u01cer\u021bi de autor:<\/p>\n\n\n\n<p class=\"wp-block-paragraph\"><em>Istorie rom\u00e2neasc\u0103 &#8211; istorie universal\u0103 (600-1800)<\/em>, Bucure\u015fti, Editura Erasmus, 1994, 150 p. Edi\u0163ia a II-a rev\u0103zut\u0103 \u015fi ad\u0103ugit\u0103, Bucure\u015fti, Teora, 1999, 214 p.<\/p>\n\n\n\n<p class=\"wp-block-paragraph\"><em>Circula\u0163ia monetar\u0103 \u00een \u0162\u0103rile Rom\u00e2ne \u00een secolul al XVI-lea<\/em>, Bucure\u015fti, Editura Enciclopedic\u0103, 1996, 376 p. + 8 pl.<\/p>\n\n\n\n<p class=\"wp-block-paragraph\"><a href=\"https:\/\/www.academia.edu\/19567353\/A_fi_istoric_%C3%AEn_anul_2000._Bucure%C5%9Fti_Editura_ALL_Educa%C5%A3ional_2000\"><em>A fi istoric \u00een anul 2000<\/em>, Bucure\u015fti, ALL Educa\u0163ional, 2000, 133 p.<\/a><\/p>\n\n\n\n<p class=\"wp-block-paragraph\"><em>Rom\u00e2nia \u015fi Europa. Acumularea decalajelor economice (1500-2010),<\/em>&nbsp;Ia\u015fi, Polirom, 2010, 523 p.<\/p>\n\n\n\n<p class=\"wp-block-paragraph\"><em>\u021a\u0103rile Rom\u00e2ne \u00eentre Imperiul Otoman \u0219i Europa cre\u0219tin\u0103<\/em>, Ia\u015fi, Polirom, 2012, 368 p.<\/p>\n\n\n\n<p class=\"wp-block-paragraph\">2.Volume coordonate:<\/p>\n\n\n\n<p class=\"wp-block-paragraph\"><em>Romania and Europe. Modernisation as Temptation, Modernisation as Threat<\/em>, Bucure\u015fti, 2000, 170 p. (coordonare \u015fi introducere).<\/p>\n\n\n\n<p class=\"wp-block-paragraph\"><a href=\"http:\/\/www.cimec.ro\/Istorie\/Istoria-romaniei-in-texte.pdf\"><em>Istoria Rom\u00e2niei \u00een texte,<\/em>&nbsp;Bucure\u015fti, 2001, 411 p. (coordonare, volum \u00een colaborare)<\/a><\/p>\n\n\n\n<p class=\"wp-block-paragraph\"><a href=\"http:\/\/www.cdsee.org\/projects\/jhp\/publications\"><em>Teaching Modern Southeast European History. Alternative Educational Materials. Workbook I. The Ottoman Empire<\/em>, Thessaloniki, 2005, 141 p. (coordonare, \u00een colaborare). Edi\u0163ia a II-a 2009, 135 p.<\/a>&nbsp;<br>Edi\u0163ii \u015fi \u00een limbile s\u00e2rb\u0103 (2005), greac\u0103 (2006), croat\u0103 (2007), bosniac\u0103 (2007), albanez\u0103 (2008), macedonean\u0103 (2008), muntenegrin\u0103 (2012), bulgar\u0103 (2012) \u0219i japonez\u0103 (2013)<\/p>\n\n\n\n<p class=\"wp-block-paragraph\"><em>Revolu\u0163ia rom\u00e2n\u0103 din decembrie 1989: istorie \u015fi memorie<\/em>, Ia\u015fi, Polirom, 2007, 220 p. (coordonare, cuv\u00e2nt \u00eenainte, editare de interviu \u015fi recenzii).<\/p>\n\n\n\n<p class=\"wp-block-paragraph\"><em>Universitatea din Bucure\u0219ti 1864-2014,&nbsp;<\/em>Bucure\u0219ti, Editura Universit\u0103\u021bii din Bucure\u0219ti, 2014, 456 p. (coordonare, \u00een colaborare).<\/p>\n\n\n\n<p class=\"wp-block-paragraph\">3. Articole \u0219i studii \u00een volume colective \u0219i \u00een reviste de specialitate:&nbsp;<strong>92<\/strong><\/p>\n\n\n\n<p class=\"wp-block-paragraph\"><strong>Conducator de doctorat:<\/strong><\/p>\n\n\n\n<p class=\"wp-block-paragraph\">1. Doctoranzi care au sus\u021binut teza de doctorat<br><\/p>\n\n\n\n<p class=\"wp-block-paragraph\">Ion DUMITRA\u015eCU &#8211;&nbsp;<em>Industria Aeronautic\u0103 Rom\u00e2n\u0103 Bra\u015fov (1925-1945)&nbsp;<\/em>(2008)<\/p>\n\n\n\n<p class=\"wp-block-paragraph\">Irina Maria CRISTESCU &#8211;&nbsp;<em>Tema mor\u0163ii \u00een Evul Mediu T\u00e2rziu. Mentalit\u0103\u0163i \u015fi discursuri \u00een spa\u0163iul de cultur\u0103 german\u0103&nbsp;<\/em>(2009)<\/p>\n\n\n\n<p class=\"wp-block-paragraph\">Andrei Florin SORA &#8211;&nbsp;<em>Servir l\u2019Etat roumain. Le corps pr\u00e9fectoral, 1866-1940&nbsp;<\/em>(2009)<\/p>\n\n\n\n<p class=\"wp-block-paragraph\">Angela TOADER &#8211;<em>&nbsp;Elit\u0103 politic\u0103 \u015fi putere economic\u0103 \u00een Rom\u00e2nia interbelic\u0103&nbsp;<\/em>(2010)<\/p>\n\n\n\n<p class=\"wp-block-paragraph\">Constantin Viorel MIHAI &#8211;&nbsp;<em>Dezvoltarea capitalului uman din Rom\u00e2nia \u00een procesul de aderare la Uniunea European\u0103. O perspectiv\u0103 comparativ-istoric\u0103&nbsp;<\/em>(2011)<\/p>\n\n\n\n<p class=\"wp-block-paragraph\">Viorel-Sebastian BRATOSIN &#8211;<em>&nbsp;Br\u0103ila, economie \u015fi societate (1830-1914)&nbsp;<\/em>(2011)<\/p>\n\n\n\n<p class=\"wp-block-paragraph\">Iulia-Cristina BULACU &#8211;&nbsp;<em>Alimenta\u0163ia \u00een Bucure\u015fti (1860-1916)&nbsp;<\/em>(2011)<\/p>\n\n\n\n<p class=\"wp-block-paragraph\">Drago\u015f UNGUREANU &#8211;&nbsp;<em>Economia \u0162\u0103rii Rom\u00e2ne\u015fti \u00een lumina Condicii Vistieriei lui Constantin Br\u00e2ncoveanu&nbsp;<\/em>(2012)<\/p>\n\n\n\n<p class=\"wp-block-paragraph\">Petre-Adonis MIHAI &#8211;<em>&nbsp;Economie \u015fi societate la Sighi\u015foara din epoca moderna timpurie p\u00e2n\u0103 la al doilea r\u0103zboi mondial (modernizare \u015fi rela\u0163ii interetnice)&nbsp;<\/em>(2012)<\/p>\n\n\n\n<p class=\"wp-block-paragraph\">Matei GHEBOIANU &#8211;&nbsp;<em>Presa \u00een Rom\u00e2nia post-comunist\u0103, 1989-1992&nbsp;<\/em>(2012)<\/p>\n\n\n\n<p class=\"wp-block-paragraph\">Irina-Aura-Maria PESC\u0102RA\u015eU &#8211;&nbsp;<em>Libera circula\u0163ie a persoanelor \u00een Uniunea European\u0103 dup\u0103 1985&nbsp;<\/em>(2014)<\/p>\n\n\n\n<p class=\"wp-block-paragraph\">Valentin MAIER &#8211;&nbsp;<em>Industria petrolier\u0103 rom\u00e2neasc\u0103 dup\u0103 1989&nbsp;<\/em>(2014)<\/p>\n\n\n\n<p class=\"wp-block-paragraph\">Marius Traian CAZAN &#8211;&nbsp;<em>Dinamica habitatului urban \u00een Bucure\u0219ti, 1948-1989. Construc\u021bii, dot\u0103ri, percep\u021bii&nbsp;<\/em>(2015)<\/p>\n\n\n\n<p class=\"wp-block-paragraph\">Vlad PA\u0218CA &#8211;<em>&nbsp;Cincinalul 1971-1975 \u00een Rom\u00e2nia socialist\u0103. Mecanismul decizional \u00eentre tenta\u021bii tehnocratice \u0219i primatul politicului&nbsp;<\/em>(2015)<\/p>\n\n\n\n<p class=\"wp-block-paragraph\">Bogdan-M\u0103d\u0103lin RENTEA &#8211;<em>&nbsp;Daciada. \u00centre sport \u0219i propagand\u0103&nbsp;<\/em>(2015)<\/p>\n\n\n\n<p class=\"wp-block-paragraph\">Mirela ROTARU &#8211;<em>&nbsp;Istoria Universit\u0103\u021bii din Bucure\u0219ti \u00een anii 1980&nbsp;<\/em>(2015)<\/p>\n\n\n\n<p class=\"wp-block-paragraph\">2. Doctoranzi care s-au retras sau au fost exmatricula\u021bi<\/p>\n\n\n\n<p class=\"wp-block-paragraph\">Daniela TICU (2006)<\/p>\n\n\n\n<p class=\"wp-block-paragraph\">Matei B\u0102NIC\u0102 (2015)<\/p>\n\n\n\n<p class=\"wp-block-paragraph\">3. Doctoranzi \u00een stagiu<\/p>\n\n\n\n<p class=\"wp-block-paragraph\">Mihaela Cristina UDVULEANU &#8211;<em>&nbsp;Divor\u021burile \u00een Rom\u00e2nia comunist\u0103 (1948-1989)<\/em>&nbsp;(\u00cenmatriculat 2011)<\/p>\n\n\n\n<p class=\"wp-block-paragraph\">Irina CERE\u0218 &#8211;&nbsp;<em>Rela\u021biile comerciale ale Imperiului Rus cu Principatul Moldova la finele sec. al XVIII-lea \u2013 \u00eenc. sec. al XIX-lea (1791-1812)<\/em>&nbsp;(\u00cenmatriculat 2013)<\/p>\n\n\n\n<p class=\"wp-block-paragraph\">Alexandra RADU \u2013&nbsp;<em>Politicile Statelor Unite ale Americii \u00een domeniul securit\u0103\u0163ii cibernetice, de la \u00eentemeierea Internetului p\u00e2n\u0103 la Obama<\/em>&nbsp;(\u00cenmatriculat 2013)<\/p>\n\n\n\n<p class=\"wp-block-paragraph\">Casandra \u0218ERBAN &#8211;&nbsp;<em>Bilan\u0163ul economic al Rom\u00e2niei \u00een primul r\u0103zboi mondial<\/em>&nbsp;(\u00cenmatriculat 2013)<\/p>\n\n\n\n<p class=\"wp-block-paragraph\">Bogdan V\u00c2R\u0218AN \u2013&nbsp;<em>Modernitate \u0219i modernizare. Eficien\u021ba politicilor de urbanizare \u0219i industrializare \u00een Republica Popular\u0103 Rom\u00e2n\u0103 (1948-1960)<\/em>&nbsp;(\u00cenmatriculat 2013)<\/p>\n\n\n\n<p class=\"wp-block-paragraph\">Sorin-C\u0103t\u0103lin TURTURIC\u0102 \u2013<em>&nbsp;Industria aeronautic\u0103 a Republicii Socialiste Rom\u00e2nia&nbsp;<\/em>(\u00cenmatriculat 2014)<\/p>\n\n\n\n<p class=\"wp-block-paragraph\">Yakubu Gambo JIEBREEAL \u2013&nbsp;<em>TBA<\/em>&nbsp;(\u00cenmatriculat 2014)<\/p>\n\n\n\n<p class=\"wp-block-paragraph\">Hilda Sangwa SCHWAIGER \u2013&nbsp;<em>The Usage of Public Diplomacy &amp; Smart Power Efforts by the American Embassy &amp; German Friedrich-Ebert Stiftung by means of Local Government Organizations (NGOs)<\/em>&nbsp;(\u00cenmatriculat 2014)<\/p>\n\n\n\n<p class=\"wp-block-paragraph\">Drago\u0219 BECHERU &#8211;&nbsp;<em>Rom\u00e2nia \u015fi problema petrolului. 1969-1981<\/em>&nbsp;(\u00cenmatriculat 2015)<\/p>\n\n\n\n<p class=\"wp-block-paragraph\">Beatrice Nicolle CRE\u021aU &#8211;&nbsp;<em>Misiunile de men\u021binere a p\u0103cii sub egida ONU, NATO \u0219i UE \u00een Europa \u0219i Africa (1995 \u2013 2015)<\/em>(\u00cenmatriculat 2015)<\/p>\n\n\n\n<p class=\"wp-block-paragraph\">Ionu\u021b FILIPESCU \u2013&nbsp;<em>Via\u021ba cotidian\u0103 a studen\u021bilor \u00een timpul lui Gheorghiu-Dej (1948-1958)<\/em>&nbsp;(\u00cenmatriculat 2015)<\/p>\n\n\n\n<p class=\"wp-block-paragraph\"><\/p>\n","protected":false},"excerpt":{"rendered":"<p>Email:&nbsp;bogdan.murgescu@istorie.unibuc.ro Consulta\u021bii Luni, 16:00-17:00, Sala DRIIU (410) Studii: Doctorat \u00een istorie &#8211; Universitatea din Bucure\u0219ti (1995) Licen\u021b\u0103 \u00een istorie-filozofie &#8211; Universitatea din Bucure\u0219ti (1986) Bursier Roman Herzog al Funda\u021biei \u201eAlexander von Humboldt\u201d (1998-2000) Domenii de interes: Istoria economic\u0103 \u0219i social\u0103 Istoria \u00eenv\u0103\u021b\u0103m\u00e2ntului superior \u0219i rolul s\u0103u \u00een acumularea capitalului uman Metodologia cercet\u0103rii istorice Istoria regimurilor [&hellip;]<\/p>\n","protected":false},"author":2,"featured_media":0,"parent":175,"menu_order":0,"comment_status":"closed","ping_status":"closed","template":"","meta":{"_crdt_document":"","jetpack_post_was_ever_published":false,"footnotes":""},"class_list":["post-653","page","type-page","status-publish","hentry"],"jetpack_sharing_enabled":true,"jetpack_shortlink":"https:\/\/wp.me\/PaobZd-ax","jetpack-related-posts":[],"_links":{"self":[{"href":"https:\/\/istorie.unibuc.ro\/facultate\/wp-json\/wp\/v2\/pages\/653","targetHints":{"allow":["GET"]}}],"collection":[{"href":"https:\/\/istorie.unibuc.ro\/facultate\/wp-json\/wp\/v2\/pages"}],"about":[{"href":"https:\/\/istorie.unibuc.ro\/facultate\/wp-json\/wp\/v2\/types\/page"}],"author":[{"embeddable":true,"href":"https:\/\/istorie.unibuc.ro\/facultate\/wp-json\/wp\/v2\/users\/2"}],"replies":[{"embeddable":true,"href":"https:\/\/istorie.unibuc.ro\/facultate\/wp-json\/wp\/v2\/comments?post=653"}],"version-history":[{"count":3,"href":"https:\/\/istorie.unibuc.ro\/facultate\/wp-json\/wp\/v2\/pages\/653\/revisions"}],"predecessor-version":[{"id":18142,"href":"https:\/\/istorie.unibuc.ro\/facultate\/wp-json\/wp\/v2\/pages\/653\/revisions\/18142"}],"up":[{"embeddable":true,"href":"https:\/\/istorie.unibuc.ro\/facultate\/wp-json\/wp\/v2\/pages\/175"}],"wp:attachment":[{"href":"https:\/\/istorie.unibuc.ro\/facultate\/wp-json\/wp\/v2\/media?parent=653"}],"curies":[{"name":"wp","href":"https:\/\/api.w.org\/{rel}","templated":true}]}}