{"id":642,"date":"2018-10-28T16:48:12","date_gmt":"2018-10-28T16:48:12","guid":{"rendered":"http:\/\/newhis.bucharest.university\/?page_id=642"},"modified":"2018-10-28T16:48:14","modified_gmt":"2018-10-28T16:48:14","slug":"lect-dr-cosmin-ionita","status":"publish","type":"page","link":"https:\/\/istorie.unibuc.ro\/facultate\/departamente\/istoria-romanilor-si-a-sud-estului-european\/lect-dr-cosmin-ionita\/","title":{"rendered":"Lect. Dr. Cosmin Ionita"},"content":{"rendered":"\n<div class=\"wp-block-image\"><figure class=\"alignright is-resized\"><img data-recalc-dims=\"1\" loading=\"lazy\" decoding=\"async\" data-attachment-id=\"643\" data-permalink=\"https:\/\/istorie.unibuc.ro\/facultate\/departamente\/istoria-romanilor-si-a-sud-estului-european\/lect-dr-cosmin-ionita\/cosmin\/\" data-orig-file=\"https:\/\/i0.wp.com\/istorie.unibuc.ro\/wp-content\/uploads\/2018\/10\/cosmin.jpg?fit=1846%2C2142&amp;ssl=1\" data-orig-size=\"1846,2142\" data-comments-opened=\"0\" data-image-meta=\"{&quot;aperture&quot;:&quot;0&quot;,&quot;credit&quot;:&quot;&quot;,&quot;camera&quot;:&quot;&quot;,&quot;caption&quot;:&quot;&quot;,&quot;created_timestamp&quot;:&quot;0&quot;,&quot;copyright&quot;:&quot;&quot;,&quot;focal_length&quot;:&quot;0&quot;,&quot;iso&quot;:&quot;0&quot;,&quot;shutter_speed&quot;:&quot;0&quot;,&quot;title&quot;:&quot;&quot;,&quot;orientation&quot;:&quot;0&quot;}\" data-image-title=\"cosmin\" data-image-description=\"\" data-image-caption=\"\" data-large-file=\"https:\/\/i0.wp.com\/istorie.unibuc.ro\/wp-content\/uploads\/2018\/10\/cosmin.jpg?fit=771%2C895&amp;ssl=1\" src=\"https:\/\/i0.wp.com\/newhis.bucharest.university\/wp-content\/uploads\/2018\/10\/cosmin.jpg?resize=185%2C214\" alt=\"\" class=\"wp-image-643\" width=\"185\" height=\"214\" srcset=\"https:\/\/i0.wp.com\/istorie.unibuc.ro\/wp-content\/uploads\/2018\/10\/cosmin.jpg?w=1846&amp;ssl=1 1846w, https:\/\/i0.wp.com\/istorie.unibuc.ro\/wp-content\/uploads\/2018\/10\/cosmin.jpg?resize=259%2C300&amp;ssl=1 259w, https:\/\/i0.wp.com\/istorie.unibuc.ro\/wp-content\/uploads\/2018\/10\/cosmin.jpg?resize=768%2C891&amp;ssl=1 768w, https:\/\/i0.wp.com\/istorie.unibuc.ro\/wp-content\/uploads\/2018\/10\/cosmin.jpg?resize=882%2C1024&amp;ssl=1 882w, https:\/\/i0.wp.com\/istorie.unibuc.ro\/wp-content\/uploads\/2018\/10\/cosmin.jpg?w=1542&amp;ssl=1 1542w\" sizes=\"auto, (max-width: 185px) 100vw, 185px\" \/><\/figure><\/div>\n\n\n\n<p class=\"wp-block-paragraph\">E-mail&nbsp;<a href=\"mailto:cosmin.ionitza@yahoo.com\">cosmin.ionitza@yahoo.com<\/a><\/p>\n\n\n\n<p class=\"wp-block-paragraph\"><strong>Studii:<\/strong><\/p>\n\n\n\n<p class=\"wp-block-paragraph\">Doctorat &#8211; Facultatea de Istorie a Universit\u0103\u021bi din Bucure\u0219ti (2015)<\/p>\n\n\n\n<p class=\"wp-block-paragraph\">Licen\u021ba &#8211; Facultatea de Istorie a Universit\u0103\u021bi din Bucure\u0219ti (2009)<\/p>\n\n\n\n<p class=\"wp-block-paragraph\"><strong>Domenii de interes:<\/strong><\/p>\n\n\n\n<p class=\"wp-block-paragraph\">Istoria Modern\u0103 a Rom\u00e2nilor<\/p>\n\n\n\n<p class=\"wp-block-paragraph\">Primul R\u0103zboi Mondial<\/p>\n\n\n\n<p class=\"wp-block-paragraph\">Rela\u021bii Rom\u00e2no-Ruse sec. XIX-XX<\/p>\n\n\n\n<p class=\"wp-block-paragraph\">Istorie Militar\u0103 \u00een Epoca Modern\u0103<\/p>\n\n\n\n<p class=\"wp-block-paragraph\">Politica Marilor Puteri \u00een Sud-Estul Europei<\/p>\n\n\n\n<p class=\"wp-block-paragraph\"><strong>Cursuri sus\u021binute la facultate:<\/strong><\/p>\n\n\n\n<p class=\"wp-block-paragraph\">Seminar general Istorie Modern\u0103: Cultur\u0103 \u0219i societate \u00een Rom\u00e2nia modern\u0103<\/p>\n\n\n\n<p class=\"wp-block-paragraph\">Seminar surse istorie modern\u0103<\/p>\n\n\n\n<p class=\"wp-block-paragraph\">Seminar master: Strategii militare \u00een epoca modern\u0103<\/p>\n\n\n\n<p class=\"wp-block-paragraph\">Seminar master: Rom\u00e2nia \u00een Primul r\u0103zboi Mondial<\/p>\n\n\n\n<p class=\"wp-block-paragraph\">Seminar paleografie chirilic\u0103<\/p>\n\n\n\n<p class=\"wp-block-paragraph\">Seminar general \u0218tiin\u021be Auxiliare<\/p>\n\n\n\n<p class=\"wp-block-paragraph\">Seminar metodologic&nbsp;<br><\/p>\n\n\n\n<p class=\"wp-block-paragraph\">Comunicare Academic\u0103<\/p>\n\n\n\n<p class=\"wp-block-paragraph\"><strong>Lista selectiv\u0103 de publica\u021bii:<\/strong><\/p>\n\n\n\n<p class=\"wp-block-paragraph\"><em>The diplomacy of neutralization. Russo-Romanian relations in July crisis 1914&nbsp;<\/em>in RUDI\u0106, Srdjan, MILKI\u0106, Miljan (eds.),&nbsp;<em>Prvi Svetski Rat, Srbija, Balkan i Velike Sile\/ The First World&nbsp;<\/em><em>War, Serbia, the Balkans and Great Powers<\/em>, Belgrade, Institute of History\/ Strategic Research Institute, 2015, pp. 109-124<\/p>\n\n\n\n<p class=\"wp-block-paragraph\"><em>Imperial Russia and the Balkans at the edge of the Great War. The Eastern Gambit<\/em>, in GjORGIEV, Dragi et al.,&nbsp;<em>Balkanot: Lugje, Vonji i Mir: Materijali of megjunarodnata nauchna konferentsija po povod 65 godini od osnovanjeto na Institut za natsionalna istorija<\/em>, Skopje, Institut za natsionalna istorija, 2015, pp. 489-503<\/p>\n\n\n\n<p class=\"wp-block-paragraph\"><em>Iulie 1914. Chestiunea resposabilit\u0103\u021bii \u00een istoriografie<\/em>, \u00een \u201eStudii \u0219i articole de istorie\u201d, tom LXXXI, 2014, pp. 114-128<\/p>\n\n\n\n<p class=\"wp-block-paragraph\"><\/p>\n","protected":false},"excerpt":{"rendered":"<p>E-mail&nbsp;cosmin.ionitza@yahoo.com Studii: Doctorat &#8211; Facultatea de Istorie a Universit\u0103\u021bi din Bucure\u0219ti (2015) Licen\u021ba &#8211; Facultatea de Istorie a Universit\u0103\u021bi din Bucure\u0219ti (2009) Domenii de interes: Istoria Modern\u0103 a Rom\u00e2nilor Primul R\u0103zboi Mondial Rela\u021bii Rom\u00e2no-Ruse sec. XIX-XX Istorie Militar\u0103 \u00een Epoca Modern\u0103 Politica Marilor Puteri \u00een Sud-Estul Europei Cursuri sus\u021binute la facultate: Seminar general Istorie Modern\u0103: [&hellip;]<\/p>\n","protected":false},"author":2,"featured_media":0,"parent":171,"menu_order":0,"comment_status":"closed","ping_status":"closed","template":"","meta":{"_crdt_document":"","jetpack_post_was_ever_published":false,"footnotes":""},"class_list":["post-642","page","type-page","status-publish","hentry"],"jetpack_sharing_enabled":true,"jetpack_shortlink":"https:\/\/wp.me\/PaobZd-am","jetpack-related-posts":[],"_links":{"self":[{"href":"https:\/\/istorie.unibuc.ro\/facultate\/wp-json\/wp\/v2\/pages\/642","targetHints":{"allow":["GET"]}}],"collection":[{"href":"https:\/\/istorie.unibuc.ro\/facultate\/wp-json\/wp\/v2\/pages"}],"about":[{"href":"https:\/\/istorie.unibuc.ro\/facultate\/wp-json\/wp\/v2\/types\/page"}],"author":[{"embeddable":true,"href":"https:\/\/istorie.unibuc.ro\/facultate\/wp-json\/wp\/v2\/users\/2"}],"replies":[{"embeddable":true,"href":"https:\/\/istorie.unibuc.ro\/facultate\/wp-json\/wp\/v2\/comments?post=642"}],"version-history":[{"count":1,"href":"https:\/\/istorie.unibuc.ro\/facultate\/wp-json\/wp\/v2\/pages\/642\/revisions"}],"predecessor-version":[{"id":644,"href":"https:\/\/istorie.unibuc.ro\/facultate\/wp-json\/wp\/v2\/pages\/642\/revisions\/644"}],"up":[{"embeddable":true,"href":"https:\/\/istorie.unibuc.ro\/facultate\/wp-json\/wp\/v2\/pages\/171"}],"wp:attachment":[{"href":"https:\/\/istorie.unibuc.ro\/facultate\/wp-json\/wp\/v2\/media?parent=642"}],"curies":[{"name":"wp","href":"https:\/\/api.w.org\/{rel}","templated":true}]}}

<div class="wp-block-image"><figure class="alignright is-resized"><img data-recalc-dims="1" loading="lazy" decoding="async" data-attachment-id="643" data-permalink="https://istorie.unibuc.ro/facultate/departamente/istoria-romanilor-si-a-sud-estului-european/lect-dr-cosmin-ionita/cosmin/" data-orig-file="https://i0.wp.com/istorie.unibuc.ro/wp-content/uploads/2018/10/cosmin.jpg?fit=1846%2C2142&amp;ssl=1" data-orig-size="1846,2142" data-comments-opened="0" data-image-meta="{&quot;aperture&quot;:&quot;0&quot;,&quot;credit&quot;:&quot;&quot;,&quot;camera&quot;:&quot;&quot;,&quot;caption&quot;:&quot;&quot;,&quot;created_timestamp&quot;:&quot;0&quot;,&quot;copyright&quot;:&quot;&quot;,&quot;focal_length&quot;:&quot;0&quot;,&quot;iso&quot;:&quot;0&quot;,&quot;shutter_speed&quot;:&quot;0&quot;,&quot;title&quot;:&quot;&quot;,&quot;orientation&quot;:&quot;0&quot;}" data-image-title="cosmin" data-image-description="" data-image-caption="" data-large-file="https://i0.wp.com/istorie.unibuc.ro/wp-content/uploads/2018/10/cosmin.jpg?fit=771%2C895&amp;ssl=1" src="https://i0.wp.com/newhis.bucharest.university/wp-content/uploads/2018/10/cosmin.jpg?resize=185%2C214" alt="" class="wp-image-643" width="185" height="214" srcset="https://i0.wp.com/istorie.unibuc.ro/wp-content/uploads/2018/10/cosmin.jpg?w=1846&amp;ssl=1 1846w, https://i0.wp.com/istorie.unibuc.ro/wp-content/uploads/2018/10/cosmin.jpg?resize=259%2C300&amp;ssl=1 259w, https://i0.wp.com/istorie.unibuc.ro/wp-content/uploads/2018/10/cosmin.jpg?resize=768%2C891&amp;ssl=1 768w, https://i0.wp.com/istorie.unibuc.ro/wp-content/uploads/2018/10/cosmin.jpg?resize=882%2C1024&amp;ssl=1 882w, https://i0.wp.com/istorie.unibuc.ro/wp-content/uploads/2018/10/cosmin.jpg?w=1542&amp;ssl=1 1542w" sizes="auto, (max-width: 185px) 100vw, 185px" /></figure></div>



<p class="wp-block-paragraph">E-mail&nbsp;<a href="mailto:cosmin.ionitza@yahoo.com">cosmin.ionitza@yahoo.com</a></p>



<p class="wp-block-paragraph"><strong>Studii:</strong></p>



<p class="wp-block-paragraph">Doctorat &#8211; Facultatea de Istorie a Universități din București (2015)</p>



<p class="wp-block-paragraph">Licența &#8211; Facultatea de Istorie a Universități din București (2009)</p>



<p class="wp-block-paragraph"><strong>Domenii de interes:</strong></p>



<p class="wp-block-paragraph">Istoria Modernă a Românilor</p>



<p class="wp-block-paragraph">Primul Război Mondial</p>



<p class="wp-block-paragraph">Relații Româno-Ruse sec. XIX-XX</p>



<p class="wp-block-paragraph">Istorie Militară în Epoca Modernă</p>



<p class="wp-block-paragraph">Politica Marilor Puteri în Sud-Estul Europei</p>



<p class="wp-block-paragraph"><strong>Cursuri susținute la facultate:</strong></p>



<p class="wp-block-paragraph">Seminar general Istorie Modernă: Cultură și societate în România modernă</p>



<p class="wp-block-paragraph">Seminar surse istorie modernă</p>



<p class="wp-block-paragraph">Seminar master: Strategii militare în epoca modernă</p>



<p class="wp-block-paragraph">Seminar master: România în Primul război Mondial</p>



<p class="wp-block-paragraph">Seminar paleografie chirilică</p>



<p class="wp-block-paragraph">Seminar general Științe Auxiliare</p>



<p class="wp-block-paragraph">Seminar metodologic&nbsp;<br></p>



<p class="wp-block-paragraph">Comunicare Academică</p>



<p class="wp-block-paragraph"><strong>Lista selectivă de publicații:</strong></p>



<p class="wp-block-paragraph"><em>The diplomacy of neutralization. Russo-Romanian relations in July crisis 1914&nbsp;</em>in RUDIĆ, Srdjan, MILKIĆ, Miljan (eds.),&nbsp;<em>Prvi Svetski Rat, Srbija, Balkan i Velike Sile/ The First World&nbsp;</em><em>War, Serbia, the Balkans and Great Powers</em>, Belgrade, Institute of History/ Strategic Research Institute, 2015, pp. 109-124</p>



<p class="wp-block-paragraph"><em>Imperial Russia and the Balkans at the edge of the Great War. The Eastern Gambit</em>, in GjORGIEV, Dragi et al.,&nbsp;<em>Balkanot: Lugje, Vonji i Mir: Materijali of megjunarodnata nauchna konferentsija po povod 65 godini od osnovanjeto na Institut za natsionalna istorija</em>, Skopje, Institut za natsionalna istorija, 2015, pp. 489-503</p>



<p class="wp-block-paragraph"><em>Iulie 1914. Chestiunea resposabilității în istoriografie</em>, în „Studii și articole de istorie”, tom LXXXI, 2014, pp. 114-128</p>



<p class="wp-block-paragraph"></p>

<p>E-mail&nbsp;cosmin.ionitza@yahoo.com Studii: Doctorat &#8211; Facultatea de Istorie a Universități din București (2015) Licența &#8211; Facultatea de Istorie a Universități din București (2009) Domenii de interes: Istoria Modernă a Românilor Primul Război Mondial Relații Româno-Ruse sec. XIX-XX Istorie Militară în Epoca Modernă Politica Marilor Puteri în Sud-Estul Europei Cursuri susținute la facultate: Seminar general Istorie Modernă: [&hellip;]</p>
