{"id":639,"date":"2018-10-28T16:46:51","date_gmt":"2018-10-28T16:46:51","guid":{"rendered":"http:\/\/newhis.bucharest.university\/?page_id=639"},"modified":"2018-10-28T16:46:53","modified_gmt":"2018-10-28T16:46:53","slug":"lect-univ-dr-radu-nedici","status":"publish","type":"page","link":"https:\/\/istorie.unibuc.ro\/facultate\/departamente\/istoria-romanilor-si-a-sud-estului-european\/lect-univ-dr-radu-nedici\/","title":{"rendered":"Lect. Univ. Dr. Radu Nedici"},"content":{"rendered":"\n<div class=\"wp-block-image\"><figure class=\"alignright is-resized\"><img data-recalc-dims=\"1\" loading=\"lazy\" decoding=\"async\" data-attachment-id=\"640\" data-permalink=\"https:\/\/istorie.unibuc.ro\/facultate\/departamente\/istoria-romanilor-si-a-sud-estului-european\/lect-univ-dr-radu-nedici\/radu_nedici-ed-x\/\" data-orig-file=\"https:\/\/i0.wp.com\/istorie.unibuc.ro\/wp-content\/uploads\/2018\/10\/Radu_Nedici-ed-x.jpg?fit=317%2C400&amp;ssl=1\" data-orig-size=\"317,400\" data-comments-opened=\"0\" data-image-meta=\"{&quot;aperture&quot;:&quot;2.8&quot;,&quot;credit&quot;:&quot;Radu Nedici&quot;,&quot;camera&quot;:&quot;Canon EOS 70D&quot;,&quot;caption&quot;:&quot;&quot;,&quot;created_timestamp&quot;:&quot;1450347749&quot;,&quot;copyright&quot;:&quot;(c) 2015&quot;,&quot;focal_length&quot;:&quot;35&quot;,&quot;iso&quot;:&quot;200&quot;,&quot;shutter_speed&quot;:&quot;0.01&quot;,&quot;title&quot;:&quot;&quot;,&quot;orientation&quot;:&quot;1&quot;}\" data-image-title=\"Radu_Nedici-ed-x\" data-image-description=\"\" data-image-caption=\"\" data-large-file=\"https:\/\/i0.wp.com\/istorie.unibuc.ro\/wp-content\/uploads\/2018\/10\/Radu_Nedici-ed-x.jpg?fit=317%2C400&amp;ssl=1\" src=\"https:\/\/i0.wp.com\/newhis.bucharest.university\/wp-content\/uploads\/2018\/10\/Radu_Nedici-ed-x.jpg?resize=181%2C228\" alt=\"\" class=\"wp-image-640\" width=\"181\" height=\"228\" srcset=\"https:\/\/i0.wp.com\/istorie.unibuc.ro\/wp-content\/uploads\/2018\/10\/Radu_Nedici-ed-x.jpg?w=317&amp;ssl=1 317w, https:\/\/i0.wp.com\/istorie.unibuc.ro\/wp-content\/uploads\/2018\/10\/Radu_Nedici-ed-x.jpg?resize=238%2C300&amp;ssl=1 238w\" sizes=\"auto, (max-width: 181px) 100vw, 181px\" \/><\/figure><\/div>\n\n\n\n<p class=\"wp-block-paragraph\">E-mail:&nbsp;<a href=\"mailto:mailto:radu_nedici@yahoo.co.uk\">radu_nedici@yahoo.co.uk<\/a><\/p>\n\n\n\n<p class=\"wp-block-paragraph\"><strong>Studii:<\/strong><\/p>\n\n\n\n<p class=\"wp-block-paragraph\">Doctorat \u00een Istorie &#8211; Universitatea din Bucure\u0219ti (2012)<\/p>\n\n\n\n<p class=\"wp-block-paragraph\">Burse de cercetare la Roma (2006, 2008-2009)<\/p>\n\n\n\n<p class=\"wp-block-paragraph\">Bursa de cercetare la Budapesta (2013-2014)<\/p>\n\n\n\n<p class=\"wp-block-paragraph\"><strong>Domenii de interes:<\/strong><\/p>\n\n\n\n<p class=\"wp-block-paragraph\">Biserici \u0219i formare confesional\u0103 \u00een Europa premodern\u0103<\/p>\n\n\n\n<p class=\"wp-block-paragraph\">Identit\u0103\u021bi colective \u00eentre evul mediu \u0219i modernitate<\/p>\n\n\n\n<p class=\"wp-block-paragraph\">Construirea institu\u021bional\u0103 a statului \u00een modernitatea timpurie<\/p>\n\n\n\n<p class=\"wp-block-paragraph\">Politizarea categoriilor subordonate \u00een societ\u0103\u021bile Vechiului Regim<\/p>\n\n\n\n<p class=\"wp-block-paragraph\"><strong>Cursuri sus\u021binute la Facultatea de Istorie:<\/strong><br><\/p>\n\n\n\n<p class=\"wp-block-paragraph\">Rela\u021biile interna\u021bionale ale \u021a\u0103rilor Rom\u00e2ne, sec. XIV-XVI<\/p>\n\n\n\n<p class=\"wp-block-paragraph\">De la r\u0103zboiul din familie la marele r\u0103zboi. \u021a\u0103rile Rom\u00e2ne din sec XVII p\u00e2n\u0103 la \u00eenceputul sec. XIX<\/p>\n\n\n\n<p class=\"wp-block-paragraph\">Strategii, discurs \u0219i practici identitare \u00een Europa premodern\u0103. O introducere \u00een studiul identit\u0103\u021bilor religioase, politice \u0219i de gen<\/p>\n\n\n\n<p class=\"wp-block-paragraph\">Istoria c\u0103r\u021bii \u0219i a tiparului<\/p>\n\n\n\n<p class=\"wp-block-paragraph\"><strong>List\u01ce selectiv\u01ce de publica\u021bii:<\/strong><br><\/p>\n\n\n\n<p class=\"wp-block-paragraph\">Formarea identit\u0103\u021bii confesionale greco-catolice \u00een Transilvania veacului al XVIII-lea: Biseric\u0103 \u0219i comunitate, Bucure\u0219ti, Ed. Universit\u0103\u021bii din Bucure\u0219ti, 2013, 492 pp.<\/p>\n\n\n\n<p class=\"wp-block-paragraph\">\u201eOralitate \u0219i tipar: literatura catehetic\u0103 greco-catolic\u0103 din Transilvania la mijlocul secolului al XVIII-lea\u201d, \u00een Cristina Bogdan, Alexandru Ofrim (coord.), Pentru o istorie cultural\u0103 a c\u0103r\u021bii \u0219i a practicilor de lectur\u0103, Bucure\u0219ti, Ed. Universit\u0103\u021bii din Bucure\u0219ti, 2015, pp. 125-139.<\/p>\n\n\n\n<p class=\"wp-block-paragraph\">\u201eRebuilding a sacred landscape: Churches and founders in the Greek Catholic diocese of Oradea (c. 1775-1785)\u201d, \u00een Annales Universitatis Apulensis. Series Historica, 18\/I, 2014, pp. 267-283.<\/p>\n\n\n\n<p class=\"wp-block-paragraph\">\u201eO inten\u021bie am\u00e2nat\u0103: crearea ierarhiei greco-catolice independente la Oradea \u00een anii 1758-1759\u201d, \u00een Revista Istoric\u0103, 24, 5-6, 2013, pp. 461-477.<\/p>\n\n\n\n<p class=\"wp-block-paragraph\">\u201eReligious violence, political dialogue, and the public: the Orthodox riots in eighteenth-century Transylvania\u201d, \u00een Daniel Dumitran, Valer Moga (coord.), Economy and society in Central and Eastern Europe: territory, population, consumption, Berlin\/M\u00fcnster, LIT Verlag, 2013, pp. 87-100.<\/p>\n\n\n\n<p class=\"wp-block-paragraph\">\u201eCredin\u021ba episcopului Ioan Inocen\u021biu Klein\u201d, \u00een Anuarul Institutului de Istorie \u00abGeorge Bari\u021biu\u00bb din Cluj-Napoca, LII, 2013, Supliment, pp. 139-158.<\/p>\n\n\n\n<p class=\"wp-block-paragraph\"><\/p>\n","protected":false},"excerpt":{"rendered":"<p>E-mail:&nbsp;radu_nedici@yahoo.co.uk Studii: Doctorat \u00een Istorie &#8211; Universitatea din Bucure\u0219ti (2012) Burse de cercetare la Roma (2006, 2008-2009) Bursa de cercetare la Budapesta (2013-2014) Domenii de interes: Biserici \u0219i formare confesional\u0103 \u00een Europa premodern\u0103 Identit\u0103\u021bi colective \u00eentre evul mediu \u0219i modernitate Construirea institu\u021bional\u0103 a statului \u00een modernitatea timpurie Politizarea categoriilor subordonate \u00een societ\u0103\u021bile Vechiului Regim Cursuri [&hellip;]<\/p>\n","protected":false},"author":2,"featured_media":0,"parent":171,"menu_order":0,"comment_status":"closed","ping_status":"closed","template":"","meta":{"_crdt_document":"","jetpack_post_was_ever_published":false,"footnotes":""},"class_list":["post-639","page","type-page","status-publish","hentry"],"jetpack_sharing_enabled":true,"jetpack_shortlink":"https:\/\/wp.me\/PaobZd-aj","jetpack-related-posts":[],"_links":{"self":[{"href":"https:\/\/istorie.unibuc.ro\/facultate\/wp-json\/wp\/v2\/pages\/639","targetHints":{"allow":["GET"]}}],"collection":[{"href":"https:\/\/istorie.unibuc.ro\/facultate\/wp-json\/wp\/v2\/pages"}],"about":[{"href":"https:\/\/istorie.unibuc.ro\/facultate\/wp-json\/wp\/v2\/types\/page"}],"author":[{"embeddable":true,"href":"https:\/\/istorie.unibuc.ro\/facultate\/wp-json\/wp\/v2\/users\/2"}],"replies":[{"embeddable":true,"href":"https:\/\/istorie.unibuc.ro\/facultate\/wp-json\/wp\/v2\/comments?post=639"}],"version-history":[{"count":1,"href":"https:\/\/istorie.unibuc.ro\/facultate\/wp-json\/wp\/v2\/pages\/639\/revisions"}],"predecessor-version":[{"id":641,"href":"https:\/\/istorie.unibuc.ro\/facultate\/wp-json\/wp\/v2\/pages\/639\/revisions\/641"}],"up":[{"embeddable":true,"href":"https:\/\/istorie.unibuc.ro\/facultate\/wp-json\/wp\/v2\/pages\/171"}],"wp:attachment":[{"href":"https:\/\/istorie.unibuc.ro\/facultate\/wp-json\/wp\/v2\/media?parent=639"}],"curies":[{"name":"wp","href":"https:\/\/api.w.org\/{rel}","templated":true}]}}

<div class="wp-block-image"><figure class="alignright is-resized"><img data-recalc-dims="1" loading="lazy" decoding="async" data-attachment-id="640" data-permalink="https://istorie.unibuc.ro/facultate/departamente/istoria-romanilor-si-a-sud-estului-european/lect-univ-dr-radu-nedici/radu_nedici-ed-x/" data-orig-file="https://i0.wp.com/istorie.unibuc.ro/wp-content/uploads/2018/10/Radu_Nedici-ed-x.jpg?fit=317%2C400&amp;ssl=1" data-orig-size="317,400" data-comments-opened="0" data-image-meta="{&quot;aperture&quot;:&quot;2.8&quot;,&quot;credit&quot;:&quot;Radu Nedici&quot;,&quot;camera&quot;:&quot;Canon EOS 70D&quot;,&quot;caption&quot;:&quot;&quot;,&quot;created_timestamp&quot;:&quot;1450347749&quot;,&quot;copyright&quot;:&quot;(c) 2015&quot;,&quot;focal_length&quot;:&quot;35&quot;,&quot;iso&quot;:&quot;200&quot;,&quot;shutter_speed&quot;:&quot;0.01&quot;,&quot;title&quot;:&quot;&quot;,&quot;orientation&quot;:&quot;1&quot;}" data-image-title="Radu_Nedici-ed-x" data-image-description="" data-image-caption="" data-large-file="https://i0.wp.com/istorie.unibuc.ro/wp-content/uploads/2018/10/Radu_Nedici-ed-x.jpg?fit=317%2C400&amp;ssl=1" src="https://i0.wp.com/newhis.bucharest.university/wp-content/uploads/2018/10/Radu_Nedici-ed-x.jpg?resize=181%2C228" alt="" class="wp-image-640" width="181" height="228" srcset="https://i0.wp.com/istorie.unibuc.ro/wp-content/uploads/2018/10/Radu_Nedici-ed-x.jpg?w=317&amp;ssl=1 317w, https://i0.wp.com/istorie.unibuc.ro/wp-content/uploads/2018/10/Radu_Nedici-ed-x.jpg?resize=238%2C300&amp;ssl=1 238w" sizes="auto, (max-width: 181px) 100vw, 181px" /></figure></div>



<p class="wp-block-paragraph">E-mail:&nbsp;<a href="mailto:mailto:radu_nedici@yahoo.co.uk">radu_nedici@yahoo.co.uk</a></p>



<p class="wp-block-paragraph"><strong>Studii:</strong></p>



<p class="wp-block-paragraph">Doctorat în Istorie &#8211; Universitatea din București (2012)</p>



<p class="wp-block-paragraph">Burse de cercetare la Roma (2006, 2008-2009)</p>



<p class="wp-block-paragraph">Bursa de cercetare la Budapesta (2013-2014)</p>



<p class="wp-block-paragraph"><strong>Domenii de interes:</strong></p>



<p class="wp-block-paragraph">Biserici și formare confesională în Europa premodernă</p>



<p class="wp-block-paragraph">Identități colective între evul mediu și modernitate</p>



<p class="wp-block-paragraph">Construirea instituțională a statului în modernitatea timpurie</p>



<p class="wp-block-paragraph">Politizarea categoriilor subordonate în societățile Vechiului Regim</p>



<p class="wp-block-paragraph"><strong>Cursuri susținute la Facultatea de Istorie:</strong><br></p>



<p class="wp-block-paragraph">Relațiile internaționale ale Țărilor Române, sec. XIV-XVI</p>



<p class="wp-block-paragraph">De la războiul din familie la marele război. Țările Române din sec XVII până la începutul sec. XIX</p>



<p class="wp-block-paragraph">Strategii, discurs și practici identitare în Europa premodernă. O introducere în studiul identităților religioase, politice și de gen</p>



<p class="wp-block-paragraph">Istoria cărții și a tiparului</p>



<p class="wp-block-paragraph"><strong>Listǎ selectivǎ de publicații:</strong><br></p>



<p class="wp-block-paragraph">Formarea identității confesionale greco-catolice în Transilvania veacului al XVIII-lea: Biserică și comunitate, București, Ed. Universității din București, 2013, 492 pp.</p>



<p class="wp-block-paragraph">„Oralitate și tipar: literatura catehetică greco-catolică din Transilvania la mijlocul secolului al XVIII-lea”, în Cristina Bogdan, Alexandru Ofrim (coord.), Pentru o istorie culturală a cărții și a practicilor de lectură, București, Ed. Universității din București, 2015, pp. 125-139.</p>



<p class="wp-block-paragraph">„Rebuilding a sacred landscape: Churches and founders in the Greek Catholic diocese of Oradea (c. 1775-1785)”, în Annales Universitatis Apulensis. Series Historica, 18/I, 2014, pp. 267-283.</p>



<p class="wp-block-paragraph">„O intenție amânată: crearea ierarhiei greco-catolice independente la Oradea în anii 1758-1759”, în Revista Istorică, 24, 5-6, 2013, pp. 461-477.</p>



<p class="wp-block-paragraph">„Religious violence, political dialogue, and the public: the Orthodox riots in eighteenth-century Transylvania”, în Daniel Dumitran, Valer Moga (coord.), Economy and society in Central and Eastern Europe: territory, population, consumption, Berlin/Münster, LIT Verlag, 2013, pp. 87-100.</p>



<p class="wp-block-paragraph">„Credința episcopului Ioan Inocențiu Klein”, în Anuarul Institutului de Istorie «George Barițiu» din Cluj-Napoca, LII, 2013, Supliment, pp. 139-158.</p>



<p class="wp-block-paragraph"></p>

<p>E-mail:&nbsp;radu_nedici@yahoo.co.uk Studii: Doctorat în Istorie &#8211; Universitatea din București (2012) Burse de cercetare la Roma (2006, 2008-2009) Bursa de cercetare la Budapesta (2013-2014) Domenii de interes: Biserici și formare confesională în Europa premodernă Identități colective între evul mediu și modernitate Construirea instituțională a statului în modernitatea timpurie Politizarea categoriilor subordonate în societățile Vechiului Regim Cursuri [&hellip;]</p>
