{"id":625,"date":"2018-10-28T16:40:45","date_gmt":"2018-10-28T16:40:45","guid":{"rendered":"http:\/\/newhis.bucharest.university\/?page_id=625"},"modified":"2019-02-22T08:23:50","modified_gmt":"2019-02-22T08:23:50","slug":"conf-univ-ion-bucur","status":"publish","type":"page","link":"https:\/\/istorie.unibuc.ro\/facultate\/departamente\/istoria-romanilor-si-a-sud-estului-european\/conf-univ-ion-bucur\/","title":{"rendered":"Conf. univ. Ion Bucur"},"content":{"rendered":"\n<p class=\"wp-block-paragraph\"><strong>Studii:<\/strong><\/p>\n\n\n\n<p class=\"wp-block-paragraph\">Doctorat, Univesitatea din Bucure\u0219ti, Facultatea de Istorie (2005)<\/p>\n\n\n\n<p class=\"wp-block-paragraph\">Licen\u021ba, Universitatea din Bucure\u0219ti, Facultaea de Istorie. (1987)<\/p>\n\n\n\n<p class=\"wp-block-paragraph\"><strong>Domenii de interes<\/strong><\/p>\n\n\n\n<ul class=\"wp-block-list\"><li>istoria secolului XX<\/li><li>via\u021b\u0103 cotidian\u0103<\/li><\/ul>\n\n\n\n<p class=\"wp-block-paragraph\"><strong>Cursuri sus\u021binute la facultate<\/strong><\/p>\n\n\n\n<p class=\"wp-block-paragraph\">Rom\u00e2nia \u00een rela\u0163iile interna\u0163ionale postbelice &#8211; modul<\/p>\n\n\n\n<p class=\"wp-block-paragraph\">Mi\u015fcarea comunist\u0103 interna\u0163ional\u0103 \u015fi lupta pentru putere \u00een partidele comuniste din Blocul Sovietic \u2013 Curs \u0219i seminar special<\/p>\n\n\n\n<p class=\"wp-block-paragraph\">Via\u0163a cotidian\u0103 \u00een perioada interbelic\u0103 \u2013 Curs optional<\/p>\n\n\n\n<p class=\"wp-block-paragraph\">Lupta pentru putere \u00een P.C.R. \u2013 Curs special<\/p>\n\n\n\n<p class=\"wp-block-paragraph\">Istoria comunismului \u00een Rom\u00e2nia<\/p>\n\n\n\n<p class=\"wp-block-paragraph\"><strong>Lista selectiv\u0103 de publica\u021bii<\/strong><\/p>\n\n\n\n<p class=\"wp-block-paragraph\"><strong>Car\u021bi<\/strong><\/p>\n\n\n\n<p class=\"wp-block-paragraph\"><em>Totalitarismul de dreapta \u00een Rom\u00e2nia. Origini, manifest\u0103ri, evolu\u0163ie (1919-1927, <\/em>,<em>Documente,<\/em> Bucure\u015fti, Autori. Ioan Scurtu, Cristian Troncot\u0103, Natalia Tampa, Drago\u015f Zamfirescu, Ion Bucur, Bucure\u015fti, INST, 1996<\/p>\n\n\n\n<p class=\"wp-block-paragraph\"><em>Ideologie \u015fi forma\u0163iuni de dreapta \u00een Rom\u00e2nia: 1927-1931. Culegere de documente<\/em>, vol. II, Bucure\u015fti, INST, 2000. (coautor\/colaborator)<\/p>\n\n\n\n<p class=\"wp-block-paragraph\"><em>Istoria Rom\u00e2niei \u00een texte<\/em>, Selec\u0163ia \u015fi comentariul textelor au fost realizate de Bogdan Murgescu (coord), Al. Barnea, I. Bucur, Simion C\u00e2l\u0163ia, Ioan C\u00e2rjan, Adrian Cioroianu, Alin Ciupal\u0103, Antal Lukacs, Ecaterina Lung, Mirela-Lumini\u0163a Murgescu, C. Petolescu, Bogdan Popovici, Florin \u0162urcanu, Bucure\u015fti, Editura Corint, 2001<\/p>\n\n\n\n<p class=\"wp-block-paragraph\"><em>Curtea de Conturi a Rom\u00e2niei, 1864-2004.Culegere de documente<\/em>, \u00een colaborare cu Bogdan Murgescu, Mirela-Lumini\u0163a Murgescu, Andrei Florin Sora, Bucure\u015fti, 2004,480p <\/p>\n\n\n\n<p class=\"wp-block-paragraph\"><em>Revolu\u0163ia Rom\u00e2n\u0103 din Decembrie 1989 \u00een Bucure\u015fti (21 decembrie 1989-8 februarie 1990),<\/em> Autori Mihail Andreescu, Ion Bucur, Cluj Napoca, Editura Mega, 2009<\/p>\n\n\n\n<p class=\"wp-block-paragraph\"><em>Revolu\u0163ia Rom\u00e2n\u0103 din Decembrie 1989<\/em>; Locuri, Date, Fapte. Mic Dic\u0163ionar, Cluj Napoca, Editura Mega, 2009. (cooautor\/colaborator)<\/p>\n\n\n\n<p class=\"wp-block-paragraph\"><em>Lupta pentru putere. Instaurarea regimului comunist \u00een Rom\u00e2nia (1944-1947),<\/em> Bucure\u015fti, Editura Universit\u0103\u0163ii, 2010<em> <\/em>(autor)<\/p>\n\n\n\n<p class=\"wp-block-paragraph\"><em>Dic\u0163ionar General al Revolu\u0163iei Rom\u00e2ne din Decembrie 1989<\/em>, Bucure\u015fti, Editura Militar\u0103, 2010. (cooautor\/colaborator)<\/p>\n\n\n\n<p class=\"wp-block-paragraph\"><em>Cartea Represiunii 1989<\/em>, Bucure\u015fti, Editura IRRD, 2012 (autor)<\/p>\n\n\n\n<p class=\"wp-block-paragraph\"><em>Curtea de Conturi a Rom\u00e2niei, 1864-2014. Culegere de documente<\/em>, \u00een colaborare cu Bogdan Murgescu, Mirela-Lumini\u0163a Murgescu, Andrei Florin Sora, volum coordonat de Nicolae V\u0103c\u0103roiu, Verginia Vedina\u0219, Corina-Mihaela B\u0103l\u021b\u0103tescu, edi\u021bia a II-a rev\u0103zut\u0103 \u0219i ad\u0103ugit\u0103, Bucure\u015fti, 2014, 672 p.<\/p>\n\n\n\n<p class=\"wp-block-paragraph\"><em>Anul 1990: Partide, ideologii \u015fi mobilizare politic\u0103: considera\u0163ii preliminare<\/em>, Bucure\u0219ti, Editura IRRD, 2014 (autor)<\/p>\n\n\n\n<p class=\"wp-block-paragraph\"> <em>Cartea Represiunii 1989<\/em>, Edi\u021bia a II-a rev\u0103zut\u0103 \u0219i ad\u0103ugit\u0103, Bucure\u015fti, Editura IRRD, 2014 (autor)<\/p>\n\n\n\n<p class=\"wp-block-paragraph\"><em>The Book of Repression<\/em>, Bucure\u015fti, Bucure\u0219ti, Editura IRRD, 2016<\/p>\n\n\n\n<p class=\"wp-block-paragraph\"><em>Anul 1991: Dificult\u0103\u0163i \u00een afirmarea valorilor democra\u0163iei<\/em>, Editura IRRD, 2017<\/p>\n\n\n\n<p class=\"wp-block-paragraph\"><\/p>\n\n\n\n<p class=\"wp-block-paragraph\"><strong>Studii \u0219i articole<\/strong>:<\/p>\n\n\n\n<p class=\"wp-block-paragraph\"> &#8211;<em>Na\u0163ionaliz\u0103rile din Rom\u00e2nia (1944 \u2013 1953),<\/em> \u00een \u201eArhiveleTotalitarismului\u201d, an. II, nr. l -2\/1994, Bucure\u0219ti, Editura Institutului de Studiu al Totalitarismului,(INST),1994.<\/p>\n\n\n\n<p class=\"wp-block-paragraph\"> &#8211;<em>Structuri politice \u00een Europa Central\u0103 \u015fi de Sud-Est. 1919-1997. Studiu de caz: Rom\u00e2nia, (1918-2001),<\/em> Vol.I, Ioan Scurtu (coord), Autori: I. Scurtu, Aurel Constantin Soare, Mihai Retegan, Diana Fotescu, Georgiana-Margareta Scurtu, Florin Muller, Teodora St\u0103nescu-Stanciu, Ion Bucur, Mihaela Verza, Cezar Banu, Bucure\u015fti, Editura Funda\u0163iei Culturale Rom\u00e2ne, 2003, p 325. <strong>Volumul a fost tradus \u015fi \u00een englez\u0103-edi\u0163ie biligv\u0103<\/strong>.<br><\/p>\n\n\n\n<p class=\"wp-block-paragraph\"><em>-Pia\u0163a Revolu\u0163iei din Bucure\u015fti. Momente importante \u00een Istoria rom\u00e2nilor<\/em>, \u00een ,,Clio\/1989\u201d An III, nr. 1(5)\/2007, p. 205-215, Bucure\u015fti, Editura Institului Revolu\u021biei Rom\u00e2ne din Decembrie 1989 (IRRD) 2007<\/p>\n\n\n\n<p class=\"wp-block-paragraph\">&#8211;<em>Cimitirul Eroilor din Bucure\u015fti<\/em>, \u00een ,,Clio\/1989\u201d, nr. 2(6)\/2007, p. 268-272, Bucure\u015fti, I.R.R.D, 2007<br><\/p>\n\n\n\n<p class=\"wp-block-paragraph\">&#8211; <em>Revolu\u0163ia din Decembrie 1989 \u00een Bucure\u015fti (Evenimentele din 17-21 decembrie 1989) <\/em>\u00een ,,Clio\/1989\u201d, an IV, nr. 1(7)\/2008, Bucure\u015fti, Editura &nbsp;IRRD, 2008. <br><\/p>\n\n\n\n<p class=\"wp-block-paragraph\"><em>&#8211; Rom\u00e2nia \u015fi izolarea politico-diplomatic\u0103 la nivel european<\/em> \u00een Clio, An IV, nr. 2(8)\/2008, Bucure\u015fti, Edit. IRRD, 2008.<br><\/p>\n\n\n\n<p class=\"wp-block-paragraph\">&#8211;<em>Mass-Media rom\u00e2nesc\u0103 \u00een primele zile ale Revolu\u0163iei rom\u00e2ne din decembrie 1989-C\u00e2teva considera\u0163iuni, <\/em>\u00een ,,1989-,,An decisiv \u00een Istoria Europei\u201d, pp. 151-163, Cluj Napoca, Editura Mega, 2008.<br><\/p>\n\n\n\n<p class=\"wp-block-paragraph\"><em>-Romanian Media during the first days of the revolution. Some considerations<\/em>, \u00een ,,1989 \u2013 Decisive year in the History of Europe\u201d, pp. 151-163, Pite\u015fti, Editura Paralela 45, 2008.<br><\/p>\n\n\n\n<p class=\"wp-block-paragraph\"><em>-Criza regimului din Rom\u00e2nia \u015fi limitele mass-mediei rom\u00e2ne\u015fti<\/em>, \u00een ,,Accentuarea crizei de regim \u00een \u0163\u0103rile socialiste europene (1980-1990)\u201d, p.195-207, Timi\u015foara, Editura Art-Pres, 2009<br><\/p>\n\n\n\n<p class=\"wp-block-paragraph\">&#8211; <em>Alegerile din mai 1990<\/em>, \u00een Clio, nr. 1(11)\/2010, p. 63-96, Bucure\u015fti, Editura IRRD, 2010<br><\/p>\n\n\n\n<p class=\"wp-block-paragraph\">&#8211; <em>Au tras conform normelor legale<\/em>, \u00een ,,Caietele Revolu\u0163iei\u201d nr. 4(42)\/2012, p.15-20, Bucure\u015fti, IRRD,\/ ISSN 1841-6683<\/p>\n\n\n\n<p class=\"wp-block-paragraph\"><\/p>\n\n\n\n<p class=\"wp-block-paragraph\">&#8211; <em>Bilan\u0163ul unei represiuni. Decembrie 1989, <\/em>\u00een ,,Caietele Revolu\u0163iei\u201d nr. 6(44)\/2012, pp. 56-65, IRRD, <br><\/p>\n\n\n\n<p class=\"wp-block-paragraph\">&#8211; <em>Noaptea Represiunii<\/em>. &nbsp;<em>Bucure\u015fti. 21-22 decembrie 1989<\/em>\u00een ,,Caietele Revolu\u0163iei\u201d nr. 3(47)\/2013, IRRD.p. 20-27.<br><\/p>\n\n\n\n<p class=\"wp-block-paragraph\">&#8211; <em>Ungaria 1989. Repere cronologice, <\/em>\u00een ,,Caietele Revolu\u0163iei\u201d, nr. 3(52)\/2014, IRRD, p. 37-42.<br><\/p>\n\n\n\n<p class=\"wp-block-paragraph\">&#8211;<em>Revolu\u021b\u00eda Rom\u00e2n\u0103 din Decembrie 1989 \u0219i constituirea noilor structuri provizorii de putere, <\/em>\u00een &nbsp;,,Caietele Revolu\u0163iei\u201d nr. 2(57)\/2015\/ prima parte \/(Revist\u0103 cu peer-review)<\/p>\n\n\n\n<p class=\"wp-block-paragraph\"><strong>&#8211;<\/strong><em> Revolu\u021bia rom\u00e2n\u0103 din decembrie 1989 \u0219i constituirea noilor structuri provizorii ale puterii,<\/em>\u00een ,,Caietele Revolu\u021biei\u201d, nr. 3(58)\/2015.\/ a doua parte\/ (Revist\u0103 cu peer-review)<\/p>\n\n\n\n<p class=\"wp-block-paragraph\"><em>-Noiembrie, ultimul bal. Congresul al XIV-lea al PCR<\/em>, \u00een \u201eCaietele Revolu\u0163iei\u201d, nr. 60-61\/2015<\/p>\n\n\n\n<p class=\"wp-block-paragraph\"><em> <\/em>&#8211; <em>Cronologia evenimentelor ce au dus la pr\u0103bu\u0219irea regimurilor comuniste \u00een 1989, ,,<\/em>Caietele Revolu\u021biei\u201d, nr. 5-6 (60-61)\/2015<br><\/p>\n\n\n\n<p class=\"wp-block-paragraph\">&#8211; 1990. <em>Drumul democra\u021biei \u00een Rom\u00e2nia sub semnul violen\u021bei, <\/em>,,Caietele Revolu\u021biei, nr. 3(64)\/ 2016<br><\/p>\n\n\n\n<p class=\"wp-block-paragraph\"><em>-Adoptarea Constitu\u021biei din 1991<\/em>, \u00een \u201eCaietele Revolu\u0163iei\u201d, nr. 67, 2017<br><\/p>\n\n\n\n<p class=\"wp-block-paragraph\"><em>-Rom\u00e2nia \u0219i Moldova, o \u0219ans\u0103 pierdut\u0103<\/em>, \u00een \u201eCaietele Revolu\u0163iei\u201d, nr. 68, 2017<\/p>\n\n\n\n<p class=\"wp-block-paragraph\"><\/p>\n\n\n\n<p class=\"wp-block-paragraph\"><em>-Alegerile parlamentare \u0219i preziden\u0163iale din 27 septembrie 1992<\/em>, \u00een \u201eCaietele Revolu\u0163iei\u201d, nr. 70, 2017<\/p>\n\n\n\n<p class=\"wp-block-paragraph\">&#8211; <em>Repression, <\/em>,,Caietele Revolu\u021biei\u201d, 2017 &#8211; versiune \u00een limba englez\u0103 <\/p>\n\n\n\n<p class=\"wp-block-paragraph\">&#8211; <em>Politicile de reform\u0103 economic\u0103 ale Guvernului Petre Roman (iunie 1990-septembrie 1992), <\/em>\u00een ,,Revolu\u021bie \u0219i Tranzi\u021bie \u00een Societatea Rom\u00e2n\u0103 Contemporan\u0103. Abord\u0103ri Inderdisciplinare\u201d, Bucure\u0219ti, Editura IRRD, 2017.<br><\/p>\n\n\n\n<p class=\"wp-block-paragraph\">&#8211; <em>Destructurarea FSN. R\u0103zboiul rozelor<\/em> \u00een ,,Caietele Revolu\u021biei\u201d, nr. 74\/2018; ISSN 1841-6683<br><\/p>\n\n\n\n<p class=\"wp-block-paragraph\">,,Anul 1989. Regimurile comuniste din <em>Europa la sf\u00e2r\u0219itul utopiei. Repere cronologice<\/em> \u00een ,,Caietele Revolu\u021biei\u201d, nr. 74\/2018; ISSN 1841-6683<\/p>\n\n\n\n<p class=\"wp-block-paragraph\"><\/p>\n\n\n\n<p class=\"wp-block-paragraph\"><strong>Comunicare la &nbsp;conferin\u0163e interna\u0163ionale sau na\u021bionale\/ cu sistem de selec\u0163ie sau de peer review<\/strong><\/p>\n\n\n\n<p class=\"wp-block-paragraph\"><strong>2007<\/strong><\/p>\n\n\n\n<p class=\"wp-block-paragraph\">&#8211; Colocviul Interna\u0163ional<strong> ,,1989 \u2013 An decisiv \u00een Istoria Europei\u201d, <\/strong>organizat de Institutul Revolu\u0163iei Rom\u00e2ne din Decembrie 1989, Universitatea ,,Valahia\u201d din T\u00e2rgovi\u015fte, Institutul ,,Nicolae Iorga\u201d al Academiei Rom\u00e2ne; T\u00e2rgovi\u015fte 10 \u2013 14 octombrie 2007; calitatea \u2013 conferen\u0163iar; Titlul comunic\u0103rii: ,,Mass-media rom\u00e2neasc\u0103 \u00een primele zile ale revolu\u0163iei. C\u00e2teva considera\u0163ii &#8230;\u201d<\/p>\n\n\n\n<p class=\"wp-block-paragraph\"><strong> 2008<\/strong><\/p>\n\n\n\n<p class=\"wp-block-paragraph\">&#8211; Colocviul Interna\u0163ional <strong>,,Accentuarea crizei de regim din \u0163\u0103rile socialiste europene 1980-1990<\/strong>\u201d organizat de Institutul Revolu\u0163iei Rom\u00e2ne din Decembrie 1989, Universitatea din Pite\u015fti; Pite\u015fti, 15 \u2013 19 octombrie 2008; calitatea \u2013 conferen\u0163iar; Titlul comunic\u0103rii: ,,Criza politic\u0103 din Rom\u00e2nia \u015fi limitele reflect\u0103rii ei \u00een mass-media oficial\u0103 din Rom\u00e2nia\u201d<br><\/p>\n\n\n\n<p class=\"wp-block-paragraph\"><strong>2013<\/strong><\/p>\n\n\n\n<p class=\"wp-block-paragraph\">&#8211; Sesiunea de comunic\u0103ri \u015ftiin\u0163ifice organizat\u0103 de Institutul de Istorie ,,Nicolae Iorga\u201d \u015fi CNSAS \u00eentre 13-15 martie 2013, comunicarea <em>Represiunea din 17-22 decembrie 1989. Prevederi legale, excese, responsabilit\u0103\u0163i<\/em>.<\/p>\n\n\n\n<p class=\"wp-block-paragraph\"><strong>2014<\/strong><\/p>\n\n\n\n<p class=\"wp-block-paragraph\">-Sesiunea de comunic\u0103ri \u015ftiin\u0163ifice organizat\u0103 de Institutul de Istorie ,,Nicolae Iorga\u201d \u015fi CNSAS \u00eentre 27-28 martie, comunicarea <em>Constituirea partidelor politice \u00een Rom\u00e2nia post-decembrist\u0103.<\/em><strong>\t<\/strong><br><\/p>\n\n\n\n<p class=\"wp-block-paragraph\"><strong>2016<\/strong><br><\/p>\n\n\n\n<p class=\"wp-block-paragraph\">-Participat la Conferin\u021ba organizat\u0103 de IRRD, la data de 28 octombrie 2016, prezentat comunicare &#8211; ,,Politicile de reform\u0103 economic\u0103 ale Guvernului Petre Roman (iunie 1990-septembrie 1992).<br><\/p>\n\n\n\n<p class=\"wp-block-paragraph\">-Participat la simpozionul organizat de IRRD, la data de 8 decembrie 2016, intitulat ,,25 de ani de la adoptarea Constitu\u021biei Rom\u00e2niei prin referendum na\u021bional\u201d- prezentat comunicarea ,,Recuperarea oficial\u0103 a democra\u021biei &#8211; Adoptarea Constitu\u021biei din 1991\u201d,.<br><\/p>\n\n\n\n<p class=\"wp-block-paragraph\"><strong>2017<\/strong><\/p>\n\n\n\n<p class=\"wp-block-paragraph\">-Participat la Conferin\u021ba organizat\u0103 de IRRD, la data de 27 octombrie 2017, intitulat\u0103 ,,Revolu\u021bie \u0219i tranzi\u021bie \u00een societate rom\u00e2neasc\u0103 contemporan\u0103\u201d \u2013 prezentat comunicare ,,Destructurarea FSN. R\u0103zboiul rozelor\u201d<\/p>\n\n\n\n<p class=\"wp-block-paragraph\">-Moderator Sesiunea anual\u0103 CICSA din 21-22 aprilie 2017, intitulat\u0103 ,,Jaf, corup\u021bie, abuz\u201d<\/p>\n","protected":false},"excerpt":{"rendered":"<p>Studii: Doctorat, Univesitatea din Bucure\u0219ti, Facultatea de Istorie (2005) Licen\u021ba, Universitatea din Bucure\u0219ti, Facultaea de Istorie. (1987) Domenii de interes istoria secolului XX via\u021b\u0103 cotidian\u0103 Cursuri sus\u021binute la facultate Rom\u00e2nia \u00een rela\u0163iile interna\u0163ionale postbelice &#8211; modul Mi\u015fcarea comunist\u0103 interna\u0163ional\u0103 \u015fi lupta pentru putere \u00een partidele comuniste din Blocul Sovietic \u2013 Curs \u0219i seminar special Via\u0163a [&hellip;]<\/p>\n","protected":false},"author":2,"featured_media":0,"parent":171,"menu_order":0,"comment_status":"closed","ping_status":"closed","template":"","meta":{"_crdt_document":"","jetpack_post_was_ever_published":false,"footnotes":""},"class_list":["post-625","page","type-page","status-publish","hentry"],"jetpack_sharing_enabled":true,"jetpack_shortlink":"https:\/\/wp.me\/PaobZd-a5","jetpack-related-posts":[],"_links":{"self":[{"href":"https:\/\/istorie.unibuc.ro\/facultate\/wp-json\/wp\/v2\/pages\/625","targetHints":{"allow":["GET"]}}],"collection":[{"href":"https:\/\/istorie.unibuc.ro\/facultate\/wp-json\/wp\/v2\/pages"}],"about":[{"href":"https:\/\/istorie.unibuc.ro\/facultate\/wp-json\/wp\/v2\/types\/page"}],"author":[{"embeddable":true,"href":"https:\/\/istorie.unibuc.ro\/facultate\/wp-json\/wp\/v2\/users\/2"}],"replies":[{"embeddable":true,"href":"https:\/\/istorie.unibuc.ro\/facultate\/wp-json\/wp\/v2\/comments?post=625"}],"version-history":[{"count":3,"href":"https:\/\/istorie.unibuc.ro\/facultate\/wp-json\/wp\/v2\/pages\/625\/revisions"}],"predecessor-version":[{"id":2149,"href":"https:\/\/istorie.unibuc.ro\/facultate\/wp-json\/wp\/v2\/pages\/625\/revisions\/2149"}],"up":[{"embeddable":true,"href":"https:\/\/istorie.unibuc.ro\/facultate\/wp-json\/wp\/v2\/pages\/171"}],"wp:attachment":[{"href":"https:\/\/istorie.unibuc.ro\/facultate\/wp-json\/wp\/v2\/media?parent=625"}],"curies":[{"name":"wp","href":"https:\/\/api.w.org\/{rel}","templated":true}]}}