{"id":621,"date":"2018-10-28T16:39:06","date_gmt":"2018-10-28T16:39:06","guid":{"rendered":"http:\/\/newhis.bucharest.university\/?page_id=621"},"modified":"2026-03-12T10:36:02","modified_gmt":"2026-03-12T10:36:02","slug":"prof-univ-dr-mihai-razvan-ungureanu","status":"publish","type":"page","link":"https:\/\/istorie.unibuc.ro\/facultate\/departamente\/istoria-romanilor-si-a-sud-estului-european\/prof-univ-dr-mihai-razvan-ungureanu\/","title":{"rendered":"Prof. Univ. Dr. Mihai Razvan Ungureanu"},"content":{"rendered":"<div class=\"wp-block-image\">\n<figure class=\"alignright is-resized\"><img loading=\"lazy\" decoding=\"async\" width=\"500\" height=\"500\" data-attachment-id=\"622\" data-permalink=\"https:\/\/istorie.unibuc.ro\/facultate\/departamente\/istoria-romanilor-si-a-sud-estului-european\/prof-univ-dr-mihai-razvan-ungureanu\/mru\/\" data-orig-file=\"https:\/\/i0.wp.com\/istorie.unibuc.ro\/wp-content\/uploads\/2018\/10\/MRU.jpg?fit=500%2C500&amp;ssl=1\" data-orig-size=\"500,500\" data-comments-opened=\"0\" data-image-meta=\"{&quot;aperture&quot;:&quot;0&quot;,&quot;credit&quot;:&quot;&quot;,&quot;camera&quot;:&quot;&quot;,&quot;caption&quot;:&quot;&quot;,&quot;created_timestamp&quot;:&quot;0&quot;,&quot;copyright&quot;:&quot;&quot;,&quot;focal_length&quot;:&quot;0&quot;,&quot;iso&quot;:&quot;0&quot;,&quot;shutter_speed&quot;:&quot;0&quot;,&quot;title&quot;:&quot;&quot;,&quot;orientation&quot;:&quot;0&quot;}\" data-image-title=\"MRU\" data-image-description=\"\" data-image-caption=\"\" data-large-file=\"https:\/\/i0.wp.com\/istorie.unibuc.ro\/wp-content\/uploads\/2018\/10\/MRU.jpg?fit=500%2C500&amp;ssl=1\" src=\"https:\/\/i0.wp.com\/newhis.bucharest.university\/wp-content\/uploads\/2018\/10\/MRU.jpg?fit=300%2C300\" alt=\"\" class=\"wp-image-622\" style=\"width:195px;height:195px\" srcset=\"https:\/\/i0.wp.com\/istorie.unibuc.ro\/wp-content\/uploads\/2018\/10\/MRU.jpg?w=500&amp;ssl=1 500w, https:\/\/i0.wp.com\/istorie.unibuc.ro\/wp-content\/uploads\/2018\/10\/MRU.jpg?resize=150%2C150&amp;ssl=1 150w, https:\/\/i0.wp.com\/istorie.unibuc.ro\/wp-content\/uploads\/2018\/10\/MRU.jpg?resize=300%2C300&amp;ssl=1 300w\" sizes=\"auto, (max-width: 500px) 100vw, 500px\" \/><\/figure>\n<\/div>\n\n\n<p class=\"wp-block-paragraph\"><strong>E-mail:<\/strong>\u00a0mihairungureanu@yahoo.com<br><\/p>\n\n\n\n<p class=\"wp-block-paragraph\"><strong>Studii:<\/strong><\/p>\n\n\n\n<p class=\"wp-block-paragraph\">Doctorat in Istorie cu teza&nbsp;<em>Convertirea \u0219i integrarea \u00een societatea rom\u00e2neasc\u0103 la \u00eenceputul epocii moderne,&nbsp;<\/em>Universitatea \u201cAl. I. Cuza\u201d, Ia\u015fi (2004)<\/p>\n\n\n\n<p class=\"wp-block-paragraph\">Studii postuniversitare la Centre for Jewish and Hebrew Studies, asociat St. Cross College, University of Oxford, Marea Britanie (1993)<\/p>\n\n\n\n<p class=\"wp-block-paragraph\">Licenta in Istorie-Filosofie, Universitatea \u201cAl. I. Cuza\u201d, Ia\u015fi (1992)<\/p>\n\n\n\n<p class=\"wp-block-paragraph\"><strong>Domenii de interes:<\/strong><\/p>\n\n\n\n<ul class=\"wp-block-list\">\n<li>istorie si relatii internationale<\/li>\n\n\n\n<li>studii genealogice si heraldica<\/li>\n\n\n\n<li>politici de securitate<\/li>\n\n\n\n<li>studii strategice<\/li>\n<\/ul>\n\n\n\n<p class=\"wp-block-paragraph\"><strong>Cursuri sustinute la Facultatea de Istorie:<\/strong><\/p>\n\n\n\n<p class=\"wp-block-paragraph\">Stat, autoritate, reforma &#8211; Anul II (Master)<\/p>\n\n\n\n<p class=\"wp-block-paragraph\">Emergenta statelor nationale in Europa &#8211; Anul II (Master)<\/p>\n\n\n\n<p class=\"wp-block-paragraph\"><strong>Lista selectiva de publicatii:<\/strong><\/p>\n\n\n\n<p class=\"wp-block-paragraph\"><em>\u00centotdeauna loial. Note diplomatice pentru o Rom\u00e2nie modern\u0103.<\/em>&nbsp;Bucure\u015fti, 2008<\/p>\n\n\n\n<p class=\"wp-block-paragraph\"><em>Rum\u00e4nien (Rom\u00e2nia)<\/em>&nbsp;\u00een colaborare cu Thede Kahl \u015fi Michael Metzeltin. Viena, M\u00fcnster, 2006<\/p>\n\n\n\n<p class=\"wp-block-paragraph\"><em>Convertire \u015fi integrare \u00een societatea rom\u00e2neasc\u0103 la \u00eenceputul epocii moderne.&nbsp;<\/em>Ia\u015fi, 2004<\/p>\n\n\n\n<p class=\"wp-block-paragraph\"><em>Marea Arhondologie a boierilor Moldovei.&nbsp;<\/em>Ia\u015fi, 1998<\/p>\n\n\n\n<p class=\"wp-block-paragraph\"><em>Documente statistice privitoare la ora\u015ful Ia\u015fi (1755-1828)<\/em><em>, 2 vol.&nbsp;<\/em>\u00een colaborare cu prof.univ. Ioan Caprosu. Ia\u015fi, 1997<\/p>\n\n\n\n<p class=\"wp-block-paragraph\"><strong>Coordonator de doctorat:<\/strong><\/p>\n\n\n\n<p class=\"wp-block-paragraph\">Smeu Theodor:&nbsp;<em>Comisia mixta a Prutului<\/em><\/p>\n\n\n\n<p class=\"wp-block-paragraph\">Cosmin Ionita:&nbsp;<em>Cu sau fara Rusia in Balcani. Competitor sau partener local? (1912-1913)<\/em><\/p>\n\n\n\n<p class=\"wp-block-paragraph\">Mihai Olteanu:&nbsp;<em>Sistematizarea Municipiului Bucuresti in perioada comunista<\/em><\/p>\n\n\n\n<p class=\"wp-block-paragraph\">Oana Branda:&nbsp;<em>Dimensiunea securitara a parteneriatului strategic anglo-american intre 11 sept 2001 si 20 martie 2003<\/em><\/p>\n\n\n\n<p class=\"wp-block-paragraph\">Alina Smigun:&nbsp;<em>Ceremonial diplomatic sau ierarhie constitutionala? Unitatea de decizie romaneasca in politica externa a anilor 1913-1919<\/em><\/p>\n\n\n\n<p class=\"wp-block-paragraph\">Radu Simionescu:&nbsp;<em>Explorarea politicilor publice asupra minoritatilor rrome si maghiare in Romania in perioada 1989-2012<\/em><\/p>\n\n\n\n<p class=\"wp-block-paragraph\">Adrian Nae:&nbsp;<em>Partide politice parlamentare din Republica Moldova \u00een perioada 2009-2015: retoric\u0103, reforme \u0219i rela\u021bia cu cet\u0103\u021benii<\/em><\/p>\n\n\n\n<p class=\"wp-block-paragraph\">Cristina Elena Br\u0103gea:&nbsp;<em>Na\u021bionalism, ortodoxie \u0219i catolicism \u00een Rom\u00e2nia contemporan\u0103. Raporturile Bucure\u0219ri-Vatican (1990-prezent)<\/em><\/p>\n\n\n\n<p class=\"wp-block-paragraph\">Ionu\u021b Dinic\u0103:&nbsp;<em>Achizi\u021biile militare f\u0103cute de Imperiul Otoman \u00een perioada de dup\u0103 r\u0103zboiul cu Rusia (1877-1878) \u0219i p\u00e2n\u0103 la Primul R\u0103zboi Mondial (1914)<\/em><\/p>\n\n\n\n<p class=\"wp-block-paragraph\"><\/p>\n","protected":false},"excerpt":{"rendered":"<p>E-mail:\u00a0mihairungureanu@yahoo.com Studii: Doctorat in Istorie cu teza&nbsp;Convertirea \u0219i integrarea \u00een societatea rom\u00e2neasc\u0103 la \u00eenceputul epocii moderne,&nbsp;Universitatea \u201cAl. I. Cuza\u201d, Ia\u015fi (2004) Studii postuniversitare la Centre for Jewish and Hebrew Studies, asociat St. Cross College, University of Oxford, Marea Britanie (1993) Licenta in Istorie-Filosofie, Universitatea \u201cAl. I. Cuza\u201d, Ia\u015fi (1992) Domenii de interes: Cursuri sustinute la [&hellip;]<\/p>\n","protected":false},"author":2,"featured_media":0,"parent":171,"menu_order":0,"comment_status":"closed","ping_status":"closed","template":"","meta":{"_crdt_document":"","jetpack_post_was_ever_published":false,"footnotes":""},"class_list":["post-621","page","type-page","status-publish","hentry"],"jetpack_sharing_enabled":true,"jetpack_shortlink":"https:\/\/wp.me\/PaobZd-a1","jetpack-related-posts":[],"_links":{"self":[{"href":"https:\/\/istorie.unibuc.ro\/facultate\/wp-json\/wp\/v2\/pages\/621","targetHints":{"allow":["GET"]}}],"collection":[{"href":"https:\/\/istorie.unibuc.ro\/facultate\/wp-json\/wp\/v2\/pages"}],"about":[{"href":"https:\/\/istorie.unibuc.ro\/facultate\/wp-json\/wp\/v2\/types\/page"}],"author":[{"embeddable":true,"href":"https:\/\/istorie.unibuc.ro\/facultate\/wp-json\/wp\/v2\/users\/2"}],"replies":[{"embeddable":true,"href":"https:\/\/istorie.unibuc.ro\/facultate\/wp-json\/wp\/v2\/comments?post=621"}],"version-history":[{"count":3,"href":"https:\/\/istorie.unibuc.ro\/facultate\/wp-json\/wp\/v2\/pages\/621\/revisions"}],"predecessor-version":[{"id":21723,"href":"https:\/\/istorie.unibuc.ro\/facultate\/wp-json\/wp\/v2\/pages\/621\/revisions\/21723"}],"up":[{"embeddable":true,"href":"https:\/\/istorie.unibuc.ro\/facultate\/wp-json\/wp\/v2\/pages\/171"}],"wp:attachment":[{"href":"https:\/\/istorie.unibuc.ro\/facultate\/wp-json\/wp\/v2\/media?parent=621"}],"curies":[{"name":"wp","href":"https:\/\/api.w.org\/{rel}","templated":true}]}}

<div class="wp-block-image">
<figure class="alignright is-resized"><img loading="lazy" decoding="async" width="500" height="500" data-attachment-id="622" data-permalink="https://istorie.unibuc.ro/facultate/departamente/istoria-romanilor-si-a-sud-estului-european/prof-univ-dr-mihai-razvan-ungureanu/mru/" data-orig-file="https://i0.wp.com/istorie.unibuc.ro/wp-content/uploads/2018/10/MRU.jpg?fit=500%2C500&amp;ssl=1" data-orig-size="500,500" data-comments-opened="0" data-image-meta="{&quot;aperture&quot;:&quot;0&quot;,&quot;credit&quot;:&quot;&quot;,&quot;camera&quot;:&quot;&quot;,&quot;caption&quot;:&quot;&quot;,&quot;created_timestamp&quot;:&quot;0&quot;,&quot;copyright&quot;:&quot;&quot;,&quot;focal_length&quot;:&quot;0&quot;,&quot;iso&quot;:&quot;0&quot;,&quot;shutter_speed&quot;:&quot;0&quot;,&quot;title&quot;:&quot;&quot;,&quot;orientation&quot;:&quot;0&quot;}" data-image-title="MRU" data-image-description="" data-image-caption="" data-large-file="https://i0.wp.com/istorie.unibuc.ro/wp-content/uploads/2018/10/MRU.jpg?fit=500%2C500&amp;ssl=1" src="https://i0.wp.com/newhis.bucharest.university/wp-content/uploads/2018/10/MRU.jpg?fit=300%2C300" alt="" class="wp-image-622" style="width:195px;height:195px" srcset="https://i0.wp.com/istorie.unibuc.ro/wp-content/uploads/2018/10/MRU.jpg?w=500&amp;ssl=1 500w, https://i0.wp.com/istorie.unibuc.ro/wp-content/uploads/2018/10/MRU.jpg?resize=150%2C150&amp;ssl=1 150w, https://i0.wp.com/istorie.unibuc.ro/wp-content/uploads/2018/10/MRU.jpg?resize=300%2C300&amp;ssl=1 300w" sizes="auto, (max-width: 500px) 100vw, 500px" /></figure>
</div>


<p class="wp-block-paragraph"><strong>E-mail:</strong> mihairungureanu@yahoo.com<br></p>



<p class="wp-block-paragraph"><strong>Studii:</strong></p>



<p class="wp-block-paragraph">Doctorat in Istorie cu teza&nbsp;<em>Convertirea și integrarea în societatea românească la începutul epocii moderne,&nbsp;</em>Universitatea “Al. I. Cuza”, Iaşi (2004)</p>



<p class="wp-block-paragraph">Studii postuniversitare la Centre for Jewish and Hebrew Studies, asociat St. Cross College, University of Oxford, Marea Britanie (1993)</p>



<p class="wp-block-paragraph">Licenta in Istorie-Filosofie, Universitatea “Al. I. Cuza”, Iaşi (1992)</p>



<p class="wp-block-paragraph"><strong>Domenii de interes:</strong></p>



<ul class="wp-block-list">
<li>istorie si relatii internationale</li>



<li>studii genealogice si heraldica</li>



<li>politici de securitate</li>



<li>studii strategice</li>
</ul>



<p class="wp-block-paragraph"><strong>Cursuri sustinute la Facultatea de Istorie:</strong></p>



<p class="wp-block-paragraph">Stat, autoritate, reforma &#8211; Anul II (Master)</p>



<p class="wp-block-paragraph">Emergenta statelor nationale in Europa &#8211; Anul II (Master)</p>



<p class="wp-block-paragraph"><strong>Lista selectiva de publicatii:</strong></p>



<p class="wp-block-paragraph"><em>Întotdeauna loial. Note diplomatice pentru o Românie modernă.</em>&nbsp;Bucureşti, 2008</p>



<p class="wp-block-paragraph"><em>Rumänien (România)</em>&nbsp;în colaborare cu Thede Kahl şi Michael Metzeltin. Viena, Münster, 2006</p>



<p class="wp-block-paragraph"><em>Convertire şi integrare în societatea românească la începutul epocii moderne.&nbsp;</em>Iaşi, 2004</p>



<p class="wp-block-paragraph"><em>Marea Arhondologie a boierilor Moldovei.&nbsp;</em>Iaşi, 1998</p>



<p class="wp-block-paragraph"><em>Documente statistice privitoare la oraşul Iaşi (1755-1828)</em><em>, 2 vol.&nbsp;</em>în colaborare cu prof.univ. Ioan Caprosu. Iaşi, 1997</p>



<p class="wp-block-paragraph"><strong>Coordonator de doctorat:</strong></p>



<p class="wp-block-paragraph">Smeu Theodor:&nbsp;<em>Comisia mixta a Prutului</em></p>



<p class="wp-block-paragraph">Cosmin Ionita:&nbsp;<em>Cu sau fara Rusia in Balcani. Competitor sau partener local? (1912-1913)</em></p>



<p class="wp-block-paragraph">Mihai Olteanu:&nbsp;<em>Sistematizarea Municipiului Bucuresti in perioada comunista</em></p>



<p class="wp-block-paragraph">Oana Branda:&nbsp;<em>Dimensiunea securitara a parteneriatului strategic anglo-american intre 11 sept 2001 si 20 martie 2003</em></p>



<p class="wp-block-paragraph">Alina Smigun:&nbsp;<em>Ceremonial diplomatic sau ierarhie constitutionala? Unitatea de decizie romaneasca in politica externa a anilor 1913-1919</em></p>



<p class="wp-block-paragraph">Radu Simionescu:&nbsp;<em>Explorarea politicilor publice asupra minoritatilor rrome si maghiare in Romania in perioada 1989-2012</em></p>



<p class="wp-block-paragraph">Adrian Nae:&nbsp;<em>Partide politice parlamentare din Republica Moldova în perioada 2009-2015: retorică, reforme și relația cu cetățenii</em></p>



<p class="wp-block-paragraph">Cristina Elena Brăgea:&nbsp;<em>Naționalism, ortodoxie și catolicism în România contemporană. Raporturile Bucureșri-Vatican (1990-prezent)</em></p>



<p class="wp-block-paragraph">Ionuț Dinică:&nbsp;<em>Achizițiile militare făcute de Imperiul Otoman în perioada de după războiul cu Rusia (1877-1878) și până la Primul Război Mondial (1914)</em></p>



<p class="wp-block-paragraph"></p>

<p>E-mail: mihairungureanu@yahoo.com Studii: Doctorat in Istorie cu teza&nbsp;Convertirea și integrarea în societatea românească la începutul epocii moderne,&nbsp;Universitatea “Al. I. Cuza”, Iaşi (2004) Studii postuniversitare la Centre for Jewish and Hebrew Studies, asociat St. Cross College, University of Oxford, Marea Britanie (1993) Licenta in Istorie-Filosofie, Universitatea “Al. I. Cuza”, Iaşi (1992) Domenii de interes: Cursuri sustinute la [&hellip;]</p>
