{"id":608,"date":"2018-10-28T16:34:54","date_gmt":"2018-10-28T16:34:54","guid":{"rendered":"http:\/\/newhis.bucharest.university\/?page_id=608"},"modified":"2018-10-28T16:34:56","modified_gmt":"2018-10-28T16:34:56","slug":"prof-dr-florin-muller","status":"publish","type":"page","link":"https:\/\/istorie.unibuc.ro\/facultate\/departamente\/istoria-romanilor-si-a-sud-estului-european\/prof-dr-florin-muller\/","title":{"rendered":"Prof. Dr. Florin Muller"},"content":{"rendered":"\n<p class=\"wp-block-paragraph\"><strong>Email:<\/strong>\u00a0mullerflorin _ro@yahoo.com<\/p>\n\n\n\n<div class=\"wp-block-image\"><figure class=\"alignright is-resized\"><img data-recalc-dims=\"1\" loading=\"lazy\" decoding=\"async\" data-attachment-id=\"611\" data-permalink=\"https:\/\/istorie.unibuc.ro\/facultate\/departamente\/istoria-romanilor-si-a-sud-estului-european\/prof-dr-florin-muller\/muller-2\/\" data-orig-file=\"https:\/\/i0.wp.com\/istorie.unibuc.ro\/wp-content\/uploads\/2018\/10\/muller-1.jpg?fit=812%2C1000&amp;ssl=1\" data-orig-size=\"812,1000\" data-comments-opened=\"0\" data-image-meta=\"{&quot;aperture&quot;:&quot;2.8&quot;,&quot;credit&quot;:&quot;Christian Nasulea&quot;,&quot;camera&quot;:&quot;Canon EOS 5D Mark III&quot;,&quot;caption&quot;:&quot;&quot;,&quot;created_timestamp&quot;:&quot;1473694490&quot;,&quot;copyright&quot;:&quot;MagicFactory.ro 2015&quot;,&quot;focal_length&quot;:&quot;100&quot;,&quot;iso&quot;:&quot;100&quot;,&quot;shutter_speed&quot;:&quot;0.005&quot;,&quot;title&quot;:&quot;&quot;,&quot;orientation&quot;:&quot;1&quot;}\" data-image-title=\"muller\" data-image-description=\"\" data-image-caption=\"\" data-large-file=\"https:\/\/i0.wp.com\/istorie.unibuc.ro\/wp-content\/uploads\/2018\/10\/muller-1.jpg?fit=771%2C950&amp;ssl=1\" src=\"https:\/\/i0.wp.com\/newhis.bucharest.university\/wp-content\/uploads\/2018\/10\/muller-1.jpg?resize=285%2C351\" alt=\"\" class=\"wp-image-611\" width=\"285\" height=\"351\" srcset=\"https:\/\/i0.wp.com\/istorie.unibuc.ro\/wp-content\/uploads\/2018\/10\/muller-1.jpg?w=812&amp;ssl=1 812w, https:\/\/i0.wp.com\/istorie.unibuc.ro\/wp-content\/uploads\/2018\/10\/muller-1.jpg?resize=244%2C300&amp;ssl=1 244w, https:\/\/i0.wp.com\/istorie.unibuc.ro\/wp-content\/uploads\/2018\/10\/muller-1.jpg?resize=768%2C946&amp;ssl=1 768w\" sizes=\"auto, (max-width: 285px) 100vw, 285px\" \/><\/figure><\/div>\n\n\n\n<p class=\"wp-block-paragraph\"><strong>Studii:<\/strong><\/p>\n\n\n\n<p class=\"wp-block-paragraph\">Tez\u0103 de abilitare &#8211; (\u0218coala Doctoral\u0103 a Facult\u0103\u021bii de Istorie, Universitatea din Bucure\u0219ti (2016)<br><\/p>\n\n\n\n<p class=\"wp-block-paragraph\">Doctorat &#8211; Facultatea de Istorie \u0219i Filosofie a Universit\u0103\u021bii Babe\u0219-Bolyai, Cluj-Napoca (2001)&nbsp;<br><\/p>\n\n\n\n<p class=\"wp-block-paragraph\">Licen\u021ba &#8211; Facultatea de Istorie a Universit\u0103\u021bii din Bucure\u0219ti (1992)<br><\/p>\n\n\n\n<p class=\"wp-block-paragraph\"><strong>Domenii de interes:<\/strong><\/p>\n\n\n\n<ul class=\"wp-block-list\"><li>istoria contemporan\u0103 a Rom\u00e2niei (1918-1989)<\/li><li>dinamica politico-ideologic\u0103 a fascismului \u0219i comunismului \u00een Europa secolului XX<\/li><li>istoriografie \u0219i teoria istoriei<\/li><\/ul>\n\n\n\n<p class=\"wp-block-paragraph\"><strong>Cursuri sus\u021binute la facultate :<\/strong><\/p>\n\n\n\n<p class=\"wp-block-paragraph\">Societate-ideologie-cultur\u0103 \u00een Rom\u00e2nia 1918-1944 &#8211; Modul anul II (Licen\u021b\u0103)<\/p>\n\n\n\n<p class=\"wp-block-paragraph\">Mi\u0219c\u0103ri totalitare \u00een Rom\u00e2nia interbelic\u0103- curs special Anul III (Licen\u021b\u0103)<\/p>\n\n\n\n<p class=\"wp-block-paragraph\">Istoriografia istoriei ideilor &#8211; Anul I (Master)<\/p>\n\n\n\n<p class=\"wp-block-paragraph\">Radicalismul de st\u00e2nga \u00een Rom\u00e2nia-1893-1944 &#8211; Anul I (Master)<\/p>\n\n\n\n<p class=\"wp-block-paragraph\"><strong>Lista selectiv\u0103 de publica\u021bii<\/strong><\/p>\n\n\n\n<p class=\"wp-block-paragraph\"><em>Politic\u0103 \u015fi istoriografie \u00een Rom\u00e2nia 1948-1964<\/em>, Cluj-Napoca, Nereamia Napocae, 2003, 361 p.<\/p>\n\n\n\n<p class=\"wp-block-paragraph\"><em>Metamorfoze ale politicului rom\u00e2nesc 1938-1944<\/em>, Bucure\u015fti, Edit. Universit\u0103\u0163ii din Bucure\u015fti, 2005 (2006 continuare tiraj, 353 pag., 2015 edi\u021bia a II-a, 409 pag)<\/p>\n\n\n\n<p class=\"wp-block-paragraph\"><em>Elite parlamentare \u015fi dinamic\u0103 electoral\u0103 \u00een Rom\u00e2nia 1919-1937<\/em>, Editura Universit\u0103\u0163ii din Bucure\u015fti, 2009, (coordonator), 388 pag.<\/p>\n\n\n\n<p class=\"wp-block-paragraph\"><em>Societate-Ideologie-Dictaturi<\/em>, Editura Universit\u0103\u021bii din Bucure\u0219ti, 2014, 208 pag.<\/p>\n\n\n\n<p class=\"wp-block-paragraph\"><em>Istorie \u0219i istorici la Universitatea din Bucure\u0219ti dimensiuni institu\u021bionale-proiecte intelectuale<\/em>, Editura Universit\u0103\u021bii din Bucure\u0219ti, 2016, (coordonator \u00eempreun\u0103 cu Florentina Ni\u021bu \u0219i Remus Nic\u0103), 165 pag.<\/p>\n\n\n\n<p class=\"wp-block-paragraph\"><strong>Coordonator de Doctorat &#8211;&nbsp;<\/strong>\u00eencep\u00e2nd cu septembrie 2016<\/p>\n\n\n\n<p class=\"wp-block-paragraph\"><strong>Arii de specializare:<\/strong><\/p>\n\n\n\n<ul class=\"wp-block-list\"><li>istoria Rom\u00e2niei \u00een perioada 1914-1989<\/li><li>ideologia regimurilor \u0219i mi\u0219c\u0103rilor de natur\u0103 dictatorial-totalitar\u0103 (fascism \u0219i comunism \u00een Rom\u00e2nia \u0219i Europa)<\/li><li>istoriografie \u0219i teoria istoriei<\/li><\/ul>\n","protected":false},"excerpt":{"rendered":"<p>Email:\u00a0mullerflorin _ro@yahoo.com Studii: Tez\u0103 de abilitare &#8211; (\u0218coala Doctoral\u0103 a Facult\u0103\u021bii de Istorie, Universitatea din Bucure\u0219ti (2016) Doctorat &#8211; Facultatea de Istorie \u0219i Filosofie a Universit\u0103\u021bii Babe\u0219-Bolyai, Cluj-Napoca (2001)&nbsp; Licen\u021ba &#8211; Facultatea de Istorie a Universit\u0103\u021bii din Bucure\u0219ti (1992) Domenii de interes: istoria contemporan\u0103 a Rom\u00e2niei (1918-1989) dinamica politico-ideologic\u0103 a fascismului \u0219i comunismului \u00een Europa [&hellip;]<\/p>\n","protected":false},"author":2,"featured_media":0,"parent":171,"menu_order":0,"comment_status":"closed","ping_status":"closed","template":"","meta":{"_crdt_document":"","jetpack_post_was_ever_published":false,"footnotes":""},"class_list":["post-608","page","type-page","status-publish","hentry"],"jetpack_sharing_enabled":true,"jetpack_shortlink":"https:\/\/wp.me\/PaobZd-9O","jetpack-related-posts":[],"_links":{"self":[{"href":"https:\/\/istorie.unibuc.ro\/facultate\/wp-json\/wp\/v2\/pages\/608","targetHints":{"allow":["GET"]}}],"collection":[{"href":"https:\/\/istorie.unibuc.ro\/facultate\/wp-json\/wp\/v2\/pages"}],"about":[{"href":"https:\/\/istorie.unibuc.ro\/facultate\/wp-json\/wp\/v2\/types\/page"}],"author":[{"embeddable":true,"href":"https:\/\/istorie.unibuc.ro\/facultate\/wp-json\/wp\/v2\/users\/2"}],"replies":[{"embeddable":true,"href":"https:\/\/istorie.unibuc.ro\/facultate\/wp-json\/wp\/v2\/comments?post=608"}],"version-history":[{"count":1,"href":"https:\/\/istorie.unibuc.ro\/facultate\/wp-json\/wp\/v2\/pages\/608\/revisions"}],"predecessor-version":[{"id":612,"href":"https:\/\/istorie.unibuc.ro\/facultate\/wp-json\/wp\/v2\/pages\/608\/revisions\/612"}],"up":[{"embeddable":true,"href":"https:\/\/istorie.unibuc.ro\/facultate\/wp-json\/wp\/v2\/pages\/171"}],"wp:attachment":[{"href":"https:\/\/istorie.unibuc.ro\/facultate\/wp-json\/wp\/v2\/media?parent=608"}],"curies":[{"name":"wp","href":"https:\/\/api.w.org\/{rel}","templated":true}]}}