{"id":605,"date":"2018-10-28T16:32:47","date_gmt":"2018-10-28T16:32:47","guid":{"rendered":"http:\/\/newhis.bucharest.university\/?page_id=605"},"modified":"2018-10-28T16:32:50","modified_gmt":"2018-10-28T16:32:50","slug":"prof-univ-dr-mirela-luminita-murgescu","status":"publish","type":"page","link":"https:\/\/istorie.unibuc.ro\/facultate\/departamente\/istoria-romanilor-si-a-sud-estului-european\/prof-univ-dr-mirela-luminita-murgescu\/","title":{"rendered":"Prof. Univ. Dr. Mirela &#8211; Luminita Murgescu"},"content":{"rendered":"\n<p class=\"wp-block-paragraph\">E-mail:<strong>&nbsp;mirela.murgescu@g.unibuc.ro<\/strong><\/p>\n\n\n\n<p class=\"wp-block-paragraph\"><strong>Studii:<\/strong><\/p>\n\n\n\n<p class=\"wp-block-paragraph\">Doctorat- Istoria mentalit\u0103\u021bilor \u2013 Institutul de Studii Sud-Est Europeene al Academiei Rom\u00e2ne<br><\/p>\n\n\n\n<p class=\"wp-block-paragraph\">Licen\u021b\u0103 &#8211; Facultatea de Istorie si Filozofie \u2013 Universitatea din Bucuresti<br><\/p>\n\n\n\n<p class=\"wp-block-paragraph\">Mellon Fellowship (2000), DAAD Fellowship (2000), European Science Foundation Grant CEU Budapest (2004), Korber Senior Fellowship, Institut f\u00fcr die Wissenschaften vom Menschen, Vienna (2006),&nbsp;<br><\/p>\n\n\n\n<p class=\"wp-block-paragraph\"><strong>Stagii de cercetare:&nbsp;<\/strong>MSH Paris (2003, 2004, 2005), GWZO, Leipzig (2010).<\/p>\n\n\n\n<p class=\"wp-block-paragraph\"><strong>Domenii de interes<\/strong><strong>:<\/strong><\/p>\n\n\n\n<p class=\"wp-block-paragraph\">studii culturale<\/p>\n\n\n\n<p class=\"wp-block-paragraph\">studii vizuale<\/p>\n\n\n\n<p class=\"wp-block-paragraph\">postumanism<\/p>\n\n\n\n<p class=\"wp-block-paragraph\">studii de memorie \u0219i identitate<\/p>\n\n\n\n<p class=\"wp-block-paragraph\">istoria culturii de masa.&nbsp;<br><\/p>\n\n\n\n<p class=\"wp-block-paragraph\"><strong>Cursuri sus\u021binute la Facultatea de Istorie:<\/strong><\/p>\n\n\n\n<ul class=\"wp-block-list\"><li>Istorie, identit\u0103\u0163i \u015fi media \u00een secolele XIX (2013-2016) (licen\u021b\u0103)<\/li><li>Istorie \u0219i cultura de mas\u0103 contemporan\u0103. Identit\u0103\u021bi, mituri, structuri discursive (licen\u021b\u0103) ( 2016 &#8211; )<\/li><li>Direc\u021bii \u00een studiul fenomenelor culturale contemporane. Cultura jocurilor-video. (2011-2015) (licen\u021b\u0103)<\/li><li>Direc\u021bii \u00een studiul fenomenelor culturale contemporane. Cultura jocurilor video, subculturi mainstream, postumanism (2016) (licen\u021b\u0103)<\/li><li>Arheologia fenomenelor culturale contemporane. Teme, motive, direc\u021bii de cercetare (licen\u021b\u0103) (2017)<\/li><li>Filmul ca re-lectur\u0103 a istoriei. Metodologia studiilor vizuale. (studii masterale)<\/li><li>Realit\u0103\u021bi imaginate \u0219i transfigur\u0103ri postmoderne \u00een cinematografia contemporan\u0103. Cinematografia lui Tim Burton (2012-2014) (studii masterale)<\/li><li>Realit\u0103\u021bi imaginate \u0219i transfigur\u0103ri postmoderne \u00een cinematografia contemporan\u0103. Tim Burton, Terry Gilliam, Satoshi Kon (2015-2016) (studii masterale)<\/li><li>Studii Vizuale. Film \u0219i istorie. (master Istoria Ideilor, Mentalit\u0103\u021bilor \u0219i Culturii de Mas\u0103 2016 &#8211; )<\/li><li>Transfigur\u0103ri ale istoriei \u0219i fenomenului religios \u00een cultura contemporan\u0103. (master Istoria Ideilor, Mentalit\u0103\u021bilor \u0219i Culturii de Mas\u0103) .<\/li><\/ul>\n\n\n\n<p class=\"wp-block-paragraph\"><strong>Lista selectiv\u0103 de publica\u021bii<\/strong><\/p>\n\n\n\n<p class=\"wp-block-paragraph\"><em>\u00centre &#8222;bunul cre\u0219tin&#8221; \u0219i &#8222;bravul rom\u00e2n&#8221;. Rolul \u0219colii primare \u00een construirea identit\u0103\u021bii na\u021bionale rom\u00e2ne\u0219ti (1831-1878<\/em><strong>)<\/strong>&nbsp;[Between the &#8222;Good Christian&#8221; and the &#8222;Brave Romanian&#8221;. The part of elementary school in constructing the Romanian national identity (1831-1878)], Ia\u0219i, 1999.<br><\/p>\n\n\n\n<p class=\"wp-block-paragraph\"><em>Identit\u0103\u021bi colective \u0219i identitate na\u021bional\u0103. Percep\u021bii asupra identit\u0103\u021bii \u00een lumea modern\u0103. In Memoriam Alexandru Dutu<\/em><strong>.,&nbsp;<\/strong>Bucuresti, 2000 (coordonator).<br><\/p>\n\n\n\n<p class=\"wp-block-paragraph\"><em>Istoria din ghiozdan. Memorie \u0219i manuale \u0219colare \u00een Rom\u00e2nia anilor 1990&nbsp;<\/em>[History from the school bag. Memory and schoolbooks in Romania during the 1990s], Bucure\u015fti, 2004.<br><\/p>\n\n\n\n<p class=\"wp-block-paragraph\"><em>Vom<\/em><em>&nbsp;\u201eguten Christen\u201c zum \u201etapferen Rum\u00e4nen\u201c.Die Rolle der Primarschule bei der Herausbildung des rum\u00e4nischen Nationalbewusstseins 1831\u20131878,&nbsp;<\/em>Frank&amp;Timme Vlg, Berlin, 2011<br><\/p>\n\n\n\n<p class=\"wp-block-paragraph\"><em>Nations and States in Southeast Europe&nbsp;<\/em><em>(editor).&nbsp;<\/em><strong>,&nbsp;<\/strong>Thessaloniki, 2005<strong>,&nbsp;<\/strong>Edi\u0163ii \u015fi \u00een limbile s\u00e2rb\u0103 (2005), greac\u0103 (2006), croat\u0103 (2007), bosniac\u0103 (2007), albanez\u0103 (2008), macedonean\u0103 (2008), muntenegrin\u0103 (2012), bulgar\u0103 (2012) \u0219i japonez\u0103 (2013)&nbsp;<strong>.<\/strong>&nbsp;Editia a II-a 2009.<br><\/p>\n\n\n\n<p class=\"wp-block-paragraph\"><em>Il<\/em>&nbsp;<em>Sud-Est<\/em>&nbsp;<em>Europeo:<\/em>&nbsp;<em>nazionalismi<\/em>&nbsp;<em>di<\/em>&nbsp;<em>compensazione,<\/em>&nbsp;<em>societa<\/em>&nbsp;<em>miste<\/em><strong>,<\/strong>&nbsp;in Maurice Aymard, Fabrizio Barca (ed.), \u201eConflitti, migrazzioni e diritti dell\u2019uomo. Il Mezzogiorno laboratorio di un identita mediterranea\u201d, Soveria Mannelli, 2002, p.61-76;<\/p>\n\n\n\n<p class=\"wp-block-paragraph\"><em>Rum\u00e4nische<\/em>&nbsp;<em>Historiographie<\/em>&nbsp;<em>und<\/em>&nbsp;<em>Geschichtsbilder<\/em>&nbsp;<em>(Innensicht)<\/em><strong>,<\/strong>&nbsp;in Thede Kahl, Michael Metzeltin, Mihai-R\u0103zvan Ungureanu (hrsg.), \u201eRum\u00e4nien\u201d. Sonderband der \u201c\u00d6sterreichischen Osthefte\u201d, Wien, 2. Auflage, Wien, LIT Verlag 2008 ;<\/p>\n\n\n\n<p class=\"wp-block-paragraph\"><em>Romanian<\/em>&nbsp;<em>Perceptions<\/em>&nbsp;<em>of<\/em>&nbsp;<em>Communism,<\/em>&nbsp;<em>Euxeinos<\/em><strong>,<\/strong>&nbsp;3, 2012, p. 5-13; 56.<\/p>\n\n\n\n<p class=\"wp-block-paragraph\"><em>Satoshi Kon &#8211; Animation as Magic, Illusion and Realism<\/em><strong>,&nbsp;<\/strong>\u00een&nbsp;<em>OTAKU SAPPORO Edition,&nbsp;<\/em>2012, p.26-29;<\/p>\n\n\n\n<p class=\"wp-block-paragraph\"><em>Transition,<\/em>&nbsp;<em>Transitions:<\/em>&nbsp;<em>The<\/em>&nbsp;<em>Conceptualization<\/em>&nbsp;<em>of<\/em>&nbsp;<em>Change<\/em>&nbsp;<em>in<\/em>&nbsp;<em>Romanian<\/em>&nbsp;<em>Culture,<\/em>&nbsp;in Victor Neumann, Armin Heinen (eds.), \u201eKey Concepts of Romanian History. Alternative Approaches to Socio-Political Languages\u201d, Budapest-New York, CEU Press, 2013, p.423-452 (co-author)<\/p>\n\n\n\n<p class=\"wp-block-paragraph\"><em>Multiple<\/em>&nbsp;<em>roads<\/em>&nbsp;<em>to<\/em>&nbsp;<em>sacralization?<\/em>&nbsp;<em>Stephen<\/em>&nbsp;<em>the<\/em>&nbsp;<em>Great<\/em>&nbsp;<em>in<\/em>&nbsp;<em>Communist<\/em>&nbsp;<em>historical<\/em>&nbsp;<em>films<\/em>&nbsp;<em>and<\/em>&nbsp;<em>his<\/em>&nbsp;<em>post<\/em>&nbsp;<em>communist<\/em>&nbsp;<em>sanctification<\/em>&nbsp;\u00een Agnieszka G\u0105sior, Agnieszka Halemba, Stefan Troebst\u201eGebrochene Kontinuit\u00e4ten. Transnationalit\u00e4t in den Erinnerungskulturen Ostmitteleuropas im 20. Jahrhundert\u201d. B\u00f6hlau Verlag: K\u00f6ln, Weimar, Wien, 2014, p. 185-198.<br><\/p>\n","protected":false},"excerpt":{"rendered":"<p>E-mail:&nbsp;mirela.murgescu@g.unibuc.ro Studii: Doctorat- Istoria mentalit\u0103\u021bilor \u2013 Institutul de Studii Sud-Est Europeene al Academiei Rom\u00e2ne Licen\u021b\u0103 &#8211; Facultatea de Istorie si Filozofie \u2013 Universitatea din Bucuresti Mellon Fellowship (2000), DAAD Fellowship (2000), European Science Foundation Grant CEU Budapest (2004), Korber Senior Fellowship, Institut f\u00fcr die Wissenschaften vom Menschen, Vienna (2006),&nbsp; Stagii de cercetare:&nbsp;MSH Paris (2003, 2004, [&hellip;]<\/p>\n","protected":false},"author":2,"featured_media":0,"parent":171,"menu_order":0,"comment_status":"closed","ping_status":"closed","template":"","meta":{"_crdt_document":"","jetpack_post_was_ever_published":false,"footnotes":""},"class_list":["post-605","page","type-page","status-publish","hentry"],"jetpack_sharing_enabled":true,"jetpack_shortlink":"https:\/\/wp.me\/PaobZd-9L","jetpack-related-posts":[],"_links":{"self":[{"href":"https:\/\/istorie.unibuc.ro\/facultate\/wp-json\/wp\/v2\/pages\/605","targetHints":{"allow":["GET"]}}],"collection":[{"href":"https:\/\/istorie.unibuc.ro\/facultate\/wp-json\/wp\/v2\/pages"}],"about":[{"href":"https:\/\/istorie.unibuc.ro\/facultate\/wp-json\/wp\/v2\/types\/page"}],"author":[{"embeddable":true,"href":"https:\/\/istorie.unibuc.ro\/facultate\/wp-json\/wp\/v2\/users\/2"}],"replies":[{"embeddable":true,"href":"https:\/\/istorie.unibuc.ro\/facultate\/wp-json\/wp\/v2\/comments?post=605"}],"version-history":[{"count":1,"href":"https:\/\/istorie.unibuc.ro\/facultate\/wp-json\/wp\/v2\/pages\/605\/revisions"}],"predecessor-version":[{"id":606,"href":"https:\/\/istorie.unibuc.ro\/facultate\/wp-json\/wp\/v2\/pages\/605\/revisions\/606"}],"up":[{"embeddable":true,"href":"https:\/\/istorie.unibuc.ro\/facultate\/wp-json\/wp\/v2\/pages\/171"}],"wp:attachment":[{"href":"https:\/\/istorie.unibuc.ro\/facultate\/wp-json\/wp\/v2\/media?parent=605"}],"curies":[{"name":"wp","href":"https:\/\/api.w.org\/{rel}","templated":true}]}}