{"id":454,"date":"2018-10-28T13:42:21","date_gmt":"2018-10-28T13:42:21","guid":{"rendered":"http:\/\/newhis.bucharest.university\/?page_id=454"},"modified":"2018-10-28T13:42:23","modified_gmt":"2018-10-28T13:42:23","slug":"centrul-de-cercetari-in-istorie-contemporana-conttexte-ccicc","status":"publish","type":"page","link":"https:\/\/istorie.unibuc.ro\/facultate\/cercetare\/centre-de-cercetare\/centrul-de-cercetari-in-istorie-contemporana-conttexte-ccicc\/","title":{"rendered":"Centrul de Cercetari \u00een Istorie Contemporana \u201eCont*texte\u201d (CCICC)"},"content":{"rendered":"\n<p class=\"wp-block-paragraph\"><strong>C<\/strong><strong>entrul de Cercet\u0103ri \u00een Istorie Contemporan\u0103 \u201eCont*texte\u201d (CCICC)<\/strong>&nbsp;este un centru de cercetare f\u0103r\u0103 personalitate juridic\u0103, subordonat Consiliului Facult\u0103\u0163ii de Istorie \u015fi Rectoratului Universit\u0103\u0163ii din Bucure\u015fti, aflat \u00een regim de auto-finan\u021bare. CCICC a fost \u00eenfiin\u021bat prin Decizia nr. 310\/11.03.2013 a Rectorului Universit\u0103\u021bii din Bucure\u0219ti, av\u00e2ndu-l ca director pe prof. univ. dr. Adrian Cioroianu. Sediul CCICC este la Facultatea de Istorie, Universitatea din Bucure\u015fti, B-dul Regina Elisabeta 4-12, Sector 5, cod 030018, Bucure\u015fti.<\/p>\n\n\n\n<p class=\"wp-block-paragraph\"><br><strong>CCICC a fost creat la ini\u021biativa membrilor s\u0103i fondatori:&nbsp;<\/strong>prof. univ. dr. Adrian Cioroianu, prof. univ. dr. Dennis Deletant (Georgetown University, SUA), Prof. dr. Keith Hitchins (University of Illiois, SUA), Prof. Univ. Dr. Virgiliu \u021a\u00e2r\u0103u (Universitatea Babe\u0219-Bolyai, Cluj-Napoca), Assist. prof. dr. Roland Clarck, Eastern Connecticut State University, Assist. prof. dr. Jill Massino (University of North Carolina-Charlotte, SUA), Dr. Cristina Diac (C\u0218 III, INST-Academia Rom\u00e2n\u0103), Lect.dr. Dan Dr\u0103ghia (Universitatea din Bucure\u0219ti), Liviu Ple\u0219a (cercet\u0103tor, CNSAS), dr. Raul C\u00e2rstocea (Associate Senior Researcher- European Institute for Minorities Issues, Germania), dr. Raluca Grosescu (Postdoctoral researcher, University of Exeter, Marea Britanie) \u0219i dr. Adam Kozuchowski (Cercet\u0103tor la Institutul de Istorie al Academiei Poloneze de \u0218tiin\u021be).<\/p>\n\n\n\n<p class=\"wp-block-paragraph\"><br><strong>Scopul<\/strong>&nbsp;acestui centru este este&nbsp;<strong>dezvoltarea \u00eenv\u0103\u0163\u0103m\u00e2ntului \u015fi cercet\u0103rii \u015ftiin\u0163ifice<\/strong>, a perfec\u0163ion\u0103rii inova\u0163iilor metodologice de tip interdisciplinar \u00een domeniul istoriei contemporane rom\u00e2ne\u015fti \u015fi universale (sec. XX, XXI), mai ales \u00een urm\u0103toarele subdomenii disciplinare: istorie politic\u0103, teoria \u015fi filozofia istoriei, memorie \u015fi istorie, istorie cultural\u0103, istorie social\u0103, istorie oral\u0103, istoria \u015ftiin\u0163elor, psihoistorie, istorie economic\u0103, microistorie, istorie urban\u0103, arheologie contemporan\u0103, istoria artei, istorie global\u0103 \u015fi comparat\u0103, istoria dreptului, tranzitologie.<\/p>\n\n\n\n<p class=\"wp-block-paragraph\"><br>\u00cen prezent, \u00een cadrul CCICC se deruleaz\u0103 proiectul de cercetare exploratorie intitulat&nbsp;<em>Membri,&nbsp;simpatizan\u0163i, conpiratori&nbsp;\u015fi &#8222;tovar\u0103\u015fi de drum&#8221;. Componen\u0163a Partidului Comunist din Rom\u00e2nia \u00een perioada ilegalit\u0103\u0163ii-Studii prosopografice<\/em>. (cod: PN-II-ID-PCE-2012-4-05940) finan\u021bat de c\u0103tre Ministerul Educa\u0163iei Na\u0163ionale, CNCS \u2013 UEFISCDI, director de proiect: prof. univ. dr. Adrian Cioroianu (detalii pe&nbsp;<a rel=\"noreferrer noopener\" href=\"http:\/\/www.andco.ro\/\" target=\"_blank\">www.andco.ro<\/a>).&nbsp;<br><\/p>\n\n\n\n<p class=\"wp-block-paragraph\"><br>CCICC \u00eencurajeaz\u0103 colaborarea dintre tinerii cercet\u0103tori \u0219i cercet\u0103torii experimenta\u021bidin domeniul Istoriei Contemporane, \u0219i este deschis colabor\u0103rilor cu to\u021bi cei interesa\u021bi: cadre didactice \u0219i de cercetare ale Universit\u0103\u021bii din Bucure\u0219ti sau ale altor institu\u021bii educa\u021bionale din \u021bar\u0103 \u0219i str\u0103in\u0103tate, dar \u0219i ONG-uri \u0219i alte asocia\u021bii profesionale care activeaz\u0103 \u00een domeniul istoriei contemporane, studen\u021bi, masteranzi, doctoranzi.<\/p>\n\n\n\n<p class=\"wp-block-paragraph\">Pentru orice fel de detalii suplimentare privind CCICC v\u0103 rugam sa o contacta\u021bi pe Corina Dobos, coordonatorul administrativ al CCICC, la adresa&nbsp;<a rel=\"noreferrer noopener\" href=\"mailto:cori.dobos@gmail.com\" target=\"_blank\">cori.dobos@gmail.com<\/a><\/p>\n","protected":false},"excerpt":{"rendered":"<p>Centrul de Cercet\u0103ri \u00een Istorie Contemporan\u0103 \u201eCont*texte\u201d (CCICC)&nbsp;este un centru de cercetare f\u0103r\u0103 personalitate juridic\u0103, subordonat Consiliului Facult\u0103\u0163ii de Istorie \u015fi Rectoratului Universit\u0103\u0163ii din Bucure\u015fti, aflat \u00een regim de auto-finan\u021bare. CCICC a fost \u00eenfiin\u021bat prin Decizia nr. 310\/11.03.2013 a Rectorului Universit\u0103\u021bii din Bucure\u0219ti, av\u00e2ndu-l ca director pe prof. univ. dr. Adrian Cioroianu. Sediul CCICC este [&hellip;]<\/p>\n","protected":false},"author":2,"featured_media":0,"parent":433,"menu_order":0,"comment_status":"closed","ping_status":"closed","template":"","meta":{"_crdt_document":"","jetpack_post_was_ever_published":false,"footnotes":""},"class_list":["post-454","page","type-page","status-publish","hentry"],"jetpack_sharing_enabled":true,"jetpack_shortlink":"https:\/\/wp.me\/PaobZd-7k","jetpack-related-posts":[],"_links":{"self":[{"href":"https:\/\/istorie.unibuc.ro\/facultate\/wp-json\/wp\/v2\/pages\/454","targetHints":{"allow":["GET"]}}],"collection":[{"href":"https:\/\/istorie.unibuc.ro\/facultate\/wp-json\/wp\/v2\/pages"}],"about":[{"href":"https:\/\/istorie.unibuc.ro\/facultate\/wp-json\/wp\/v2\/types\/page"}],"author":[{"embeddable":true,"href":"https:\/\/istorie.unibuc.ro\/facultate\/wp-json\/wp\/v2\/users\/2"}],"replies":[{"embeddable":true,"href":"https:\/\/istorie.unibuc.ro\/facultate\/wp-json\/wp\/v2\/comments?post=454"}],"version-history":[{"count":1,"href":"https:\/\/istorie.unibuc.ro\/facultate\/wp-json\/wp\/v2\/pages\/454\/revisions"}],"predecessor-version":[{"id":455,"href":"https:\/\/istorie.unibuc.ro\/facultate\/wp-json\/wp\/v2\/pages\/454\/revisions\/455"}],"up":[{"embeddable":true,"href":"https:\/\/istorie.unibuc.ro\/facultate\/wp-json\/wp\/v2\/pages\/433"}],"wp:attachment":[{"href":"https:\/\/istorie.unibuc.ro\/facultate\/wp-json\/wp\/v2\/media?parent=454"}],"curies":[{"name":"wp","href":"https:\/\/api.w.org\/{rel}","templated":true}]}}