{"id":3922,"date":"2020-05-13T14:03:03","date_gmt":"2020-05-13T14:03:03","guid":{"rendered":"https:\/\/istorie.unibuc.ro\/?page_id=3922"},"modified":"2020-05-13T14:03:06","modified_gmt":"2020-05-13T14:03:06","slug":"conf-univ-dr-florica-bohiltea-mihut","status":"publish","type":"page","link":"https:\/\/istorie.unibuc.ro\/facultate\/departamente\/istorie-antica-arheologie-si-istoria-artei\/conf-univ-dr-florica-bohiltea-mihut\/","title":{"rendered":"Conf. Univ. Dr. Florica (Boh\u00eel\u021bea) Mihu\u021b"},"content":{"rendered":"\n<p class=\"wp-block-paragraph\">Domenii de interes: <\/p>\n\n\n\n<ul class=\"wp-block-list\"><li>Istorie Antic\u0103 \u2013 Istorie social\u0103 a Romei antice<\/li><li>art\u0103 roman\u0103 antic\u0103<\/li><li>studii de gen<\/li><li>antropologie \u0219i etnologie.<\/li><\/ul>\n\n\n\n<p class=\"wp-block-paragraph\"><strong>Contribu\u021bii referitoare la istoria social\u0103 a Romei, istoria artei Romei antice, cultura material\u0103 din mediul rural rom\u00e2nesc \u00een perioada sec. XX-XXI; printre cele mai recente:<\/strong><\/p>\n\n\n\n<ul class=\"wp-block-list\"><li>\u201dEthnologie et identit\u00e9 europ\u00e9enne. Un projet intellectuel franco-roumain dans les derni\u00e8res ann\u00e9es du r\u00e9gime communiste\u201d, \u00een Ecaterina Lung et alii (coord.), <em>Les constructions identitaires dans les espaces francophones d\u2019Europe Orientale et d\u2019Afrique, <\/em>Publications de l\u2019Institut des Etudes Africaines, 2015, Bucarest-Rabat, pp. 391-406.<\/li><li>\u201dBody and Embellishment \u2013 Ovidian Reflections\u201d, in <em>Revista CICSA<\/em>-online, nr. 2\/2016, pp. 76-85; ISSN 2457 &#8211; 3809.<\/li><li>\u201dConsidera\u021bii privind produc\u021bia de c\u0103r\u0103mizi romane la Romula, procese tehnologice \u0219i produse\u201d, \u00een <em>Arheovest V1<\/em> &#8211; <em>Interdisciplinaritate \u00een arheologie \u0219i istorie. In honorem Doina Benea, Archaevest<\/em>, JATEPress Kiad\u00f3, Szeged, 2017, pp. 451-467 (co-author).<\/li><li>\u201d\u00abLa mas\u0103 cu \u00eemp\u0103ratul\u00bb &#8211; o lectur\u0103 a convivialit\u0103\u021bii \u00een primul secol al Imperiului Roman\u201d, \u00een Th. Georgescu, Ioana Munteanu, Simona Nicolae (eds), <em>Avatarurile banchetului. Perspective trans- \u0219i interculturale<\/em>, Actele Colocviului na\u021bional organizat de Departamentul de Filologie Clasic\u0103 \u0219i Neogreac\u0103 \u0219i de Institutul de Studii Clasice din Facultatea de Limbi \u0219i Literaturi Str\u0103ine, edi\u021bia a IV-a, Bucure\u0219ti, 4 iunie 2016, Bucure\u0219ti, Editura Universit\u0103\u021bii din Bucure\u0219ti, 2017, pp. 123-132<\/li><li>\u201dArhitectur\u0103 domestic\u0103 rural\u0103 \u2013 \u00eentre tradi\u021bii \u0219i modernitate: comuna Bisoca, jud Buz\u0103u\u201d, \u00een N.\u2013A. \u0218tiuc\u0103, A. Stoicescu, <em>Terenuri noi, metode noi. Mihai Pop 110 de la na\u0219tere<\/em>, Editura Universit\u0103\u021bii din Bucure\u0219ti, Bucure\u0219ti, 2018, pp. 163-181.<\/li><li>-\u201dValoarea coresponden\u021bei personale \u0219i oficiale a \u00eemp\u0103ra\u021bilor romani \u00een Imperiul clasic \u0219i t\u00e2rziu \u2013 modele politice, modele culturale , \u00een <em>Classica et Christiana<\/em>, Ia\u0219i, 14\/2019, pp. 9-24.<\/li><li><em>Building a House in Rural Romania before and after 1989<\/em>, Cambridge Scholar Publishing, Newcastle upon Tyne, 2019.<\/li><\/ul>\n","protected":false},"excerpt":{"rendered":"<p>Domenii de interes: Istorie Antic\u0103 \u2013 Istorie social\u0103 a Romei antice art\u0103 roman\u0103 antic\u0103 studii de gen antropologie \u0219i etnologie. Contribu\u021bii referitoare la istoria social\u0103 a Romei, istoria artei Romei antice, cultura material\u0103 din mediul rural rom\u00e2nesc \u00een perioada sec. XX-XXI; printre cele mai recente: \u201dEthnologie et identit\u00e9 europ\u00e9enne. Un projet intellectuel franco-roumain dans les [&hellip;]<\/p>\n","protected":false},"author":2,"featured_media":0,"parent":173,"menu_order":0,"comment_status":"closed","ping_status":"closed","template":"","meta":{"_crdt_document":"","jetpack_post_was_ever_published":false,"footnotes":""},"class_list":["post-3922","page","type-page","status-publish","hentry"],"jetpack_sharing_enabled":true,"jetpack_shortlink":"https:\/\/wp.me\/PaobZd-11g","jetpack-related-posts":[],"_links":{"self":[{"href":"https:\/\/istorie.unibuc.ro\/facultate\/wp-json\/wp\/v2\/pages\/3922","targetHints":{"allow":["GET"]}}],"collection":[{"href":"https:\/\/istorie.unibuc.ro\/facultate\/wp-json\/wp\/v2\/pages"}],"about":[{"href":"https:\/\/istorie.unibuc.ro\/facultate\/wp-json\/wp\/v2\/types\/page"}],"author":[{"embeddable":true,"href":"https:\/\/istorie.unibuc.ro\/facultate\/wp-json\/wp\/v2\/users\/2"}],"replies":[{"embeddable":true,"href":"https:\/\/istorie.unibuc.ro\/facultate\/wp-json\/wp\/v2\/comments?post=3922"}],"version-history":[{"count":1,"href":"https:\/\/istorie.unibuc.ro\/facultate\/wp-json\/wp\/v2\/pages\/3922\/revisions"}],"predecessor-version":[{"id":3923,"href":"https:\/\/istorie.unibuc.ro\/facultate\/wp-json\/wp\/v2\/pages\/3922\/revisions\/3923"}],"up":[{"embeddable":true,"href":"https:\/\/istorie.unibuc.ro\/facultate\/wp-json\/wp\/v2\/pages\/173"}],"wp:attachment":[{"href":"https:\/\/istorie.unibuc.ro\/facultate\/wp-json\/wp\/v2\/media?parent=3922"}],"curies":[{"name":"wp","href":"https:\/\/api.w.org\/{rel}","templated":true}]}}