{"id":368,"date":"2018-10-26T17:08:17","date_gmt":"2018-10-26T17:08:17","guid":{"rendered":"http:\/\/newhis.bucharest.university\/?page_id=368"},"modified":"2018-10-26T17:08:20","modified_gmt":"2018-10-26T17:08:20","slug":"asociatia-studentilor-la-istorie-dacia","status":"publish","type":"page","link":"https:\/\/istorie.unibuc.ro\/facultate\/studenti\/asociatia-studentilor-la-istorie-dacia\/","title":{"rendered":"Asocia\u021bia Studen\u021bilor la Istorie \u201eDacia\u201d"},"content":{"rendered":"\n<p class=\"wp-block-paragraph\">A.S.I.D. este o organiza\u0163ie nonguvernamental\u0103, non-profit \u015fi apolitic\u0103, singura asocia\u0163ie reprezentativ\u0103 a studen\u0163ilor din Facultatea de Istorie, \u00eenfiin\u0163at\u0103 la 6 aprilie 2005. Activitatea Asocia\u0163iei Studen\u0163ilor la Istorie \u201eDacia\u201d (ASID) este definit\u0103 \u00een primul r\u00e2nd de ini\u021biative menite s\u0103 genereze integrarea studen\u0163ilor \u00eentr-un mediu social, cultural \u015fi sportiv activ, prin promovarea voluntariatului, a spiritului civic \u015fi a implic\u0103rii sociale.<br>\n\u00cen acela\u0219i timp, proiectele desf\u0103\u0219urate de ASID eviden\u021biaz\u0103 permanenta aten\u021bie acordat\u0103 procesului educa\u021bional prin organizarea \/ participarea studen\u021bilor facult\u0103\u021bii la conferin\u0163e\/colocvii\/seminarii desf\u0103\u0219urate at\u00e2t la nivel de facultate, la nivel na\u021bional, dar \u0219i la nivel interna\u021bional, ASID fiind unul dintre cei mai activi membri ai ISHA (International Students of History Association). Totodat\u0103, realizarea unor facilit\u0103\u0163i pentru studen\u0163ii facult\u0103\u0163ii, prin punerea la dispozi\u0163ie a mijloacelor necesare unui studiu complet \u015fi eficientizarea dialogului cu conducerea Facult\u0103\u0163ii de Istorie se reg\u0103sesc pe lista obiectivelor vizate de ASID.<br>\nC\u00e2teva dintre cele mai semnificative proiecte A.S.I.D. sunt: Sesiunea Na\u0163ional\u0103 de Comunic\u0103ri \u015etiin\u0163ifice, \u0218coala de Oameni Mari \u2013 program de intership-uri, \u0218coala de var\u0103 IRIR , ASID StudBook \u2013 t\u00e2rg de carte studen\u021beasc\u0103, Balul Bobocilor, Serata de Cr\u0103ciun, ISHA Summer Seminar, etc.<\/p>\n\n\n\n<div class=\"wp-block-cover has-background-dim is-layout-flow wp-block-cover-is-layout-flow\" style=\"background-image:url(http:\/\/newhis.bucharest.university\/wp-content\/uploads\/2018\/10\/PIC7586.jpg)\"><\/div>\n\n\n\n<p class=\"wp-block-paragraph\">Activitatea interna\u021bional\u0103 ASID are dou\u0103 direc\u021bii:<br>\n\u2022 Erasmus+ presupune desf\u0103\u0219urarea a numeroase proiecte interna\u021bionale finan\u021bate de Comisia European\u0103. P\u00e2n\u0103 \u00een prezent, am derulat 13 astfel de proiecte, cu participarea a 150 de studen\u0163i ai Facult\u0103\u0163ii de Istorie.<br>\n\u2022 ISHA este o organiza\u0163ie interna\u0163ional\u0103, non-profit, re\u0163ea independent\u0103 de studen\u0163i pasiona\u0163i de istorie, singura organiza\u0163ie non-guvernamental\u0103 de profil activ\u0103 la nivel european. La nivelul ISHA activeaz\u0103 \u00een prezent 22 de asocia\u0163ii studen\u0163e\u015fti din Europa. ISHA Bucharest, reprezentat\u0103 prin Asocia\u0163ia Studen\u0163ilor la Istorie \u201eDacia\u201d, a fost \u00eenfiin\u021bat\u0103 \u00een august 2010 \u015fi p\u00e2n\u0103 \u00een prezent a organizat evenimente interna\u0163ionale importante, \u00een diferite ora\u0219e europene (Paris, Berlin), la care membrii ASID au participat.<br>\nValorile care ne caracterizeaz\u0103 sunt eficien\u0163a, seriozitatea, profesionalismul, creativitatea \u015fi mai ales spiritul de echip\u0103. \u00cembinarea acestor valori ne-a permis s\u0103 ne concretizam toate proiectele pe care le-am conceput, ne-a oferit siguran\u0163\u0103 la \u00eenceput de drum \u015fi ajutor pe parcurs.<\/p>\n\n\n\n<p class=\"wp-block-paragraph\">Ana \u2013 Maria M\u0103li\u015fc\u0103 \u2013 Pre\u015fedinte \u2013 anamalisca@gmail.com<\/p>\n\n\n\n<p class=\"wp-block-paragraph\">Alex Arcadie Stoica \u2013 Vicepre\u0219edinte \u2013 arcadie97@gmail.com<\/p>\n\n\n\n<p class=\"wp-block-paragraph\">Teodora Chiri\u0163oiu \u2013 Secretar General- teodora_chiritoiu@yahoo.com<\/p>\n","protected":false},"excerpt":{"rendered":"<p>A.S.I.D. este o organiza\u0163ie nonguvernamental\u0103, non-profit \u015fi apolitic\u0103, singura asocia\u0163ie reprezentativ\u0103 a studen\u0163ilor din Facultatea de Istorie, \u00eenfiin\u0163at\u0103 la 6 aprilie 2005. Activitatea Asocia\u0163iei Studen\u0163ilor la Istorie \u201eDacia\u201d (ASID) este definit\u0103 \u00een primul r\u00e2nd de ini\u021biative menite s\u0103 genereze integrarea studen\u0163ilor \u00eentr-un mediu social, cultural \u015fi sportiv activ, prin promovarea voluntariatului, a spiritului civic \u015fi [&hellip;]<\/p>\n","protected":false},"author":2,"featured_media":0,"parent":353,"menu_order":0,"comment_status":"closed","ping_status":"closed","template":"","meta":{"_crdt_document":"","footnotes":""},"class_list":["post-368","page","type-page","status-publish","hentry"],"jetpack_sharing_enabled":true,"jetpack_shortlink":"https:\/\/wp.me\/PaobZd-5W","jetpack-related-posts":[],"_links":{"self":[{"href":"https:\/\/istorie.unibuc.ro\/facultate\/wp-json\/wp\/v2\/pages\/368","targetHints":{"allow":["GET"]}}],"collection":[{"href":"https:\/\/istorie.unibuc.ro\/facultate\/wp-json\/wp\/v2\/pages"}],"about":[{"href":"https:\/\/istorie.unibuc.ro\/facultate\/wp-json\/wp\/v2\/types\/page"}],"author":[{"embeddable":true,"href":"https:\/\/istorie.unibuc.ro\/facultate\/wp-json\/wp\/v2\/users\/2"}],"replies":[{"embeddable":true,"href":"https:\/\/istorie.unibuc.ro\/facultate\/wp-json\/wp\/v2\/comments?post=368"}],"version-history":[{"count":1,"href":"https:\/\/istorie.unibuc.ro\/facultate\/wp-json\/wp\/v2\/pages\/368\/revisions"}],"predecessor-version":[{"id":370,"href":"https:\/\/istorie.unibuc.ro\/facultate\/wp-json\/wp\/v2\/pages\/368\/revisions\/370"}],"up":[{"embeddable":true,"href":"https:\/\/istorie.unibuc.ro\/facultate\/wp-json\/wp\/v2\/pages\/353"}],"wp:attachment":[{"href":"https:\/\/istorie.unibuc.ro\/facultate\/wp-json\/wp\/v2\/media?parent=368"}],"curies":[{"name":"wp","href":"https:\/\/api.w.org\/{rel}","templated":true}]}}