{"id":3586,"date":"2020-03-11T11:07:09","date_gmt":"2020-03-11T11:07:09","guid":{"rendered":"https:\/\/istorie.unibuc.ro\/?page_id=3586"},"modified":"2020-07-16T16:02:26","modified_gmt":"2020-07-16T16:02:26","slug":"prof-univ-dr-miron-ciho","status":"publish","type":"page","link":"https:\/\/istorie.unibuc.ro\/facultate\/departamente\/istorie-antica-arheologie-si-istoria-artei\/prof-univ-dr-miron-ciho\/","title":{"rendered":"Prof. Univ. Dr. Miron Ciho"},"content":{"rendered":"\n<div class=\"wp-block-image\"><figure class=\"alignright size-large is-resized\"><img data-recalc-dims=\"1\" loading=\"lazy\" decoding=\"async\" data-attachment-id=\"4344\" data-permalink=\"https:\/\/istorie.unibuc.ro\/facultate\/departamente\/istorie-antica-arheologie-si-istoria-artei\/prof-univ-dr-miron-ciho\/mc-2009-bern\/\" data-orig-file=\"https:\/\/i0.wp.com\/istorie.unibuc.ro\/wp-content\/uploads\/2020\/07\/MC-2009-Bern.jpg?fit=552%2C567&amp;ssl=1\" data-orig-size=\"552,567\" data-comments-opened=\"0\" data-image-meta=\"{&quot;aperture&quot;:&quot;7.6&quot;,&quot;credit&quot;:&quot;&quot;,&quot;camera&quot;:&quot;HP Photosmart M440&quot;,&quot;caption&quot;:&quot;&quot;,&quot;created_timestamp&quot;:&quot;1248963542&quot;,&quot;copyright&quot;:&quot;&quot;,&quot;focal_length&quot;:&quot;14&quot;,&quot;iso&quot;:&quot;100&quot;,&quot;shutter_speed&quot;:&quot;0.003675&quot;,&quot;title&quot;:&quot;&quot;,&quot;orientation&quot;:&quot;0&quot;}\" data-image-title=\"MC-2009-Bern\" data-image-description=\"\" data-image-caption=\"\" data-large-file=\"https:\/\/i0.wp.com\/istorie.unibuc.ro\/wp-content\/uploads\/2020\/07\/MC-2009-Bern.jpg?fit=552%2C567&amp;ssl=1\" src=\"https:\/\/i0.wp.com\/istorie.unibuc.ro\/wp-content\/uploads\/2020\/07\/MC-2009-Bern.jpg?resize=234%2C240&#038;ssl=1\" alt=\"\" class=\"wp-image-4344\" width=\"234\" height=\"240\" srcset=\"https:\/\/i0.wp.com\/istorie.unibuc.ro\/wp-content\/uploads\/2020\/07\/MC-2009-Bern.jpg?w=552&amp;ssl=1 552w, https:\/\/i0.wp.com\/istorie.unibuc.ro\/wp-content\/uploads\/2020\/07\/MC-2009-Bern.jpg?resize=292%2C300&amp;ssl=1 292w\" sizes=\"auto, (max-width: 234px) 100vw, 234px\" \/><\/figure><\/div>\n\n\n\n<p class=\"wp-block-paragraph\"><strong>Prof.univ.dr. Miron Ciho<\/strong><\/p>\n\n\n\n<p class=\"wp-block-paragraph\"><strong>Interese \u0219tiin\u021bifice: Egiptologie<\/strong><\/p>\n\n\n\n<p class=\"wp-block-paragraph\"><strong>Cursuri: <\/strong><\/p>\n\n\n\n<ul class=\"wp-block-list\"><li>Religia egiptean\u0103 antic\u0103<\/li><li>Politic\u0103 \u0219i strategie \u00een lumea antic\u0103<\/li><li>Art\u0103 \u0219i antichit\u0103\u021bi egiptene<\/li><li>Art\u0103 \u0219i antichit\u0103\u021bi orientale<\/li><li>Ist. Orientului \u0219i Asiei \u00een antichitate:\nciviliza\u021bia Egiptului faraonic <\/li><li>Limba egiptean\u0103 antic\u0103<\/li><li>Epigrafie egiptean\u0103<\/li><li>Cultul ossiriac \u00een lumea antic\u0103<\/li><li>Magia \u00een civiliza\u021bia Egiptului antic<\/li><\/ul>\n\n\n\n<p class=\"wp-block-paragraph\"><strong>Studii<\/strong>: Universitatea\n\u201cAl. I. Cuza\u201c Ia\u015fi, Facultatea de Istorie-filosofie(1977-1981).<\/p>\n\n\n\n<p class=\"wp-block-paragraph\">Doctor \u00een\nistorie(2000), Universitatea din Bucure\u015fti(<em>Titlul tezei<\/em>:&nbsp;<strong>Plutarchi\n\u201eDe Iside et Osiride\u201c \u015fi civiliza\u0163ia Egiptului greco-roman<\/strong>, 344 pp.)<\/p>\n\n\n\n<p class=\"wp-block-paragraph\"><strong>Asocia\u021bii \u0219i centre \u0219tiin\u021bifice<\/strong>: membru al\nAsociatiei Interna\u0163ionale a Egiptologilor; membru al Centrului de Istorie\nComparat\u0103 a Societ\u0103\u0163ilor Antice, membru al Seminarului de arheologie \u201eVasile\nP\u00e2rvan\u201d-Univ. din Bucure\u015fti.<\/p>\n\n\n\n<p class=\"wp-block-paragraph\"><strong>Specializ\u0103ri<\/strong>:<\/p>\n\n\n\n<ol class=\"wp-block-list\"><li>1982-1984- specializare \u00een egiptologie la\n     Universitatea E\u00f6tv\u00f6s Lor\u00e1nd din Budapesta &nbsp;( cu Prof. Dr. V.\n     Wessetzky si Prof. Dr. L. K\u00e1kosy). Studiul limbii \u015fi scrierii\n     medio-egiptean\u0103 \u015fi al magiei faraonice.<\/li><li>1990- iulie-august- burs\u0103 a Academiei Regale\n     din Olanda, Leiden (Prof. Dr. H. D. Schneider, Rijksmuseum van\n     Oudheden-Leiden). Prelucrarea statuetelor funerare egiptene antice\n     (shabti) aflate \u00een colec\u0163iile muzeelor rom\u00e2ne\u015fti;<\/li><li>1990 \u2013 1991 studii doctorale la Universitatea\n     E\u00f6tv\u00f6s Lor\u00e1nd din Budapesta sub coordonarea Prof. Dr. L. K\u00e1kosy, cu\n     tema:&nbsp;<strong>Catalogul obiectelor de factura magic\u0103 \u00een colec\u021biile\n     Muzeului Egiptean din Cairo, muzeele din Berlin, Munchen, Stockholm si\n     Leiden.&nbsp;<\/strong>&nbsp;<\/li><li>Noiembrie 1990 &#8211; ianuarie1991 &#8211; burs\u0103 DAAD,\n     Berlin-Charlottenburg (Prof. Dr. D. Wildung, Agyptisches Museum-Berlin).\n     Elaborarea unei istorii a civiliza\u0163iei fara-onice(\u00een beneficul\n     studen\u021bilor, nepublicat\u0103) ; studiul statuetelor magice inedite de la\n     \u00c4gyptisches Museum, Staatliche Museen-Berlin.<\/li><li>August &#8211; decembrie 1992 &#8211; burs\u0103 de\n     specializare oferit\u0103 de Sverige Institutet- Stockholm (Prof. Dr. B. J.\n     Peterson, Medelhavsmuseet &#8211; Stockholm). Studiul evolu\u021biei vie\u0163ii urbane \u00een\n     Egiptul faraonic \u015fi antichitate, \u00een general. &nbsp;<\/li><li>\u00cen 1994, \u00eenscrierea la doctorat la\n     Universitatea din Bucure\u0219ti, Facultatea de Istorie, cu tema&nbsp;<strong>Plutarchi\n     \u201eDe Iside et Osiride\u201c \u015fi civiliza\u0163ia Egiptului greco-roman,&nbsp;<\/strong>conduc\u0103tor\n     \u0219tiin\u021bific Prof. Dr. Z.Petre.<\/li><li>1995,1996, 1997 si 1999 (3 luni\/an),\n     cercet\u0103tor asociat la Institutul Francez de Arheologie Oriental\u0103 din\n     Cairo(IFAO). Temele de cercetare: prelucrarea obiectelor magice inedite de\n     la Muzeul Egiptean din Cairo; elaborarea unor lucr\u0103ri didactice cu privire\n     la scrierea hieroglific\u00e3 \u015fi cea hieratic\u00e3; preg\u0103tirea pentru tipar a unei\n     traduceri de texte magice egiptene antice, inexistente \u00een literatura\n     rom\u00e2neasc\u0103 de specialitate;<\/li><li>septembrie-octombrie 2001, stagiu de cercetare\n     la Catedra de Egiptologie a Univesit\u0103\u0163ii E\u00f6tv\u00f6s Lor\u00e1nd din Budapesta.\n     Schimb de experien\u0163\u0103 privind metode de predare ale medio-egiptenei \u015fi\n     documentare bibliografic\u0103 cu privire la elaborarea a dou\u0103 lucr\u0103ri:&nbsp;<em>Faraonii\n     Egiptului<\/em>&nbsp;&nbsp; \u015fi&nbsp;<em>Tipologia a\u015fez\u0103rilor faraonice<\/em>(prima\n     publicat\u0103, a doua \u00eenc\u0103 \u00een preg\u0103tire).<\/li><li>2015, 2016, 2017, 2018, 2019 \u2013 stagii de\n     documentare la Univ. Karolyi Gaspar din Budapesta, cu sus\u021binerea\n     Universit\u0103\u021bii din Bucure\u0219ti.<\/li><li>2016 \u2013 Schimb de experien\u021b\u0103 la Muzeul Pushkin\n     din Moscova.<\/li><\/ol>\n\n\n\n<p class=\"wp-block-paragraph\"><strong><a href=\"http:\/\/unibuc.academia.edu\/MCIHO\" data-type=\"URL\" data-id=\"http:\/\/unibuc.academia.edu\/MCIHO\">PUBLICA\u021aII:\u00a0<\/a><\/strong><\/p>\n\n\n\n<p class=\"wp-block-paragraph\"><a href=\"https:\/\/unibuc.academia.edu\/MCIHO\">https:\/\/unibuc.academia.edu\/MCIHO<\/a><\/p>\n","protected":false},"excerpt":{"rendered":"<p>Prof.univ.dr. Miron Ciho Interese \u0219tiin\u021bifice: Egiptologie Cursuri: Religia egiptean\u0103 antic\u0103 Politic\u0103 \u0219i strategie \u00een lumea antic\u0103 Art\u0103 \u0219i antichit\u0103\u021bi egiptene Art\u0103 \u0219i antichit\u0103\u021bi orientale Ist. Orientului \u0219i Asiei \u00een antichitate: civiliza\u021bia Egiptului faraonic Limba egiptean\u0103 antic\u0103 Epigrafie egiptean\u0103 Cultul ossiriac \u00een lumea antic\u0103 Magia \u00een civiliza\u021bia Egiptului antic Studii: Universitatea \u201cAl. I. Cuza\u201c Ia\u015fi, Facultatea [&hellip;]<\/p>\n","protected":false},"author":2,"featured_media":0,"parent":173,"menu_order":0,"comment_status":"closed","ping_status":"closed","template":"","meta":{"_crdt_document":"","jetpack_post_was_ever_published":false,"footnotes":""},"class_list":["post-3586","page","type-page","status-publish","hentry"],"jetpack_sharing_enabled":true,"jetpack_shortlink":"https:\/\/wp.me\/PaobZd-VQ","jetpack-related-posts":[],"_links":{"self":[{"href":"https:\/\/istorie.unibuc.ro\/facultate\/wp-json\/wp\/v2\/pages\/3586","targetHints":{"allow":["GET"]}}],"collection":[{"href":"https:\/\/istorie.unibuc.ro\/facultate\/wp-json\/wp\/v2\/pages"}],"about":[{"href":"https:\/\/istorie.unibuc.ro\/facultate\/wp-json\/wp\/v2\/types\/page"}],"author":[{"embeddable":true,"href":"https:\/\/istorie.unibuc.ro\/facultate\/wp-json\/wp\/v2\/users\/2"}],"replies":[{"embeddable":true,"href":"https:\/\/istorie.unibuc.ro\/facultate\/wp-json\/wp\/v2\/comments?post=3586"}],"version-history":[{"count":2,"href":"https:\/\/istorie.unibuc.ro\/facultate\/wp-json\/wp\/v2\/pages\/3586\/revisions"}],"predecessor-version":[{"id":4345,"href":"https:\/\/istorie.unibuc.ro\/facultate\/wp-json\/wp\/v2\/pages\/3586\/revisions\/4345"}],"up":[{"embeddable":true,"href":"https:\/\/istorie.unibuc.ro\/facultate\/wp-json\/wp\/v2\/pages\/173"}],"wp:attachment":[{"href":"https:\/\/istorie.unibuc.ro\/facultate\/wp-json\/wp\/v2\/media?parent=3586"}],"curies":[{"name":"wp","href":"https:\/\/api.w.org\/{rel}","templated":true}]}}