{"id":2410,"date":"2019-04-17T12:56:26","date_gmt":"2019-04-17T12:56:26","guid":{"rendered":"https:\/\/istorie.unibuc.ro\/?page_id=2410"},"modified":"2025-05-13T08:32:30","modified_gmt":"2025-05-13T08:32:30","slug":"tabere-studentesti","status":"publish","type":"page","link":"https:\/\/istorie.unibuc.ro\/facultate\/studenti\/tabere-studentesti\/","title":{"rendered":"Tabere Studentesti"},"content":{"rendered":"\n<hr class=\"wp-block-separator has-alpha-channel-opacity\"\/>\n\n\n\n<p class=\"wp-block-paragraph\"><strong>TABERE STUDEN\u021aE\u0218TI \u2013 VARA 2025<\/strong><\/p>\n\n\n\n<p class=\"wp-block-paragraph\">Cererile semnate de studen\u021bi, vor fi \u00eenso\u021bite de documentele justificative care atest\u0103 situa\u021bia rezultatelor deosebite ob\u021binute la \u00eenv\u0103\u021b\u0103tur\u0103, implicarea \u00een activit\u0103\u021bi extracurriculare sau \u00eencadrarea studentului \u00een unul dintre cazurile sociale prev\u0103zute la art. 5 alin. (1) lit. a) \u0219i vor primi un num\u0103r de \u00eenregistrare de la secretariatul facult\u0103\u021bii;<\/p>\n\n\n\n<p class=\"wp-block-paragraph\"><strong>Cererile se pot depune &nbsp;\u00een perioada 05.05. \u2013 02.06.2025 prin e-mail pe adresa secretarei de an.<\/strong><\/p>\n\n\n\n<p class=\"wp-block-paragraph\"><strong>Calendar Tabere, Universitatea din Bucure\u0219ti<\/strong><\/p>\n\n\n\n<div class=\"wp-block-file\"><a id=\"wp-block-file--media-f313cb46-eeda-47f7-85b9-e1c37ca34baa\" href=\"https:\/\/istorie.unibuc.ro\/wp-content\/uploads\/2025\/05\/Calendar-desfasurare-TS-2025.pdf\" target=\"_blank\" rel=\"noreferrer noopener\">Calendar-desfasurare-TS-2025<\/a><a href=\"https:\/\/istorie.unibuc.ro\/wp-content\/uploads\/2025\/05\/Calendar-desfasurare-TS-2025.pdf\" class=\"wp-block-file__button wp-element-button\" download aria-describedby=\"wp-block-file--media-f313cb46-eeda-47f7-85b9-e1c37ca34baa\">Descarc\u0103<\/a><\/div>\n\n\n\n<p class=\"wp-block-paragraph\"><strong>Metodologie Tabere 2025<\/strong><\/p>\n\n\n\n<div class=\"wp-block-file\"><a id=\"wp-block-file--media-db7d2534-8c12-447e-abde-815b22a96ff9\" href=\"https:\/\/istorie.unibuc.ro\/wp-content\/uploads\/2025\/05\/Metodologie-Tabere-studentesti-2025-MO-Partea-I-nr.-1320Bis.pdf\" target=\"_blank\" rel=\"noreferrer noopener\">Metodologie-Tabere-studentesti-2025-MO-Partea-I-nr.-1320Bis<\/a><a href=\"https:\/\/istorie.unibuc.ro\/wp-content\/uploads\/2025\/05\/Metodologie-Tabere-studentesti-2025-MO-Partea-I-nr.-1320Bis.pdf\" class=\"wp-block-file__button wp-element-button\" download aria-describedby=\"wp-block-file--media-db7d2534-8c12-447e-abde-815b22a96ff9\">Descarc\u0103<\/a><\/div>\n\n\n\n<p class=\"wp-block-paragraph\"><strong>Perioade derulare tabere<\/strong><\/p>\n\n\n\n<div class=\"wp-block-file\"><a id=\"wp-block-file--media-9aef33a5-899e-4d4e-ae68-88bfbe031735\" href=\"https:\/\/istorie.unibuc.ro\/wp-content\/uploads\/2025\/05\/Perioade-derulare-tabere.pdf\" target=\"_blank\" rel=\"noreferrer noopener\">Perioade-derulare-tabere<\/a><a href=\"https:\/\/istorie.unibuc.ro\/wp-content\/uploads\/2025\/05\/Perioade-derulare-tabere.pdf\" class=\"wp-block-file__button wp-element-button\" download aria-describedby=\"wp-block-file--media-9aef33a5-899e-4d4e-ae68-88bfbe031735\">Descarc\u0103<\/a><\/div>\n\n\n\n<p class=\"wp-block-paragraph\"><strong>Cerere individual\u0103<\/strong>&nbsp;pentru ocuparea unui loc \u00een cadrul taberelor studen\u021be\u0219ti (Anexa 4)<\/p>\n\n\n\n<div class=\"wp-block-file\"><a id=\"wp-block-file--media-26e358db-b3e9-4336-8da6-f798235d6939\" href=\"https:\/\/istorie.unibuc.ro\/wp-content\/uploads\/2025\/05\/Anexa-4-la-metodologie-TS.docx\">Anexa-4-la-metodologie-TS<\/a><a href=\"https:\/\/istorie.unibuc.ro\/wp-content\/uploads\/2025\/05\/Anexa-4-la-metodologie-TS.docx\" class=\"wp-block-file__button wp-element-button\" download aria-describedby=\"wp-block-file--media-26e358db-b3e9-4336-8da6-f798235d6939\">Descarc\u0103<\/a><\/div>\n\n\n\n<p class=\"wp-block-paragraph\"><strong>Num\u0103rul de locuri&nbsp;<\/strong>\u00een taberele studen\u021be\u0219ti repartizat Facult\u0103\u021bii de Istorie va fi comunicat \u00een zilele urm\u0103toare.<\/p>\n\n\n\n<hr class=\"wp-block-separator has-alpha-channel-opacity\"\/>\n\n\n\n<p class=\"wp-block-paragraph\"><strong>TABERE STUDEN\u021aE\u0218TI \u2013 VARA 202<\/strong>4<\/p>\n\n\n\n<hr class=\"wp-block-separator has-alpha-channel-opacity\"\/>\n\n\n\n<p class=\"wp-block-paragraph\">\u0218edin\u021ba online pentru distribuirea locurilor va avea loc joi, 11 iulie 2024, ora 14. Contact:&nbsp;<a href=\"mailto:florinandrei.sora@istorie.unibuc.ro\" target=\"_blank\" rel=\"noreferrer noopener\">florinandrei.sora@istorie.unibuc.ro<\/a>.<\/p>\n\n\n\n<div class=\"wp-block-file\"><a id=\"wp-block-file--media-4f64e198-c15b-4ca5-a53f-308881cbf330\" href=\"https:\/\/istorie.unibuc.ro\/wp-content\/uploads\/2024\/07\/Istorie-serii-tabere-1.pdf\">Istorie-serii-\u0219i-locuri-tabere<\/a><a href=\"https:\/\/istorie.unibuc.ro\/wp-content\/uploads\/2024\/07\/Istorie-serii-tabere-1.pdf\" class=\"wp-block-file__button wp-element-button\" download aria-describedby=\"wp-block-file--media-4f64e198-c15b-4ca5-a53f-308881cbf330\">Descarc\u0103<\/a><\/div>\n\n\n\n<div class=\"wp-block-file\"><a id=\"wp-block-file--media-2609c478-a086-41e6-bb1e-4f7647715ac3\" href=\"https:\/\/istorie.unibuc.ro\/wp-content\/uploads\/2024\/06\/Lista-beneficiari-tabere-vara-2024.pdf\">Lista-beneficiari-tabere-vara-2024<\/a><a href=\"https:\/\/istorie.unibuc.ro\/wp-content\/uploads\/2024\/06\/Lista-beneficiari-tabere-vara-2024.pdf\" class=\"wp-block-file__button wp-element-button\" download aria-describedby=\"wp-block-file--media-2609c478-a086-41e6-bb1e-4f7647715ac3\">Descarc\u0103<\/a><\/div>\n\n\n\n<div class=\"wp-block-file\"><a id=\"wp-block-file--media-4793dcc4-d55c-4c18-b758-3d129dba7305\" href=\"https:\/\/istorie.unibuc.ro\/wp-content\/uploads\/2024\/06\/Lista-de-rezerve-tabere-vara-2024.pdf\">Lista-de-rezerve-tabere-vara-2024<\/a><a href=\"https:\/\/istorie.unibuc.ro\/wp-content\/uploads\/2024\/06\/Lista-de-rezerve-tabere-vara-2024.pdf\" class=\"wp-block-file__button wp-element-button\" download aria-describedby=\"wp-block-file--media-4793dcc4-d55c-4c18-b758-3d129dba7305\">Descarc\u0103<\/a><\/div>\n\n\n\n<div class=\"wp-block-file\"><a id=\"wp-block-file--media-d1521b23-b559-4d85-9957-34641e26fe4f\" href=\"https:\/\/istorie.unibuc.ro\/wp-content\/uploads\/2024\/06\/PV-DE-SELECTIE-TABERE-DE-VARA-2024.pdf\">PV-DE-SELECTIE-TABERE-DE-VARA-2024<\/a><a href=\"https:\/\/istorie.unibuc.ro\/wp-content\/uploads\/2024\/06\/PV-DE-SELECTIE-TABERE-DE-VARA-2024.pdf\" class=\"wp-block-file__button wp-element-button\" download aria-describedby=\"wp-block-file--media-d1521b23-b559-4d85-9957-34641e26fe4f\">Descarc\u0103<\/a><\/div>\n\n\n\n<div class=\"wp-block-file\"><a id=\"wp-block-file--media-eded268b-d7c2-4678-8c80-1738658c8ca0\" href=\"https:\/\/istorie.unibuc.ro\/wp-content\/uploads\/2024\/06\/LISTA-SOLICITANTI-TABARA-SEM-II-2024.pdf\">LISTA-SOLICITANTI-TABARA-SEM-II-2024<\/a><a href=\"https:\/\/istorie.unibuc.ro\/wp-content\/uploads\/2024\/06\/LISTA-SOLICITANTI-TABARA-SEM-II-2024.pdf\" class=\"wp-block-file__button wp-element-button\" download aria-describedby=\"wp-block-file--media-eded268b-d7c2-4678-8c80-1738658c8ca0\">Descarc\u0103<\/a><\/div>\n\n\n\n<div class=\"wp-block-file\"><a id=\"wp-block-file--media-0d4e1213-28ea-439c-80be-bf45f355b0a3\" href=\"https:\/\/istorie.unibuc.ro\/wp-content\/uploads\/2024\/06\/Comisie-_tabara-vara-2024.pdf\">Comisie-_tabara-vara-2024<\/a><a href=\"https:\/\/istorie.unibuc.ro\/wp-content\/uploads\/2024\/06\/Comisie-_tabara-vara-2024.pdf\" class=\"wp-block-file__button wp-element-button\" download aria-describedby=\"wp-block-file--media-0d4e1213-28ea-439c-80be-bf45f355b0a3\">Descarc\u0103<\/a><\/div>\n\n\n\n<p class=\"wp-block-paragraph\">Cererile semnate de studen\u021bi, vor fi \u00eenso\u021bite de documentele justificative care atest\u0103 situa\u021bia rezultatelor deosebite ob\u021binute la \u00eenv\u0103\u021b\u0103tur\u0103, implicarea \u00een activit\u0103\u021bi extracurriculare sau \u00eencadrarea studentului \u00een unul dintre cazurile sociale prev\u0103zute la art.5 alin.(1) lit. a) \u0219i vor primi un num\u0103r de \u00eenregistrare de la secretariatul facult\u0103\u021bii;<\/p>\n\n\n\n<p class=\"wp-block-paragraph\">Cererile se pot depune online \u00een perioada 27.05.2024-16.06.2024 pe adresa secretarei de an.<\/p>\n\n\n\n<div class=\"wp-block-file\"><a id=\"wp-block-file--media-28aec19d-3bd5-4186-9ca8-4dba84df1f79\" href=\"https:\/\/istorie.unibuc.ro\/wp-content\/uploads\/2024\/06\/Calendar-tabere-studentesti._vara-2024.pdf\">Calendar-tabere-studentesti._vara-2024<\/a><a href=\"https:\/\/istorie.unibuc.ro\/wp-content\/uploads\/2024\/06\/Calendar-tabere-studentesti._vara-2024.pdf\" class=\"wp-block-file__button wp-element-button\" download aria-describedby=\"wp-block-file--media-28aec19d-3bd5-4186-9ca8-4dba84df1f79\">Descarc\u0103<\/a><\/div>\n\n\n\n<p class=\"wp-block-paragraph\">Facult\u0103\u021bii de Istorie i-au fost alocate 15 locuri.<\/p>\n\n\n\n<div class=\"wp-block-file\"><a id=\"wp-block-file--media-43ba596d-5107-4420-9277-3d0f5e2ad7df\" href=\"https:\/\/istorie.unibuc.ro\/wp-content\/uploads\/2024\/05\/Istorie-locuri-tabara.pdf\">Istorie-locuri-tabara<\/a><a href=\"https:\/\/istorie.unibuc.ro\/wp-content\/uploads\/2024\/05\/Istorie-locuri-tabara.pdf\" class=\"wp-block-file__button wp-element-button\" download aria-describedby=\"wp-block-file--media-43ba596d-5107-4420-9277-3d0f5e2ad7df\">Descarc\u0103<\/a><\/div>\n\n\n\n<div class=\"wp-block-file\"><a id=\"wp-block-file--media-3df7c527-7dc4-4e17-9df6-d9e5fa3e44f5\" href=\"https:\/\/istorie.unibuc.ro\/wp-content\/uploads\/2024\/05\/Metodologie-tabere-studentesti-2024.pdf\">Metodologie-tabere-studentesti-2024<\/a><a href=\"https:\/\/istorie.unibuc.ro\/wp-content\/uploads\/2024\/05\/Metodologie-tabere-studentesti-2024.pdf\" class=\"wp-block-file__button wp-element-button\" download aria-describedby=\"wp-block-file--media-3df7c527-7dc4-4e17-9df6-d9e5fa3e44f5\">Descarc\u0103<\/a><\/div>\n\n\n\n<div class=\"wp-block-file\"><a id=\"wp-block-file--media-7b606fd8-cc78-4e2c-b2f6-1068e39a2958\" href=\"https:\/\/istorie.unibuc.ro\/wp-content\/uploads\/2024\/05\/calendar-si-locuri-UB.pdf\">calendar-si-locuri-UB<\/a><a href=\"https:\/\/istorie.unibuc.ro\/wp-content\/uploads\/2024\/05\/calendar-si-locuri-UB.pdf\" class=\"wp-block-file__button wp-element-button\" download aria-describedby=\"wp-block-file--media-7b606fd8-cc78-4e2c-b2f6-1068e39a2958\">Descarc\u0103<\/a><\/div>\n\n\n\n<div class=\"wp-block-file\"><a id=\"wp-block-file--media-8e3b33d8-7578-492b-96df-2929b6f0a054\" href=\"https:\/\/istorie.unibuc.ro\/wp-content\/uploads\/2024\/05\/anexa-4.docx\"> Cerere pentru ocupare loc anexa-4<\/a><a href=\"https:\/\/istorie.unibuc.ro\/wp-content\/uploads\/2024\/05\/anexa-4.docx\" class=\"wp-block-file__button wp-element-button\" download aria-describedby=\"wp-block-file--media-8e3b33d8-7578-492b-96df-2929b6f0a054\">Descarc\u0103<\/a><\/div>\n\n\n\n<div class=\"wp-block-file\"><a id=\"wp-block-file--media-913d0d22-2e0c-4980-b8e4-3b1c1593e639\" href=\"https:\/\/istorie.unibuc.ro\/wp-content\/uploads\/2024\/05\/anexa-7.1.docx\"> Declara\u021bie de consim\u0219\u0103m\u00e2nt anexa-7.1<\/a><a href=\"https:\/\/istorie.unibuc.ro\/wp-content\/uploads\/2024\/05\/anexa-7.1.docx\" class=\"wp-block-file__button wp-element-button\" download aria-describedby=\"wp-block-file--media-913d0d22-2e0c-4980-b8e4-3b1c1593e639\">Descarc\u0103<\/a><\/div>\n\n\n\n<div class=\"wp-block-file\"><a id=\"wp-block-file--media-58422bdc-e218-467b-a602-bdbf2a65fad2\" href=\"https:\/\/istorie.unibuc.ro\/wp-content\/uploads\/2024\/05\/anexa-8.docx\"> Regulament tab\u0103r\u0103 anexa-8<\/a><a href=\"https:\/\/istorie.unibuc.ro\/wp-content\/uploads\/2024\/05\/anexa-8.docx\" class=\"wp-block-file__button wp-element-button\" download aria-describedby=\"wp-block-file--media-58422bdc-e218-467b-a602-bdbf2a65fad2\"> Descarc\u0103<\/a><\/div>\n\n\n\n<hr class=\"wp-block-separator has-alpha-channel-opacity\"\/>\n\n\n\n<p class=\"wp-block-paragraph\">TABERE STUDEN\u021aE\u0218TI &#8211; IARN\u0102 2024<\/p>\n\n\n\n<div class=\"wp-block-file\"><a id=\"wp-block-file--media-ac8aa045-b2f5-4182-bc6f-aee72022515f\" href=\"https:\/\/istorie.unibuc.ro\/wp-content\/uploads\/2024\/02\/lista-finala-beneficiari-tabara.pdf\">lista-finala-beneficiari-tabara<\/a><a href=\"https:\/\/istorie.unibuc.ro\/wp-content\/uploads\/2024\/02\/lista-finala-beneficiari-tabara.pdf\" class=\"wp-block-file__button wp-element-button\" download aria-describedby=\"wp-block-file--media-ac8aa045-b2f5-4182-bc6f-aee72022515f\">Descarc\u0103<\/a><\/div>\n\n\n\n<div class=\"wp-block-file\"><a id=\"wp-block-file--media-d2c9169b-7906-4bfd-9e28-0756b0aae893\" href=\"https:\/\/istorie.unibuc.ro\/wp-content\/uploads\/2024\/02\/serii-tabere.pdf\">serii-tabere<\/a><a href=\"https:\/\/istorie.unibuc.ro\/wp-content\/uploads\/2024\/02\/serii-tabere.pdf\" class=\"wp-block-file__button wp-element-button\" download aria-describedby=\"wp-block-file--media-d2c9169b-7906-4bfd-9e28-0756b0aae893\">Descarc\u0103<\/a><\/div>\n\n\n\n<div class=\"wp-block-file\"><a id=\"wp-block-file--media-881c733d-bf57-4613-9fe8-c55aa626b1a8\" href=\"https:\/\/istorie.unibuc.ro\/wp-content\/uploads\/2024\/01\/tabere-anunt-sedinta-distribuire-locuri-ian.-2024.pdf\">anunt-sedinta-distribuire-locuri-tabere-ian.2024<\/a><a href=\"https:\/\/istorie.unibuc.ro\/wp-content\/uploads\/2024\/01\/tabere-anunt-sedinta-distribuire-locuri-ian.-2024.pdf\" class=\"wp-block-file__button wp-element-button\" download aria-describedby=\"wp-block-file--media-881c733d-bf57-4613-9fe8-c55aa626b1a8\">Descarc\u0103<\/a><\/div>\n\n\n\n<div class=\"wp-block-file\"><a id=\"wp-block-file--media-5553bd65-3ecf-40a2-a326-c6bc76651b9c\" href=\"https:\/\/istorie.unibuc.ro\/wp-content\/uploads\/2024\/01\/solicitanti-tabere.pdf\">solicitanti-tabere &#8211; ian.2024<\/a><a href=\"https:\/\/istorie.unibuc.ro\/wp-content\/uploads\/2024\/01\/solicitanti-tabere.pdf\" class=\"wp-block-file__button wp-element-button\" download aria-describedby=\"wp-block-file--media-5553bd65-3ecf-40a2-a326-c6bc76651b9c\">Descarc\u0103<\/a><\/div>\n\n\n\n<div class=\"wp-block-file\"><a id=\"wp-block-file--media-4d3dd0a2-10c0-4901-ba14-78bbaa2e11c3\" href=\"https:\/\/istorie.unibuc.ro\/wp-content\/uploads\/2024\/01\/Metodologie-tabere-studentesti-2024-1.pdf\">Metodologie-tabere-studentesti-2024<\/a><a href=\"https:\/\/istorie.unibuc.ro\/wp-content\/uploads\/2024\/01\/Metodologie-tabere-studentesti-2024-1.pdf\" class=\"wp-block-file__button wp-element-button\" download aria-describedby=\"wp-block-file--media-4d3dd0a2-10c0-4901-ba14-78bbaa2e11c3\">Descarc\u0103<\/a><\/div>\n\n\n\n<div class=\"wp-block-file\"><a id=\"wp-block-file--media-cfa55e0f-c88e-4e70-8abb-95921b2d9256\" href=\"https:\/\/istorie.unibuc.ro\/wp-content\/uploads\/2024\/01\/adresa-minister-tabere-iarna-ianuarie.pdf\">adresa-minister-tabere-iarna-ianuarie<\/a><a href=\"https:\/\/istorie.unibuc.ro\/wp-content\/uploads\/2024\/01\/adresa-minister-tabere-iarna-ianuarie.pdf\" class=\"wp-block-file__button wp-element-button\" download aria-describedby=\"wp-block-file--media-cfa55e0f-c88e-4e70-8abb-95921b2d9256\">Descarc\u0103<\/a><\/div>\n\n\n\n<div class=\"wp-block-file\"><a id=\"wp-block-file--media-8516e16e-5c44-4234-8b5a-0f0052980580\" href=\"https:\/\/istorie.unibuc.ro\/wp-content\/uploads\/2024\/01\/Anexa-4-inscriere.docx\">Anexa-4-inscriere<\/a><a href=\"https:\/\/istorie.unibuc.ro\/wp-content\/uploads\/2024\/01\/Anexa-4-inscriere.docx\" class=\"wp-block-file__button wp-element-button\" download aria-describedby=\"wp-block-file--media-8516e16e-5c44-4234-8b5a-0f0052980580\">Descarc\u0103<\/a><\/div>\n\n\n\n<div class=\"wp-block-file\"><a id=\"wp-block-file--media-6bd58cde-b015-43b4-b434-d0b5e7518ad9\" href=\"https:\/\/istorie.unibuc.ro\/wp-content\/uploads\/2024\/01\/Calendar-tabere-studentesti-3.pdf\">Calendar-tabere-studentesti-3<\/a><a href=\"https:\/\/istorie.unibuc.ro\/wp-content\/uploads\/2024\/01\/Calendar-tabere-studentesti-3.pdf\" class=\"wp-block-file__button wp-element-button\" download aria-describedby=\"wp-block-file--media-6bd58cde-b015-43b4-b434-d0b5e7518ad9\">Descarc\u0103<\/a><\/div>\n\n\n\n<div class=\"wp-block-file\"><a id=\"wp-block-file--media-4138c1a9-013a-4d8f-8834-4c3b763c98ee\" href=\"https:\/\/istorie.unibuc.ro\/wp-content\/uploads\/2024\/01\/Istori-locuri-tabere.pdf\">Istorie-locuri-tabere<\/a><a href=\"https:\/\/istorie.unibuc.ro\/wp-content\/uploads\/2024\/01\/Istori-locuri-tabere.pdf\" class=\"wp-block-file__button wp-element-button\" download aria-describedby=\"wp-block-file--media-4138c1a9-013a-4d8f-8834-4c3b763c98ee\">Descarc\u0103<\/a><\/div>\n\n\n\n<hr class=\"wp-block-separator has-alpha-channel-opacity\"\/>\n\n\n\n<p class=\"wp-block-paragraph\"><strong>ANUL UNIVERSITAR 2022-2023<\/strong><\/p>\n\n\n\n<div class=\"wp-block-file\"><a id=\"wp-block-file--media-e6d041a4-9bba-496d-af5b-413c97367ffc\" href=\"https:\/\/istorie.unibuc.ro\/wp-content\/uploads\/2023\/07\/tabere-studentesti-locuri-serii-locatii.pdf\">tabere-studentesti-locuri-serii-locatii<\/a><a href=\"https:\/\/istorie.unibuc.ro\/wp-content\/uploads\/2023\/07\/tabere-studentesti-locuri-serii-locatii.pdf\" class=\"wp-block-file__button wp-element-button\" download aria-describedby=\"wp-block-file--media-e6d041a4-9bba-496d-af5b-413c97367ffc\">Descarc\u0103<\/a><\/div>\n\n\n\n<div class=\"wp-block-file\"><a id=\"wp-block-file--media-c26cc585-a0ad-4a98-aeb0-4a376f5f13ea\" href=\"https:\/\/istorie.unibuc.ro\/wp-content\/uploads\/2023\/06\/tabere-anunt-sedinta-distribuire-locuri.pdf\">Tabere-anunt-sedinta-distribuire-locuri<\/a><a href=\"https:\/\/istorie.unibuc.ro\/wp-content\/uploads\/2023\/06\/tabere-anunt-sedinta-distribuire-locuri.pdf\" class=\"wp-block-file__button wp-element-button\" download aria-describedby=\"wp-block-file--media-c26cc585-a0ad-4a98-aeb0-4a376f5f13ea\">Descarc\u0103<\/a><\/div>\n\n\n\n<div class=\"wp-block-file\"><a id=\"wp-block-file--media-46969cc7-5489-4675-b890-19ad3c304ebd\" href=\"https:\/\/istorie.unibuc.ro\/wp-content\/uploads\/2023\/06\/Lista-finala-27.06.2023.pdf\">Lista-finala-27.06.2023<\/a><a href=\"https:\/\/istorie.unibuc.ro\/wp-content\/uploads\/2023\/06\/Lista-finala-27.06.2023.pdf\" class=\"wp-block-file__button wp-element-button\" download aria-describedby=\"wp-block-file--media-46969cc7-5489-4675-b890-19ad3c304ebd\">Descarc\u0103<\/a><\/div>\n\n\n\n<div class=\"wp-block-file\"><a id=\"wp-block-file--media-937ffc57-3f8e-4f0e-b757-b1ef98c75ce3\" href=\"https:\/\/istorie.unibuc.ro\/wp-content\/uploads\/2023\/06\/PV-selectie-studenti-tabere-20.07.2023.pdf\">PV-selectie-studenti-tabere-20.07.2023<\/a><a href=\"https:\/\/istorie.unibuc.ro\/wp-content\/uploads\/2023\/06\/PV-selectie-studenti-tabere-20.07.2023.pdf\" class=\"wp-block-file__button wp-element-button\" download aria-describedby=\"wp-block-file--media-937ffc57-3f8e-4f0e-b757-b1ef98c75ce3\">Descarc\u0103<\/a><\/div>\n\n\n\n<div class=\"wp-block-file\"><a id=\"wp-block-file--media-a10c2b56-c461-4f70-808c-3edc5b7da713\" href=\"https:\/\/istorie.unibuc.ro\/wp-content\/uploads\/2023\/06\/tabel-studenti-solicitanti-loc-tabara-16.06.2023.pdf\">tabel-studenti-solicitanti-loc-tabara-16.06.2023<\/a><a href=\"https:\/\/istorie.unibuc.ro\/wp-content\/uploads\/2023\/06\/tabel-studenti-solicitanti-loc-tabara-16.06.2023.pdf\" class=\"wp-block-file__button wp-element-button\" download aria-describedby=\"wp-block-file--media-a10c2b56-c461-4f70-808c-3edc5b7da713\">Descarc\u0103<\/a><\/div>\n\n\n\n<div class=\"wp-block-file\"><a id=\"wp-block-file--media-53d497e0-fe86-4a70-a47a-fa5f13f1c2dd\" href=\"https:\/\/istorie.unibuc.ro\/wp-content\/uploads\/2023\/06\/anunt-sedinta-comisie-selectie-cereri.pdf\">anunt-sedinta-comisie-selectie-cereri<\/a><a href=\"https:\/\/istorie.unibuc.ro\/wp-content\/uploads\/2023\/06\/anunt-sedinta-comisie-selectie-cereri.pdf\" class=\"wp-block-file__button wp-element-button\" download aria-describedby=\"wp-block-file--media-53d497e0-fe86-4a70-a47a-fa5f13f1c2dd\">Descarc\u0103<\/a><\/div>\n\n\n\n<div class=\"wp-block-file\"><a id=\"wp-block-file--media-993bb2c8-d7ce-499b-94ad-68ec0228e350\" href=\"https:\/\/istorie.unibuc.ro\/wp-content\/uploads\/2023\/06\/FIUB-comisie-tabere-studentesti.pdf\">FIUB-comisie-tabere-studentesti<\/a><a href=\"https:\/\/istorie.unibuc.ro\/wp-content\/uploads\/2023\/06\/FIUB-comisie-tabere-studentesti.pdf\" class=\"wp-block-file__button wp-element-button\" download aria-describedby=\"wp-block-file--media-993bb2c8-d7ce-499b-94ad-68ec0228e350\">Descarc\u0103<\/a><\/div>\n\n\n\n<div class=\"wp-block-file\"><a id=\"wp-block-file--media-ee94eb53-5630-48c1-844b-96482737d769\" href=\"https:\/\/istorie.unibuc.ro\/wp-content\/uploads\/2023\/05\/anunt-tabere-2023.pdf\">Anunt-tabere-2023<\/a><a href=\"https:\/\/istorie.unibuc.ro\/wp-content\/uploads\/2023\/05\/anunt-tabere-2023.pdf\" class=\"wp-block-file__button wp-element-button\" download aria-describedby=\"wp-block-file--media-ee94eb53-5630-48c1-844b-96482737d769\">Descarc\u0103<\/a><\/div>\n\n\n\n<div class=\"wp-block-file\"><a id=\"wp-block-file--media-50491c92-4ba9-4690-b7e6-17820a5e249a\" href=\"https:\/\/istorie.unibuc.ro\/wp-content\/uploads\/2023\/05\/locuri-tabere.pdf\">Locuri-tabere<\/a><a href=\"https:\/\/istorie.unibuc.ro\/wp-content\/uploads\/2023\/05\/locuri-tabere.pdf\" class=\"wp-block-file__button wp-element-button\" download aria-describedby=\"wp-block-file--media-50491c92-4ba9-4690-b7e6-17820a5e249a\">Descarc\u0103<\/a><\/div>\n\n\n\n<div class=\"wp-block-file\"><a id=\"wp-block-file--media-6d098a3d-a407-45d9-8c2c-a5e221795592\" href=\"https:\/\/istorie.unibuc.ro\/wp-content\/uploads\/2023\/05\/Anexa-4-cerere-tabere-studentesti-2023.docx\">Anexa-4-cerere-tabere-studentesti-2023<\/a><a href=\"https:\/\/istorie.unibuc.ro\/wp-content\/uploads\/2023\/05\/Anexa-4-cerere-tabere-studentesti-2023.docx\" class=\"wp-block-file__button wp-element-button\" download aria-describedby=\"wp-block-file--media-6d098a3d-a407-45d9-8c2c-a5e221795592\">Descarc\u0103<\/a><\/div>\n\n\n\n<div class=\"wp-block-file\"><a id=\"wp-block-file--media-35d746b7-ece0-4795-bb34-f08b6bfa260a\" href=\"https:\/\/istorie.unibuc.ro\/wp-content\/uploads\/2023\/05\/Nota-calendar-selectie-studenti-TS-2023.pdf\">Nota-calendar-selectie-studenti-TS-2023<\/a><a href=\"https:\/\/istorie.unibuc.ro\/wp-content\/uploads\/2023\/05\/Nota-calendar-selectie-studenti-TS-2023.pdf\" class=\"wp-block-file__button wp-element-button\" download aria-describedby=\"wp-block-file--media-35d746b7-ece0-4795-bb34-f08b6bfa260a\">Descarc\u0103<\/a><\/div>\n\n\n\n<div class=\"wp-block-file\"><a id=\"wp-block-file--media-d4f15e07-b990-4a8d-9817-ceea38127aae\" href=\"https:\/\/istorie.unibuc.ro\/wp-content\/uploads\/2023\/05\/Nota-repartitie-tabere-studentesti-2023-site.pdf\">Nota-repartitie-tabere-studentesti-2023-site<\/a><a href=\"https:\/\/istorie.unibuc.ro\/wp-content\/uploads\/2023\/05\/Nota-repartitie-tabere-studentesti-2023-site.pdf\" class=\"wp-block-file__button wp-element-button\" download aria-describedby=\"wp-block-file--media-d4f15e07-b990-4a8d-9817-ceea38127aae\">Descarc\u0103<\/a><\/div>\n\n\n\n<div class=\"wp-block-file\"><a id=\"wp-block-file--media-5ab2f8e1-a631-4891-bcf1-cb952cd228c9\" href=\"https:\/\/istorie.unibuc.ro\/wp-content\/uploads\/2023\/05\/calendar-si-numar-locuri-UB-site.pdf\">Calendar-si-numar-locuri-UB-site<\/a><a href=\"https:\/\/istorie.unibuc.ro\/wp-content\/uploads\/2023\/05\/calendar-si-numar-locuri-UB-site.pdf\" class=\"wp-block-file__button wp-element-button\" download aria-describedby=\"wp-block-file--media-5ab2f8e1-a631-4891-bcf1-cb952cd228c9\">Descarc\u0103<\/a><\/div>\n\n\n\n<div class=\"wp-block-file\"><a id=\"wp-block-file--media-49c2447d-6643-40c3-a7f9-4cebf7825df7\" href=\"https:\/\/istorie.unibuc.ro\/wp-content\/uploads\/2023\/05\/MO-Partea-I-nr.-407Bis-Tabere-studentesti.pdf\">MO-Partea-I-nr.-407Bis-Tabere-studentesti<\/a><a href=\"https:\/\/istorie.unibuc.ro\/wp-content\/uploads\/2023\/05\/MO-Partea-I-nr.-407Bis-Tabere-studentesti.pdf\" class=\"wp-block-file__button wp-element-button\" download aria-describedby=\"wp-block-file--media-49c2447d-6643-40c3-a7f9-4cebf7825df7\">Descarc\u0103<\/a><\/div>\n\n\n\n<hr class=\"wp-block-separator has-alpha-channel-opacity\"\/>\n\n\n\n<hr class=\"wp-block-separator has-alpha-channel-opacity\"\/>\n","protected":false},"excerpt":{"rendered":"<p>TABERE STUDEN\u021aE\u0218TI \u2013 VARA 2025 Cererile semnate de studen\u021bi, vor fi \u00eenso\u021bite de documentele justificative care atest\u0103 situa\u021bia rezultatelor deosebite ob\u021binute la \u00eenv\u0103\u021b\u0103tur\u0103, implicarea \u00een activit\u0103\u021bi extracurriculare sau \u00eencadrarea studentului \u00een unul dintre cazurile sociale prev\u0103zute la art. 5 alin. (1) lit. a) \u0219i vor primi un num\u0103r de \u00eenregistrare de la secretariatul facult\u0103\u021bii; Cererile [&hellip;]<\/p>\n","protected":false},"author":2,"featured_media":0,"parent":353,"menu_order":0,"comment_status":"closed","ping_status":"closed","template":"","meta":{"_crdt_document":"","jetpack_post_was_ever_published":false,"footnotes":""},"class_list":["post-2410","page","type-page","status-publish","hentry"],"jetpack_sharing_enabled":true,"jetpack_shortlink":"https:\/\/wp.me\/PaobZd-CS","jetpack-related-posts":[],"_links":{"self":[{"href":"https:\/\/istorie.unibuc.ro\/facultate\/wp-json\/wp\/v2\/pages\/2410","targetHints":{"allow":["GET"]}}],"collection":[{"href":"https:\/\/istorie.unibuc.ro\/facultate\/wp-json\/wp\/v2\/pages"}],"about":[{"href":"https:\/\/istorie.unibuc.ro\/facultate\/wp-json\/wp\/v2\/types\/page"}],"author":[{"embeddable":true,"href":"https:\/\/istorie.unibuc.ro\/facultate\/wp-json\/wp\/v2\/users\/2"}],"replies":[{"embeddable":true,"href":"https:\/\/istorie.unibuc.ro\/facultate\/wp-json\/wp\/v2\/comments?post=2410"}],"version-history":[{"count":62,"href":"https:\/\/istorie.unibuc.ro\/facultate\/wp-json\/wp\/v2\/pages\/2410\/revisions"}],"predecessor-version":[{"id":18494,"href":"https:\/\/istorie.unibuc.ro\/facultate\/wp-json\/wp\/v2\/pages\/2410\/revisions\/18494"}],"up":[{"embeddable":true,"href":"https:\/\/istorie.unibuc.ro\/facultate\/wp-json\/wp\/v2\/pages\/353"}],"wp:attachment":[{"href":"https:\/\/istorie.unibuc.ro\/facultate\/wp-json\/wp\/v2\/media?parent=2410"}],"curies":[{"name":"wp","href":"https:\/\/api.w.org\/{rel}","templated":true}]}}