{"id":2399,"date":"2019-04-16T19:06:08","date_gmt":"2019-04-16T19:06:08","guid":{"rendered":"https:\/\/istorie.unibuc.ro\/?page_id=2399"},"modified":"2019-04-16T19:10:39","modified_gmt":"2019-04-16T19:10:39","slug":"the-international-scientific-conference-the-bolshevik-danger-in-central-europe-in-1919","status":"publish","type":"page","link":"https:\/\/istorie.unibuc.ro\/facultate\/cercetare\/conferinte\/the-international-scientific-conference-the-bolshevik-danger-in-central-europe-in-1919\/","title":{"rendered":"The international scientific conference \u201cThe Bolshevik danger in Central Europe in 1919\u201d"},"content":{"rendered":"\n<div class=\"wp-block-cover has-background-dim is-layout-flow wp-block-cover-is-layout-flow\" style=\"background-image:url(https:\/\/i2.wp.com\/istorie.unibuc.ro\/wp-content\/uploads\/2019\/04\/propaganda1919_1-1.jpg?fit=640%2C428&amp;ssl=1)\"><\/div>\n\n\n\n<h2 class=\"wp-block-heading\">Call for Papers<\/h2>\n\n\n\n<h3 class=\"wp-block-heading\">October 24-26, 2019, Bucharest, Romania<br>Deadline: June 30, 2019   <\/h3>\n\n\n\n<p class=\"wp-block-paragraph\">The\nUniversity of Bucharest, in partnership with the Romanian Academy, organizes an\ninternational scientific conference on \u201c<strong>The\nBolshevik danger in Central Europe in 1919<\/strong>\u201d on October 24-26, 2019.<\/p>\n\n\n\n<p class=\"wp-block-paragraph\">The\npurpose of this conference is to provide interested scholars with a platform\nfor discussing the perception of Bolshevism as a major risk factor in Central Europe, especially, but not\nlimited to, Germany, Austria, Hungary, Czechoslovakia, Poland, the Baltic\nStates and Romania, after the end of\nthe First World War.<\/p>\n\n\n\n<p class=\"wp-block-paragraph\">We\npropose the following topics, while also allowing the participants to put\nforward other subjects related to the prospects of Bolshevik danger in 1919:<\/p>\n\n\n\n<p class=\"wp-block-paragraph\">1.\nThe perception and attitude of the Allied Powers at the Paris Peace Conference\non the Bolshevik threat.<\/p>\n\n\n\n<p class=\"wp-block-paragraph\">2.\nPublic perceptions and historiographical myths regarding the Bolshevik movement\nof 1919.<\/p>\n\n\n\n<p class=\"wp-block-paragraph\">3.\nBolshevik propaganda in Central Europe.<\/p>\n\n\n\n<p class=\"wp-block-paragraph\">4.\nPropaganda against Bolshevism.<\/p>\n\n\n\n<p class=\"wp-block-paragraph\">5.\nThe Bolshevik republics of Munich and Budapest between social aspirations and\nnational frustrations.<\/p>\n\n\n\n<p class=\"wp-block-paragraph\">6.\nThe military campaigns of Czechoslovakia and Romania against the Hungarian\nSoviet Republic.<\/p>\n\n\n\n<p class=\"wp-block-paragraph\">7.\nRomanian, Polish and Baltics\u2019 military confrontations with Soviet Russia.<\/p>\n\n\n\n<p class=\"wp-block-paragraph\">8.\nThe role of the military interventions of the Entente against Russia in forming\nthe public imaginary about the Bolshevik danger.<\/p>\n\n\n\n<p class=\"wp-block-paragraph\">9.\nThe public violence of the Bolsheviks and anti-Bolsheviks.<\/p>\n\n\n\n<p class=\"wp-block-paragraph\">10.\nInternational public law and humanitarian law in political and military actions\nagainst the Bolsheviks.<\/p>\n\n\n\n<h3 class=\"wp-block-heading\"><strong>Deadline: 30.06.2019<\/strong><\/h3>\n\n\n\n<p class=\"wp-block-paragraph\">Interested\npersons are kindly asked to send the title of their presentations by email to <a href=\"mailto:conference1919@istorie.unibuc.ro\">conference1919@istorie.unibuc.ro<\/a> by June 30<sup>th<\/sup>, 2019, together with a\nsummary of up to 300 words and a short autobiography of the author\/ authors in\nEnglish.<\/p>\n\n\n\n<p class=\"wp-block-paragraph\">Proposals\nwill be peer-reviewed and selected by a scientific committee. Each applicant\nwill receive a response from the organizing committee by July 31<sup>st<\/sup>,\n2019 at the latest.<\/p>\n\n\n\n<p class=\"wp-block-paragraph\">For\nthe participants in need of a visa we will provide the necessary documents in\ntime for obtaining it for their respective travel to Romania.<\/p>\n\n\n\n<p class=\"wp-block-paragraph\">After\nthe conference, the selected works will be published in a volume at a\nprestigious publishing house.<\/p>\n\n\n\n<p class=\"wp-block-paragraph\"><strong>Fees:<\/strong> There\nare <strong>no fees<\/strong> in order to attend this\nconference. The organizers will ensure the accommodation (3 nights) and the meals\nfor the participants during the conference, the transport costs being covered\nby the participants.<\/p>\n\n\n\n<h3 class=\"wp-block-heading\"><strong>The scientific committee:<\/strong><\/h3>\n\n\n\n<p class=\"wp-block-paragraph\">1.\nProf. <strong>Ioan Aurel Pop<\/strong>, Ph.D.,\nPresident of the Romanian Academy<\/p>\n\n\n\n<p class=\"wp-block-paragraph\">2.\nProf. <strong>Mihai R\u0103zvan Ungureanu<\/strong>, Ph.D.,\nThe University of Bucharest<\/p>\n\n\n\n<p class=\"wp-block-paragraph\">3.\nProf. <strong>Bogdan Murgescu<\/strong>, Ph.D., The\nUniversity of Bucharest<\/p>\n\n\n\n<p class=\"wp-block-paragraph\">4.\nProf. <strong>Virgiliu \u0162\u00e2r\u0103u<\/strong>, Ph.D., \u201cBabe\u0219-Bolyai\u201d\nUniversity of Cluj-Napoca<\/p>\n\n\n\n<p class=\"wp-block-paragraph\">5.\nProf. <strong>Lucian Leu\u015ftean<\/strong>, Ph.D.,\n\u201cAlexandru Ioan Cuza\u201d University of Ia\u0219i<\/p>\n\n\n\n<h3 class=\"wp-block-heading\"><strong>The organizing committee:<\/strong><\/h3>\n\n\n\n<p class=\"wp-block-paragraph\">1. Prof. <strong>Mircea\nDumitru<\/strong>, Ph.D., Rector of the University of Bucharest<\/p>\n\n\n\n<p class=\"wp-block-paragraph\">2. Associate professor <strong>Florentina Ni\u0163u<\/strong>, Ph.D.<\/p>\n\n\n\n<p class=\"wp-block-paragraph\">3. Prof. <strong>Flavius\n\u200b\u200bBaias<\/strong>, Ph.D.<\/p>\n\n\n\n<p class=\"wp-block-paragraph\">4. Associate professor <strong>Marius Diaconescu<\/strong>, Ph.D.<\/p>\n\n\n\n<p class=\"wp-block-paragraph\">Follow\nus on <strong>Facebook<\/strong>: <strong>1919BolsheviksinEurope<\/strong> for news on the conference.<\/p>\n\n\n\n<p class=\"wp-block-paragraph\"><strong>Contact<\/strong>:\n<a href=\"mailto:conference1919@istorie.unibuc.ro\">conference1919@istorie.unibuc.ro<\/a> <\/p>\n","protected":false},"excerpt":{"rendered":"<p>Call for Papers October 24-26, 2019, Bucharest, RomaniaDeadline: June 30, 2019 The University of Bucharest, in partnership with the Romanian Academy, organizes an international scientific conference on \u201cThe Bolshevik danger in Central Europe in 1919\u201d on October 24-26, 2019. The purpose of this conference is to provide interested scholars with a platform for discussing the [&hellip;]<\/p>\n","protected":false},"author":2,"featured_media":0,"parent":2397,"menu_order":0,"comment_status":"closed","ping_status":"closed","template":"","meta":{"_crdt_document":"","jetpack_post_was_ever_published":false,"footnotes":""},"class_list":["post-2399","page","type-page","status-publish","hentry"],"jetpack_sharing_enabled":true,"jetpack_shortlink":"https:\/\/wp.me\/PaobZd-CH","jetpack-related-posts":[],"_links":{"self":[{"href":"https:\/\/istorie.unibuc.ro\/facultate\/wp-json\/wp\/v2\/pages\/2399","targetHints":{"allow":["GET"]}}],"collection":[{"href":"https:\/\/istorie.unibuc.ro\/facultate\/wp-json\/wp\/v2\/pages"}],"about":[{"href":"https:\/\/istorie.unibuc.ro\/facultate\/wp-json\/wp\/v2\/types\/page"}],"author":[{"embeddable":true,"href":"https:\/\/istorie.unibuc.ro\/facultate\/wp-json\/wp\/v2\/users\/2"}],"replies":[{"embeddable":true,"href":"https:\/\/istorie.unibuc.ro\/facultate\/wp-json\/wp\/v2\/comments?post=2399"}],"version-history":[{"count":4,"href":"https:\/\/istorie.unibuc.ro\/facultate\/wp-json\/wp\/v2\/pages\/2399\/revisions"}],"predecessor-version":[{"id":2409,"href":"https:\/\/istorie.unibuc.ro\/facultate\/wp-json\/wp\/v2\/pages\/2399\/revisions\/2409"}],"up":[{"embeddable":true,"href":"https:\/\/istorie.unibuc.ro\/facultate\/wp-json\/wp\/v2\/pages\/2397"}],"wp:attachment":[{"href":"https:\/\/istorie.unibuc.ro\/facultate\/wp-json\/wp\/v2\/media?parent=2399"}],"curies":[{"name":"wp","href":"https:\/\/api.w.org\/{rel}","templated":true}]}}