{"id":233,"date":"2018-10-26T15:21:50","date_gmt":"2018-10-26T15:21:50","guid":{"rendered":"http:\/\/newhis.bucharest.university\/?page_id=233"},"modified":"2024-09-05T10:38:22","modified_gmt":"2024-09-05T10:38:22","slug":"finalizare-studii","status":"publish","type":"page","link":"https:\/\/istorie.unibuc.ro\/facultate\/programe\/finalizare-studii\/","title":{"rendered":"Finalizare studii (licen\u021b\u0103, diserta\u021bie, absolvire)"},"content":{"rendered":"\n<h2 class=\"wp-block-heading\" id=\"sesiunea-februarie-2022-pentru-promo\u021biile-2021-\u0219i-anterioare\"><strong>(pentru promo\u021biile 2024 \u0219i anterioare)<\/strong><\/h2>\n\n\n\n<hr class=\"wp-block-separator has-alpha-channel-opacity\"\/>\n\n\n\n<h2 class=\"wp-block-heading\" id=\"sesiunea-februarie-2022-pentru-promo\u021biile-2021-\u0219i-anterioare\">sesiunea &#8211; septembrie 2024<\/h2>\n\n\n\n<div class=\"wp-block-file\"><a id=\"wp-block-file--media-4df6664c-1128-4718-aa24-559a1ce1502d\" href=\"https:\/\/istorie.unibuc.ro\/wp-content\/uploads\/2024\/09\/programare-examene-finalizare-studii-licenta.pdf\">programare examene finalizare studii &#8211; licen\u021b\u0103_septembrie 2024<\/a><a href=\"https:\/\/istorie.unibuc.ro\/wp-content\/uploads\/2024\/09\/programare-examene-finalizare-studii-licenta.pdf\" class=\"wp-block-file__button wp-element-button\" download aria-describedby=\"wp-block-file--media-4df6664c-1128-4718-aa24-559a1ce1502d\">Descarc\u0103<\/a><\/div>\n\n\n\n<div class=\"wp-block-file\"><a id=\"wp-block-file--media-fec363d6-7625-4d23-b6dc-c9695eeb6559\" href=\"https:\/\/istorie.unibuc.ro\/wp-content\/uploads\/2024\/09\/programare-examene-finalizare-studii-disertatie.pdf\">programare examene finalizare studii &#8211; diserta\u021bie_septembrie 2024<\/a><a href=\"https:\/\/istorie.unibuc.ro\/wp-content\/uploads\/2024\/09\/programare-examene-finalizare-studii-disertatie.pdf\" class=\"wp-block-file__button wp-element-button\" download aria-describedby=\"wp-block-file--media-fec363d6-7625-4d23-b6dc-c9695eeb6559\">Descarc\u0103<\/a><\/div>\n\n\n\n<div class=\"wp-block-file\"><a id=\"wp-block-file--media-f957b1ad-7342-4da6-8a72-45f37a8c7380\" href=\"https:\/\/istorie.unibuc.ro\/wp-content\/uploads\/2024\/09\/Calendar-si-documente-inscriere-examen-licenta-septembrie-2024-3.pdf\">Calendar-si-documente-inscriere-examen-licenta-septembrie-2024<\/a><a href=\"https:\/\/istorie.unibuc.ro\/wp-content\/uploads\/2024\/09\/Calendar-si-documente-inscriere-examen-licenta-septembrie-2024-3.pdf\" class=\"wp-block-file__button wp-element-button\" download aria-describedby=\"wp-block-file--media-f957b1ad-7342-4da6-8a72-45f37a8c7380\">Descarc\u0103<\/a><\/div>\n\n\n\n<div class=\"wp-block-file\"><a id=\"wp-block-file--media-f3a223e0-4aa6-435c-9783-4b55185d34db\" href=\"https:\/\/istorie.unibuc.ro\/wp-content\/uploads\/2024\/09\/Calendar-si-documente-inscriere-examen-disertatie-septembrie-2024-1.pdf\">Calendar-si-documente-inscriere-examen-disertatie-septembrie-2024<\/a><a href=\"https:\/\/istorie.unibuc.ro\/wp-content\/uploads\/2024\/09\/Calendar-si-documente-inscriere-examen-disertatie-septembrie-2024-1.pdf\" class=\"wp-block-file__button wp-element-button\" download aria-describedby=\"wp-block-file--media-f3a223e0-4aa6-435c-9783-4b55185d34db\">Descarc\u0103<\/a><\/div>\n\n\n\n<div class=\"wp-block-file\"><a id=\"wp-block-file--media-ff660c11-b6f6-4ede-b556-ab75603dd0a6\" href=\"https:\/\/istorie.unibuc.ro\/wp-content\/uploads\/2024\/09\/Calendar-si-documente-inscriere-examen-absolvire-septembrie-2024-1.pdf\">Calendar-si-documente-inscriere-examen-absolvire-septembrie-2024<\/a><a href=\"https:\/\/istorie.unibuc.ro\/wp-content\/uploads\/2024\/09\/Calendar-si-documente-inscriere-examen-absolvire-septembrie-2024-1.pdf\" class=\"wp-block-file__button wp-element-button\" download aria-describedby=\"wp-block-file--media-ff660c11-b6f6-4ede-b556-ab75603dd0a6\">Descarc\u0103<\/a><\/div>\n\n\n\n<div class=\"wp-block-file\"><a id=\"wp-block-file--media-43a7581e-d86e-40b9-9fdf-7e2e95b3cfc7\" href=\"https:\/\/istorie.unibuc.ro\/wp-content\/uploads\/2024\/07\/Fisa-de-inscriere-examen-licenta-septembrie-2024.doc\">Fisa-de-inscriere-examen-licenta-septembrie-2024<\/a><a href=\"https:\/\/istorie.unibuc.ro\/wp-content\/uploads\/2024\/07\/Fisa-de-inscriere-examen-licenta-septembrie-2024.doc\" class=\"wp-block-file__button wp-element-button\" download aria-describedby=\"wp-block-file--media-43a7581e-d86e-40b9-9fdf-7e2e95b3cfc7\">Descarc\u0103<\/a><\/div>\n\n\n\n<div class=\"wp-block-file\"><a id=\"wp-block-file--media-864cb6dd-7740-4d09-84e5-57a3c67c535b\" href=\"https:\/\/istorie.unibuc.ro\/wp-content\/uploads\/2024\/07\/Fisa-inscriere-examen-disertatie-septembrie-2024.doc\">Fisa-inscriere-examen-disertatie-septembrie-2024<\/a><a href=\"https:\/\/istorie.unibuc.ro\/wp-content\/uploads\/2024\/07\/Fisa-inscriere-examen-disertatie-septembrie-2024.doc\" class=\"wp-block-file__button wp-element-button\" download aria-describedby=\"wp-block-file--media-864cb6dd-7740-4d09-84e5-57a3c67c535b\">Descarc\u0103<\/a><\/div>\n\n\n\n<div class=\"wp-block-file\"><a id=\"wp-block-file--media-10d0f65e-b7dc-4bae-9e03-b736f6c567be\" href=\"https:\/\/istorie.unibuc.ro\/wp-content\/uploads\/2024\/07\/Fisa-inscriere-examen-conversie-septembrie-2024.doc\">Fisa-inscriere-examen-conversie-septembrie-2024<\/a><a href=\"https:\/\/istorie.unibuc.ro\/wp-content\/uploads\/2024\/07\/Fisa-inscriere-examen-conversie-septembrie-2024.doc\" class=\"wp-block-file__button wp-element-button\" download aria-describedby=\"wp-block-file--media-10d0f65e-b7dc-4bae-9e03-b736f6c567be\">Descarc\u0103<\/a><\/div>\n\n\n\n<hr class=\"wp-block-separator has-alpha-channel-opacity\"\/>\n\n\n\n<h2 class=\"wp-block-heading\">sesiunea &#8211; iunie-iulie 2024<\/h2>\n\n\n\n<hr class=\"wp-block-separator has-alpha-channel-opacity\"\/>\n\n\n\n<div class=\"wp-block-file\"><a id=\"wp-block-file--media-ea5178c4-c3da-4794-bd0d-4df34c86ed1f\" href=\"https:\/\/istorie.unibuc.ro\/wp-content\/uploads\/2024\/06\/programare-examene-finalizare-studii-licenta-si-absolvire.pdf\" target=\"_blank\" rel=\"noreferrer noopener\">programare-examene-finalizare-studii-licenta-si-absolvire<\/a><a href=\"https:\/\/istorie.unibuc.ro\/wp-content\/uploads\/2024\/06\/programare-examene-finalizare-studii-licenta-si-absolvire.pdf\" class=\"wp-block-file__button wp-element-button\" download aria-describedby=\"wp-block-file--media-ea5178c4-c3da-4794-bd0d-4df34c86ed1f\">Descarc\u0103<\/a><\/div>\n\n\n\n<div class=\"wp-block-file\"><a id=\"wp-block-file--media-be21aac5-785f-4be3-b02c-2c8438a89982\" href=\"https:\/\/istorie.unibuc.ro\/wp-content\/uploads\/2024\/06\/programare-examene-finalizare-studii-disertatie.pdf\" target=\"_blank\" rel=\"noreferrer noopener\">programare-examene-finalizare-studii-disertatie<\/a><a href=\"https:\/\/istorie.unibuc.ro\/wp-content\/uploads\/2024\/06\/programare-examene-finalizare-studii-disertatie.pdf\" class=\"wp-block-file__button wp-element-button\" download aria-describedby=\"wp-block-file--media-be21aac5-785f-4be3-b02c-2c8438a89982\">Descarc\u0103<\/a><\/div>\n\n\n\n<div class=\"wp-block-file\"><a id=\"wp-block-file--media-7f43208b-6a5c-43b7-a9c5-601c75bd2352\" href=\"https:\/\/istorie.unibuc.ro\/wp-content\/uploads\/2024\/03\/Calendar-si-documente-inscriere-examen-licenta-iunie-iulie-2024.doc\" target=\"_blank\" rel=\"noreferrer noopener\">Calendar-si-documente-inscriere-examen-licenta-iunie-iulie-2024<\/a><a href=\"https:\/\/istorie.unibuc.ro\/wp-content\/uploads\/2024\/03\/Calendar-si-documente-inscriere-examen-licenta-iunie-iulie-2024.doc\" class=\"wp-block-file__button wp-element-button\" download aria-describedby=\"wp-block-file--media-7f43208b-6a5c-43b7-a9c5-601c75bd2352\">Descarc\u0103<\/a><\/div>\n\n\n\n<div class=\"wp-block-file\"><a id=\"wp-block-file--media-2b700a8d-7b9b-4e9b-8118-2ee799d82a2b\" href=\"https:\/\/istorie.unibuc.ro\/wp-content\/uploads\/2024\/03\/Calendar-si-documente-inscriere-examen-disertatie-iunie-iulie-2024.doc\">Calendar-si-documente-inscriere-examen-disertatie-iunie-iulie-2024<\/a><a href=\"https:\/\/istorie.unibuc.ro\/wp-content\/uploads\/2024\/03\/Calendar-si-documente-inscriere-examen-disertatie-iunie-iulie-2024.doc\" class=\"wp-block-file__button wp-element-button\" download aria-describedby=\"wp-block-file--media-2b700a8d-7b9b-4e9b-8118-2ee799d82a2b\">Descarc\u0103<\/a><\/div>\n\n\n\n<div class=\"wp-block-file\"><a id=\"wp-block-file--media-a9c3563b-4d74-4706-9667-6e98a0eeda44\" href=\"https:\/\/istorie.unibuc.ro\/wp-content\/uploads\/2024\/03\/Calendar-si-documente-inscriere-examen-absolvire-iunie-iulie-2024.doc\">Calendar-si-documente-inscriere-examen-absolvire-iunie-iulie-2024<\/a><a href=\"https:\/\/istorie.unibuc.ro\/wp-content\/uploads\/2024\/03\/Calendar-si-documente-inscriere-examen-absolvire-iunie-iulie-2024.doc\" class=\"wp-block-file__button wp-element-button\" download aria-describedby=\"wp-block-file--media-a9c3563b-4d74-4706-9667-6e98a0eeda44\">Descarc\u0103<\/a><\/div>\n\n\n\n<div class=\"wp-block-file\"><a id=\"wp-block-file--media-f2fd570c-1aa8-4a39-94e3-afe509a35997\" href=\"https:\/\/istorie.unibuc.ro\/wp-content\/uploads\/2024\/03\/Fisa-de-inscriere-examen-licenta-2024.doc\">Fisa-de-inscriere-examen-licenta-2024<\/a><a href=\"https:\/\/istorie.unibuc.ro\/wp-content\/uploads\/2024\/03\/Fisa-de-inscriere-examen-licenta-2024.doc\" class=\"wp-block-file__button wp-element-button\" download aria-describedby=\"wp-block-file--media-f2fd570c-1aa8-4a39-94e3-afe509a35997\">Descarc\u0103<\/a><\/div>\n\n\n\n<div class=\"wp-block-file\"><a id=\"wp-block-file--media-24c2d811-70bf-43c1-8405-bb66877faaba\" href=\"https:\/\/istorie.unibuc.ro\/wp-content\/uploads\/2024\/03\/Fisa-inscriere-examen-disertatie-2024.doc\">Fisa-inscriere-examen-disertatie-2024<\/a><a href=\"https:\/\/istorie.unibuc.ro\/wp-content\/uploads\/2024\/03\/Fisa-inscriere-examen-disertatie-2024.doc\" class=\"wp-block-file__button wp-element-button\" download aria-describedby=\"wp-block-file--media-24c2d811-70bf-43c1-8405-bb66877faaba\">Descarc\u0103<\/a><\/div>\n\n\n\n<div class=\"wp-block-file\"><a id=\"wp-block-file--media-49e96d07-202e-488f-9579-1d28ce346e66\" href=\"https:\/\/istorie.unibuc.ro\/wp-content\/uploads\/2024\/03\/Fisa-inscriere-examen-conversie-2024.doc\">Fisa-inscriere-examen-conversie-2024<\/a><a href=\"https:\/\/istorie.unibuc.ro\/wp-content\/uploads\/2024\/03\/Fisa-inscriere-examen-conversie-2024.doc\" class=\"wp-block-file__button wp-element-button\" download aria-describedby=\"wp-block-file--media-49e96d07-202e-488f-9579-1d28ce346e66\">Descarc\u0103<\/a><\/div>\n\n\n\n<div class=\"wp-block-file\"><a id=\"wp-block-file--media-757b374d-99c0-4805-a4a6-702f4de1d220\" href=\"https:\/\/istorie.unibuc.ro\/wp-content\/uploads\/2022\/05\/Fisa_lichidare_Istorie_2022.doc\">Fisa de lichidare<\/a><a href=\"https:\/\/istorie.unibuc.ro\/wp-content\/uploads\/2022\/05\/Fisa_lichidare_Istorie_2022.doc\" class=\"wp-block-file__button wp-element-button\" download aria-describedby=\"wp-block-file--media-757b374d-99c0-4805-a4a6-702f4de1d220\">Descarc\u0103<\/a><\/div>\n\n\n\n<div class=\"wp-block-file\"><a id=\"wp-block-file--media-b224b37f-06ca-43f2-ba44-c57c7205bd38\" href=\"https:\/\/istorie.unibuc.ro\/wp-content\/uploads\/2022\/06\/Declaratie-consimtamant-prelucrare-date.doc\">Declaratie-consimtamant-prelucrare-date<\/a><a href=\"https:\/\/istorie.unibuc.ro\/wp-content\/uploads\/2022\/06\/Declaratie-consimtamant-prelucrare-date.doc\" class=\"wp-block-file__button wp-element-button\" download aria-describedby=\"wp-block-file--media-b224b37f-06ca-43f2-ba44-c57c7205bd38\">Download<\/a><\/div>\n\n\n\n<div class=\"wp-block-file\"><a id=\"wp-block-file--media-79dabe19-9568-4fe1-b1a5-999e9e70110c\" href=\"https:\/\/istorie.unibuc.ro\/wp-content\/uploads\/2022\/04\/Declaratie-onestitate-licenta.doc\">Declara\u021bie onestitate licen\u021b\u0103<\/a><a href=\"https:\/\/istorie.unibuc.ro\/wp-content\/uploads\/2022\/04\/Declaratie-onestitate-licenta.doc\" class=\"wp-block-file__button wp-element-button\" download aria-describedby=\"wp-block-file--media-79dabe19-9568-4fe1-b1a5-999e9e70110c\">Download<\/a><\/div>\n\n\n\n<div class=\"wp-block-file\"><a id=\"wp-block-file--media-1602d4c5-5eca-4b64-bb38-5f5bd7ff962b\" href=\"https:\/\/istorie.unibuc.ro\/wp-content\/uploads\/2022\/04\/Declaratie-onestitate-disertatie.doc\">Declaratie onestitate disertatie<\/a><a href=\"https:\/\/istorie.unibuc.ro\/wp-content\/uploads\/2022\/04\/Declaratie-onestitate-disertatie.doc\" class=\"wp-block-file__button wp-element-button\" download aria-describedby=\"wp-block-file--media-1602d4c5-5eca-4b64-bb38-5f5bd7ff962b\">Download<\/a><\/div>\n\n\n\n<div class=\"wp-block-file\"><a id=\"wp-block-file--media-be7d52fb-f7ad-4e5b-916b-537a6e661d86\" href=\"https:\/\/istorie.unibuc.ro\/wp-content\/uploads\/2024\/03\/Regulament-finalizare-studii-2024-site.pdf\">Regulament-finalizare-studii-2024-site<\/a><a href=\"https:\/\/istorie.unibuc.ro\/wp-content\/uploads\/2024\/03\/Regulament-finalizare-studii-2024-site.pdf\" class=\"wp-block-file__button wp-element-button\" download aria-describedby=\"wp-block-file--media-be7d52fb-f7ad-4e5b-916b-537a6e661d86\">Descarc\u0103<\/a><\/div>\n\n\n\n<div class=\"wp-block-file\"><a id=\"wp-block-file--media-52d6f7ef-5483-4bb2-8634-c8058d69c89e\" href=\"https:\/\/istorie.unibuc.ro\/wp-content\/uploads\/2024\/06\/Comisii-licenta-iunie-iulie-2024-site.pdf\">Comisii-licenta-iunie-iulie-2024-site<\/a><a href=\"https:\/\/istorie.unibuc.ro\/wp-content\/uploads\/2024\/06\/Comisii-licenta-iunie-iulie-2024-site.pdf\" class=\"wp-block-file__button wp-element-button\" download aria-describedby=\"wp-block-file--media-52d6f7ef-5483-4bb2-8634-c8058d69c89e\">Descarc\u0103<\/a><\/div>\n\n\n\n<div class=\"wp-block-file\"><a id=\"wp-block-file--media-0abb6de4-0f85-4750-b45b-99cdde13f01d\" href=\"https:\/\/istorie.unibuc.ro\/wp-content\/uploads\/2024\/06\/Comisii-disertatie-iunie-iulie-2024-site-1.pdf\">Comisii-disertatie-iunie-iulie-2024-site-1<\/a><a href=\"https:\/\/istorie.unibuc.ro\/wp-content\/uploads\/2024\/06\/Comisii-disertatie-iunie-iulie-2024-site-1.pdf\" class=\"wp-block-file__button wp-element-button\" download aria-describedby=\"wp-block-file--media-0abb6de4-0f85-4750-b45b-99cdde13f01d\">Descarc\u0103<\/a><\/div>\n\n\n\n<h2 class=\"wp-block-heading\"><strong>PROCEDURA DE ORGANIZARE \u0218I DESF\u0102\u0218URARE A EXAMENELOR DE FINALIZARE A PROGRAMELOR DE FORMARE PSIHOPEDAGOGIC\u0102 \u00ceN VEDEREA CERTIFIC\u0102RII COMPETEN\u0162ELOR PENTRU PROFESIA DIDACTIC\u0102 NIVELUL I (INI\u0162IAL) \/ NIVELUL II (DE APROFUNDARE)<\/strong><\/h2>\n\n\n\n<div class=\"wp-block-file\"><a id=\"wp-block-file--media-79eda23f-2b64-4f68-a296-32467371d76e\" href=\"https:\/\/istorie.unibuc.ro\/wp-content\/uploads\/2024\/06\/PROCEDURA-SITE-DPPD-FINALIZARE-STUDII-IUNIE-IULIE-2024-1.pdf\">PROCEDURA-SITE-DPPD-FINALIZARE-STUDII-IUNIE-IULIE-2024-1<\/a><a href=\"https:\/\/istorie.unibuc.ro\/wp-content\/uploads\/2024\/06\/PROCEDURA-SITE-DPPD-FINALIZARE-STUDII-IUNIE-IULIE-2024-1.pdf\" class=\"wp-block-file__button wp-element-button\" download aria-describedby=\"wp-block-file--media-79eda23f-2b64-4f68-a296-32467371d76e\">Descarc\u0103<\/a><\/div>\n\n\n\n<div class=\"wp-block-file\"><a id=\"wp-block-file--media-499d44cf-2977-4d13-aef5-2408f79c4df2\" href=\"https:\/\/istorie.unibuc.ro\/wp-content\/uploads\/2021\/02\/ghid-licenta-disertatie-Istoria-artei.pdf\">Ghid licenta disertatie Istoria Artei<\/a><a href=\"https:\/\/istorie.unibuc.ro\/wp-content\/uploads\/2021\/02\/ghid-licenta-disertatie-Istoria-artei.pdf\" class=\"wp-block-file__button wp-element-button\" download aria-describedby=\"wp-block-file--media-499d44cf-2977-4d13-aef5-2408f79c4df2\">Descarc\u0103<\/a><\/div>\n\n\n\n<div class=\"wp-block-file\"><a id=\"wp-block-file--media-82621fe3-db17-4465-af6d-e1be930f81d4\" href=\"https:\/\/istorie.unibuc.ro\/wp-content\/uploads\/2019\/02\/Ghid-de-finalizare-a-studiilor-de-licen\u021b\u0103-\u0219i-master.pdf\">Ghid de finalizare a studiilor de licen\u021b\u0103 \u0219i master<\/a><a href=\"https:\/\/istorie.unibuc.ro\/wp-content\/uploads\/2019\/02\/Ghid-de-finalizare-a-studiilor-de-licen\u021b\u0103-\u0219i-master.pdf\" class=\"wp-block-file__button wp-element-button\" download aria-describedby=\"wp-block-file--media-82621fe3-db17-4465-af6d-e1be930f81d4\">Download<\/a><\/div>\n","protected":false},"excerpt":{"rendered":"<p>(pentru promo\u021biile 2024 \u0219i anterioare) sesiunea &#8211; septembrie 2024 sesiunea &#8211; iunie-iulie 2024 PROCEDURA DE ORGANIZARE \u0218I DESF\u0102\u0218URARE A EXAMENELOR DE FINALIZARE A PROGRAMELOR DE FORMARE PSIHOPEDAGOGIC\u0102 \u00ceN VEDEREA CERTIFIC\u0102RII COMPETEN\u0162ELOR PENTRU PROFESIA DIDACTIC\u0102 NIVELUL I (INI\u0162IAL) \/ NIVELUL II (DE APROFUNDARE)<\/p>\n","protected":false},"author":2,"featured_media":0,"parent":184,"menu_order":0,"comment_status":"closed","ping_status":"closed","template":"","meta":{"_crdt_document":"","jetpack_post_was_ever_published":false,"footnotes":""},"class_list":["post-233","page","type-page","status-publish","hentry"],"jetpack_sharing_enabled":true,"jetpack_shortlink":"https:\/\/wp.me\/PaobZd-3L","jetpack-related-posts":[],"_links":{"self":[{"href":"https:\/\/istorie.unibuc.ro\/facultate\/wp-json\/wp\/v2\/pages\/233","targetHints":{"allow":["GET"]}}],"collection":[{"href":"https:\/\/istorie.unibuc.ro\/facultate\/wp-json\/wp\/v2\/pages"}],"about":[{"href":"https:\/\/istorie.unibuc.ro\/facultate\/wp-json\/wp\/v2\/types\/page"}],"author":[{"embeddable":true,"href":"https:\/\/istorie.unibuc.ro\/facultate\/wp-json\/wp\/v2\/users\/2"}],"replies":[{"embeddable":true,"href":"https:\/\/istorie.unibuc.ro\/facultate\/wp-json\/wp\/v2\/comments?post=233"}],"version-history":[{"count":135,"href":"https:\/\/istorie.unibuc.ro\/facultate\/wp-json\/wp\/v2\/pages\/233\/revisions"}],"predecessor-version":[{"id":15775,"href":"https:\/\/istorie.unibuc.ro\/facultate\/wp-json\/wp\/v2\/pages\/233\/revisions\/15775"}],"up":[{"embeddable":true,"href":"https:\/\/istorie.unibuc.ro\/facultate\/wp-json\/wp\/v2\/pages\/184"}],"wp:attachment":[{"href":"https:\/\/istorie.unibuc.ro\/facultate\/wp-json\/wp\/v2\/media?parent=233"}],"curies":[{"name":"wp","href":"https:\/\/api.w.org\/{rel}","templated":true}]}}