{"id":229,"date":"2018-10-26T15:18:13","date_gmt":"2018-10-26T15:18:13","guid":{"rendered":"http:\/\/newhis.bucharest.university\/?page_id=229"},"modified":"2024-10-04T08:14:02","modified_gmt":"2024-10-04T08:14:02","slug":"istoria-ideilor-mentalitatilor-si-culturii-de-masa","status":"publish","type":"page","link":"https:\/\/istorie.unibuc.ro\/facultate\/programe\/master\/istoria-ideilor-mentalitatilor-si-culturii-de-masa\/","title":{"rendered":"Istoria Ideilor, Mentalit\u0103\u021bilor \u0219i Culturii de Mas\u0103"},"content":{"rendered":"\n<div class=\"wp-block-columns has-2-columns is-layout-flex wp-container-core-columns-is-layout-8f761849 wp-block-columns-is-layout-flex\">\n<div class=\"wp-block-column is-layout-flow wp-block-column-is-layout-flow\">\n<p class=\"wp-block-paragraph\">Sigur v\u0103 intereseaz\u0103 cultura de mas\u0103! Sigur v-a\u021bi g\u00e2ndit de multe ori la cauzele fascina\u021biei pe care o exercit\u0103. De la Chaplin si parodia A Burlesque on Carmen, Andy Warhol \u0219i p\u00e2n\u0103 la Star Wars, Tarantino, Metallica, Batman v Superman, prin publicitate, jocuri video, muzic\u0103, anime-uri, campanii politice, bricolaje culturale din carti, filme, benzi desenate, \u0219i personaje fictive, toate construiesc un univers de idei \u0219i imaginar \u00een continu\u0103 mi\u0219care, intrinsec legat de existen\u021ba de zi cu zi, o realitate pe care nici nu o mai con\u0219tientiz\u0103m, dar care ne influenteaz\u0103 \u0219i pe care o influen\u021b\u0103m la r\u00e2ndul nostru, pe care o consum\u0103m \u0219i care ne consum\u0103 \u00een acela\u0219i timp. Dac\u0103 \u00eens\u0103 ne oprim s\u0103 reflect\u0103m pu\u021bin asupra acestui univers, \u00eentreb\u0103rile \u00eencep s\u0103 se \u00eenghesuie. Care este istoria \u0219i devenirea culturii de mas\u0103 \u00een ultimele secole? Cum au evoluat ideile \u0219i comportamentele umane? Mai este vreo grani\u021b\u0103, chiar \u0219i fragil\u0103, \u00eentre cultura elitelor \u0219i cultura de mas\u0103? Cum se pot defini cultura de mas\u0103 \u0219i masificarea cultural\u0103 a lumii contemporane? C\u00e2te tipuri de popular culture sunt \u00een competi\u021bie? \u00cen ce m\u0103sur\u0103 secolul XX a fost o epoc\u0103 a americaniz\u0103rii? Secolul XXI va confirma profe\u021biile sumbre despre dizolvarea post-modern\u0103 a culturii \u0219i pr\u0103bu\u0219irea orizonturilor existen\u021biale, sau, dup\u0103 cum sugera Umberto Eco, Apocalipsa va fi am\u00e2nat\u0103?<\/p>\n\n\n\n<p class=\"wp-block-paragraph\">Dac\u0103 dori\u021bi s\u0103 explora\u021bi calea spre r\u0103spunsurile la aceste \u00eentreb\u0103ri \u0219i la multe altele, dac\u0103 vre\u021bi s\u0103 transforma\u021bi o pasiune \u00eentr-o carier\u0103, masterul Istoria ideilor, mentalit\u0103\u021bilor \u0219i culturii de mas\u0103 organizat de c\u0103tre Facultatea de Istorie \u0219i Facultatea de Jurnalism \u0219i Stiintele Comunic\u0103rii de la Universitatea din Bucure\u0219ti este locul potrivit unde o pute\u021bi face al\u0103turi de profesorii potrivi\u021bi pentru aceasta. Vi se propune o experien\u021b\u0103 de studiu care va combina calitatea academic\u0103 cu deschiderea intelectual\u0103 \u0219i libertatea curiozit\u0103\u021bii nez\u0103g\u0103zuite. Conceput sub semnul pluridisciplinarit\u0103\u021bii aspir\u00e2nd spre interdisciplinaritate, acest master este deschis studen\u021bilor care aduc experien\u021be acumulate \u00een diverse domenii, \u0219i va prilejui interac\u021biunea cu profesori care ilustreaz\u0103 domenii \u0219i abord\u0103ri diferite, dar deseori complementare.<\/p>\n\n\n\n<p class=\"wp-block-paragraph\">Intr-un mediu f\u0103r\u0103 bariere intelectuale, ve\u021bi avea posibilitatea de a sonda cultura de mas\u0103 contemporan\u0103 \u0219i istoria ei, s\u0103 explora\u021bi at\u00e2t fenomene macro, c\u00e2t \u0219i detalii fascinante \u0219i conexiuni nea\u0219teptate, cum ar fi aceea dintre filosoful Roland Barthes \u0219i muzica new wave (un hint: The Lover Speaks).<\/p>\n\n\n\n<p class=\"wp-block-paragraph\">\u00centr-o atmosfer\u0103 lipsit\u0103 de complexe \u0219i deschis\u0103 dezbaterilor \u0219i ciocnirilor de idei, masteratul ofer\u0103 posibilitatea de a examina critic produsele culturale ale ultimelor secole, de a le \u00een\u021belege istoria \u0219i poten\u021bialul discursiv \u0219i manipulator, cu ajutorul unor cursuri axate pe abord\u0103ri metodologice sau studii de caz, merg\u00e2nd de la antropologia cultural\u0103, comunicarea intercultural\u0103, rela\u021bia dintre film \u0219i istorie, istoria ideilor, raportul dintre istorie \u0219i memorie, transfigur\u0103rile universului religios \u00een cultura de mas\u0103, lumea medieval\u0103 ca surs\u0103 privilegiat\u0103 pentru cultura de mas\u0103, politicul \u0219i comunicarea politic\u0103 in lumea contemporan\u0103. Veti avea \u0219i multe ateliere practice \u0219i prilejuri de interac\u021biune \u00een institu\u021bii axate pe difuzarea culturii de mas\u0103.<\/p>\n\n\n\n<p class=\"wp-block-paragraph\">La cap\u0103tul unei experien\u021be de studiu \u0219i de formare care se va dovedi deosebit\u0103, ve\u021bi fi posesorii unui capital intelectual care v\u0103 va \u00eeng\u0103dui s\u0103 alege\u021bi suverani dac\u0103 ve\u021bi continua studiile universitare la nivel de doctorat \u00een practic oricare dintre \u0219tiin\u021bele sociale \u0219i umaniste, sau dac\u0103 ve\u021bi prefera inser\u021bia profesional\u0103 direct\u0103 \u00eentr-una dintre multele institu\u021bii care particip\u0103 la crearea \u0219i diseminarea culturii de mas\u0103.<\/p>\n\n\n\n<p class=\"wp-block-paragraph\">\u00cembarca\u021bi-v\u0103 \u00eentr-o c\u0103l\u0103torie spre marginile f\u0103r\u0103 limite ale istoriei ideilor \u0219i culturii de mas\u0103, acolo \u201eunde nimeni nu a mai ajuns vreodata\u201d. Engage!<\/p>\n\n\n\n<p class=\"wp-block-paragraph\"><strong>Cursuri:<\/strong><\/p>\n\n\n\n<ul class=\"wp-block-list\">\n<li>Cultura de mas\u0103. Teorii, concepte \u015fi evolu\u0163ii istorice;<\/li>\n\n\n\n<li>Antropologie cultural\u0103;<\/li>\n\n\n\n<li>Studii vizuale. Film \u015fi istorie;<\/li>\n\n\n\n<li>Istorie, memorie, mentalit\u0103\u021bi. Concepte \u0219i istoriografie;<\/li>\n\n\n\n<li>Istoriografia istoriei ideilor;<\/li>\n\n\n\n<li>Teme medievale \u00een cultura de mas\u0103 contemporan\u0103;<\/li>\n\n\n\n<li>Teme si motive religioase in cultura de masa;<\/li>\n\n\n\n<li>Tehnici \u015fi practici ale lecturii<\/li>\n\n\n\n<li>Muzee, cultur\u0103 de mas\u0103 \u0219i noile tehnologii \u00een societatea contemporan\u0103;<\/li>\n\n\n\n<li>Idei \u015fi mentalit\u0103\u0163i economice.<\/li>\n\n\n\n<li>Cultura de mas\u0103 \u015fi comunicarea politic\u0103 contemporan\u0103<\/li>\n\n\n\n<li>Ateliere practice: Mass media \u015fi istoria; istorie oral\u0103.<\/li>\n<\/ul>\n<\/div>\n\n\n\n<div class=\"wp-block-column is-layout-flow wp-block-column-is-layout-flow\">\n<blockquote class=\"wp-block-quote is-style-default is-layout-flow wp-block-quote-is-layout-flow\">\n<p class=\"wp-block-paragraph\"><strong>Tara\u0219 Corina (masterand\u0103 \u00een anul I la Masteratul de Istoria Ideilor, Mentalit\u0103\u021bilor \u0219i Culturii de Mas\u0103, Facultatea de Istorie, Universitatea din Bucure\u0219ti)<\/strong><br><em>\u201eBun\u0103! M\u0103 numesc Corina Tara\u0219 \u0219i sunt student\u0103 \u00een anul I la Masterul de Istoria Ideilor, Mentalit\u0103\u021bilor \u0219i Culturii de Mas\u0103. Am terminat Facultatea de Litere \u0219i cred c\u0103 ceea ce m-a atras cel mai mult la acest master este diversitatea \u0219i modul \u00een care r\u0103spunde provoc\u0103rilor pe care mi le pun singur\u0103. Recomand acest master pentru studen\u021bii care caut\u0103 continuu \u0219i care vor s\u0103 se dep\u0103\u0219easc\u0103, care \u00ee\u0219i doresc s\u0103-\u0219i l\u0103rgeasc\u0103 orizontul, pentru c\u0103, f\u0103r\u0103 doar \u0219i poate exist\u0103 aceast\u0103 l\u0103rgire de orizont. Lucr\u0103m cu idei, lucr\u0103m cu mentalit\u0103\u021bi, lucr\u0103m cu aceast\u0103 cultur\u0103 de mas\u0103 \u00een toate domeniile sau oricum \u00een majoritatea domeniilor. Acest master nu poate s\u0103 fie o pierdere, riscurile sunt minime \u0219i provoc\u0103rile pe m\u0103sur\u0103 \u201d.<\/em><br><strong>Vali Rupa (masterand \u00een anul I la Masteratul de Istoria Ideilor, Mentalit\u0103\u021bilor \u0219i Culturii de Mas\u0103, Facultatea de Istorie, Universitatea din Bucure\u0219ti)<\/strong><br><em>\u201eBun\u0103! Vali Rupa sunt. Sunt student \u00een anul I al programului de master Istoria Ideilor, Mentalit\u0103\u021bilor \u0219i Culturii de Mas\u0103. Sun\u0103 foarte complicat, dar de fapt sun\u0103 foarte frumos, chiar acesta a fost primul motiv pentru care am ales acest program de master. Ini\u021bial m-a aras denumirea Istoria Ideilor, Mentalit\u0103\u021bilor \u0219i Culturii de Mas\u0103, fiindc\u0103 poate s\u0103 \u00eensemne absolut orice, iar dup\u0103 aceasta chiar am f\u0103cut un mic research despre master. Pe l\u00e2ng\u0103 faptul c\u0103 are marele avantaj de a fi \u00een cadrul Facult\u0103\u021bii de Istorie a Universit\u0103\u021bii din Bucure\u0219ti, recunoscut\u0103 pe plan interna\u021bional, mai este \u0219i faptul c\u0103 este foarte distractiv s\u0103 \u00eenve\u021bi materiile de la programul acesta de master, pentru c\u0103, cel pu\u021bin din punctul meu de vedere, la cursuri abord\u0103m acelea\u0219i subiecte pe care oricum le abordam cu prietenii mei la bere, ceea ce este extraordinar, este ceva absolut fantastic. \u00cen sensul c\u0103, dac\u0103 vrei s\u0103 vorbe\u0219ti despre filmele lui Quentin Tarantino \u0219i despre violen\u021ba din filmele lui \u0219i ce poate s\u0103 exprime, po\u021bi s\u0103 vorbe\u0219ti despre asta \u0219i s\u0103 o cercetezi \u0219tiin\u021bific sau dac\u0103 vrei s\u0103 te legi de chestii serioase, despre Revolu\u021bia pa\u0219optist\u0103 \u0219i influen\u021ba cultural\u0103 a elitelor, po\u021bi s\u0103 faci exact asta. Este un domeniu foarte, foarte vast \u0219i cred se aplic\u0103 oric\u0103rui domeniu pe care vrei s\u0103 \u00eel studiezi.<\/em><br><em>Acest masterat este potrivit pentru absolut oricine, de exemplu, eu sunt absolvent al Academiei For\u021belor Terestre de la Sibiu, sunt militar. Nu are la prima vedere nici o leg\u0103tur\u0103 cu acest lucru, dar de fapt din pur\u0103 pasiune sau chiar \u0219i din punct de vedere practic, este foarte potrivit acest master pentru absolut oricine. Dac\u0103 vrem s\u0103 fim mai pragmatici, ca urmare a promov\u0103rii examenului de diserta\u021bie o s\u0103 avem parte de specializ\u0103ri inclusiv \u00een domeniul jurnalismului, muzeografiei \u0219i culturii. Specializ\u0103rile sunt multiple \u0219i institu\u021biile cu care acest master \u021bine leg\u0103tura sunt numeroase \u0219i pot s\u0103 ofere o gam\u0103 larg\u0103 de activit\u0103\u021bi practice, pragamatice\u201d.<\/em><br>\u00a0<br><strong>Moise Diana (masterand\u0103 \u00een anul II la Masteratul de Istoria Ideilor, Mentalit\u0103\u021bilor \u0219i Culturii de Mas\u0103, Facultatea de Istorie, Universitatea din Bucure\u0219ti)<\/strong><br><em>\u201eNumele meu este Moise Diana \u0219i sunt student\u0103 \u00een anul II la programul de master Istoria Ideilor, Mentalit\u0103\u021bilor \u0219i Culturii de Mas\u0103. Motivul pentru care am ales acest master este deschiderea cultural\u0103 pe care o ofer\u0103, dar \u0219i pasiunea mea pentru domeniul vizualului \u0219i istoria contemporan\u0103. Eu studiez diverse elemente ce \u021bin de vizual, cu prec\u0103dere filmul \u00een epoca contemporan\u0103. Acest program de master \u00eemi ofer\u0103 instrumentele necesare pentru a putea avansa pe calea cercet\u0103rii mele, ceea ce \u00eemi d\u0103 un sentiment de profund\u0103 satisfac\u021bie, cursurile fiind cu adev\u0103rat fascinante. \u00cen cadrul masterului sunt organizate evenimente culturale \u00een care sunt implica\u021bi studen\u021bii, conferin\u021be, dezbateri, seri de film, toate acestea fiind un mediu deosebit \u00een care studen\u021bii pot fi creativi \u0219i liberi \u00een exprimare. V\u0103 recomand acest program de masterat, dac\u0103 dori\u021bi ceva inovativ \u0219i unic \u00een peisajul universitar din Bucure\u0219ti\u201d.<\/em><br>\u00a0<br><strong>Gorunescu Mircea-Adrian (masterand \u00een anul II la Masteratul de Istoria Ideilor, Mentalit\u0103\u021bilor \u0219i Culturii de Mas\u0103, Facultatea de Istorie, Universitatea din Bucure\u0219ti)<\/strong><br><em>\u00a0\u00a0\u00a0\u00a0\u00a0\u00a0\u00a0\u00a0\u00a0\u00a0\u00a0 \u201eM\u0103 numesc Mircea Gorunescu \u0219i sunt student \u00een anul II la Masteratul de Istoria Ideilor, Mentalit\u0103\u021bilor \u0219i Culturii de Mas\u0103. Acest program de master are o deosebit\u0103 \u00eensemn\u0103tate pentru mine, fiindc\u0103 aici visele \u0219i pasiunile mele au prins via\u021b\u0103. \u00cen ace\u0219ti doi ani, la masteratul de Mentalit\u0103\u021bi am \u00eent\u00e2lnit oameni aparte, profesori care cred cu t\u0103rie \u00een visele studen\u021bilor \u0219i investesc timp \u0219i energie \u00eempreun\u0103 cu ace\u0219tia pentru a men\u021bine vie pasiunea \u0219i evolu\u021bia pe calea studiului. Deschiderea profesorilor pentru nou, cultivarea diferen\u021bei dintre oameni ca suprem\u0103 dovad\u0103 a frumuse\u021bii diversit\u0103\u021bii vie\u021bii, precum \u0219i prezen\u021ba unei mentalit\u0103\u021bi lipsite de rigiditate fac ca acest master s\u0103 fie pentru fiecare t\u00e2n\u0103r un prilej de afirmare, de dezvoltare a propriei viziuni asupra viitorului. Recomand acest masterat, cu mare drag, tuturor celor care sunt ve\u0219nic curio\u0219i \u0219i dornici de a-\u0219i r\u0103spunde propriilor \u00eentreb\u0103ri, precum \u0219i de a-\u0219i g\u0103si noi \u00eentreb\u0103ri care s\u0103 le deschid\u0103 noi direc\u021bii de dezvoltare\u201d.<\/em><br>\u00a0<\/p>\n<\/blockquote>\n<\/div>\n<\/div>\n\n\n\n<p class=\"wp-block-paragraph\"><\/p>\n\n\n\n<h2 class=\"wp-block-heading\"><a href=\"https:\/\/istorie.unibuc.ro\/facultate\/programe\/master\/istoria-ideilor-mentalitatilor-si-culturii-de-masa\/fise-discipline-mimcm\/\" data-type=\"page\" data-id=\"16659\">Fi\u0219e discipline MIMCM<\/a><\/h2>\n","protected":false},"excerpt":{"rendered":"<p>Sigur v\u0103 intereseaz\u0103 cultura de mas\u0103! Sigur v-a\u021bi g\u00e2ndit de multe ori la cauzele fascina\u021biei pe care o exercit\u0103. De la Chaplin si parodia A Burlesque on Carmen, Andy Warhol \u0219i p\u00e2n\u0103 la Star Wars, Tarantino, Metallica, Batman v Superman, prin publicitate, jocuri video, muzic\u0103, anime-uri, campanii politice, bricolaje culturale din carti, filme, benzi desenate, [&hellip;]<\/p>\n","protected":false},"author":2,"featured_media":0,"parent":207,"menu_order":0,"comment_status":"closed","ping_status":"closed","template":"","meta":{"_crdt_document":"","jetpack_post_was_ever_published":false,"footnotes":""},"class_list":["post-229","page","type-page","status-publish","hentry"],"jetpack_sharing_enabled":true,"jetpack_shortlink":"https:\/\/wp.me\/PaobZd-3H","jetpack-related-posts":[],"_links":{"self":[{"href":"https:\/\/istorie.unibuc.ro\/facultate\/wp-json\/wp\/v2\/pages\/229","targetHints":{"allow":["GET"]}}],"collection":[{"href":"https:\/\/istorie.unibuc.ro\/facultate\/wp-json\/wp\/v2\/pages"}],"about":[{"href":"https:\/\/istorie.unibuc.ro\/facultate\/wp-json\/wp\/v2\/types\/page"}],"author":[{"embeddable":true,"href":"https:\/\/istorie.unibuc.ro\/facultate\/wp-json\/wp\/v2\/users\/2"}],"replies":[{"embeddable":true,"href":"https:\/\/istorie.unibuc.ro\/facultate\/wp-json\/wp\/v2\/comments?post=229"}],"version-history":[{"count":3,"href":"https:\/\/istorie.unibuc.ro\/facultate\/wp-json\/wp\/v2\/pages\/229\/revisions"}],"predecessor-version":[{"id":16661,"href":"https:\/\/istorie.unibuc.ro\/facultate\/wp-json\/wp\/v2\/pages\/229\/revisions\/16661"}],"up":[{"embeddable":true,"href":"https:\/\/istorie.unibuc.ro\/facultate\/wp-json\/wp\/v2\/pages\/207"}],"wp:attachment":[{"href":"https:\/\/istorie.unibuc.ro\/facultate\/wp-json\/wp\/v2\/media?parent=229"}],"curies":[{"name":"wp","href":"https:\/\/api.w.org\/{rel}","templated":true}]}}