{"id":225,"date":"2018-10-26T15:15:30","date_gmt":"2018-10-26T15:15:30","guid":{"rendered":"http:\/\/newhis.bucharest.university\/?page_id=225"},"modified":"2025-02-24T09:43:06","modified_gmt":"2025-02-24T09:43:06","slug":"istoria-comunismului-in-romania","status":"publish","type":"page","link":"https:\/\/istorie.unibuc.ro\/facultate\/programe\/master\/istoria-comunismului-in-romania\/","title":{"rendered":"Istoria Comunismului \u00een Rom\u00e2nia"},"content":{"rendered":"\n<p class=\"wp-block-paragraph\">Programul de master \u201cIstoria Comunismului \u00een Rom\u00e2nia\u201d \u00ee\u015fi propune s\u0103 ofere absolven\u0163ilor s\u0103i o imagine de ansamblu asupra regimului comunist, a\u015fa cum s-a manifestat el \u00een \u0163ara noastr\u0103. Pornind de la cursuri precum \u201cComunismul \u00een Rom\u00e2nia interbelic\u0103-dinamic\u0103 politic\u0103-configura\u021bie ideologic\u0103 1893-1944\u201d \u201cPCR de la creare p\u00e2n\u0103 la declan\u0219area celui de al doilea r\u0103zboi mondial\u201d sau \u201cSovietizarea sud-estului Europei\u201d, masteranzii au ocazia s\u0103 cunoasc\u0103 \u00eendeaproape istoria comunismului care a precedat momentul instaur\u0103rii regimului comunist \u00een Rom\u00e2nia. Celelalte cursuri \u201cGeopolitica Rom\u00e2niei \u00een sec. XX &#8211; Mai multe ideologii, un singur loc\u201d, \u201cRom\u00e2nia \u0219i crizele comunismului\u201d, \u201cMuta\u021bii \u0219i performan\u021b\u0103 economic\u0103 \u00een perioada comunist\u0103\u201d, \u201cRepresiune \u0219i control politic \u00een Rom\u00e2nia comunist\u0103\u201d, &#8222;Diziden\u021b\u0103 \u0219i opozi\u021bie \u00een perioada comunist\u0103&#8221;, \u201cAdministra\u021bia \u0219i institu\u021biile statului \u00een Rom\u00e2nia comunist\u0103\u201d \u015fi \u201cStructura intern\u0103 a PCR-ului\u201d au menirea de a le oferi masteranzilor o abordare exhaustiv\u0103 asupra subiectului, \u00een timp ce cursurile \u201c\u00cenv\u0103\u021b\u0103m\u00e2ntul \u00een perioada comunist\u0103\u201d, \u201c3 Sportul \u00een perioada comunist\u0103\u201d, \u201cVia\u021ba cotidian\u0103 \u00een Rom\u00e2nia comunist\u0103\u201d \u015fi \u201cPolitici de popula\u021bie si construc\u021bie politic\u0103 \u00een Rom\u00e2nia comunist\u0103\u201d, vin s\u0103 completeze bagajul de cuno\u015ftin\u0163e necesar unui viitor cercet\u0103tor \u00een Istoria Comunismului \u00een Rom\u00e2nia\u201d.<\/p>\n\n\n\n<p class=\"wp-block-paragraph\">Programul de master con\u0163ine \u015fi o sec\u0163iune despre \u201cTranzi\u021bia de la comunism la postcomunism\u201d, iar masteranzii beneficiaz\u0103 de un \u201cSeminar practic de metodologia cercet\u0103rii istoriei comunismului\u201d, dar \u015fi de locuri de practic\u0103 \u00een institu\u0163ii specializate. Absolven\u021bii Masterului Istoria Comunismului \u00een Rom\u00e2nia se pot integra pe pia\u021ba muncii ca:<\/p>\n\n\n\n<ul class=\"wp-block-list\">\n<li>anali\u0219ti, consilieri, exper\u021bi \u00een problematica comunismului \u0219i postcomunismului \u00een institu\u021bii publice sau nonguvernamentale;<\/li>\n\n\n\n<li>cadre didactice \u00een \u00eenv\u0103\u021b\u0103m\u00e2ntul de \u0219tiin\u021be socio umane;<\/li>\n\n\n\n<li>personal \u00een institu\u021bii de cercetare precum: Consiliul Na\u0163ional pentru Studierea Arhivelor Securit\u0103\u0163ii (CNSAS), Institutul de Investigare a Crimelor Comunismului \u0219i Memoria Exilului Rom\u00e2nesc (IICCMER), Institutul Na\u0163ional pentru Studiul Totalitarismului (INST), Institutul de Istorie Nicolae Iorga al Academiei Rom\u00e2ne sau Institutul Na\u0163ional pentru Studierea Holocaustului din Rom\u00e2nia \u201eElie Wiesel\u201d \u015fi altele;<\/li>\n\n\n\n<li>exper\u0163i reprezentan\u0163i \u00een organisme europene \u015fi euroatlantice;<\/li>\n\n\n\n<li>jurnali\u015fti, arhivi\u015fti, muzeografi.<\/li>\n\n\n\n<li>\u00cen cadrul programului masteral pute\u021bi aplica pentru internshipurile oferite \u00een institu\u021bii precum: Arhiva Media a Televiziunii Rom\u00e2ne, CNSAS, Arhivele Na\u021bionale, Institutul Na\u0163ional pentru Studierea Holocaustului din Rom\u00e2nia \u201eElie Wiesel\u201d, Historia.com<\/li>\n<\/ul>\n\n\n\n<p class=\"wp-block-paragraph\">Facultatea de Istorie v\u0103 invit\u0103 s\u0103 deveni\u0163i acum masteranzi \u015fi mai t\u00e2rziu, exper\u0163i \u00een \u201cIstoria Comunismului \u00een Rom\u00e2nia\u201d<\/p>\n\n\n\n<p class=\"wp-block-paragraph\"><\/p>\n\n\n\n<h2 class=\"wp-block-heading\"><a href=\"https:\/\/istorie.unibuc.ro\/facultate\/programe\/master\/istoria-comunismului-in-romania\/fise-discipline-icr\/\" data-type=\"page\" data-id=\"17828\">Fi\u0219e discipline ICR<\/a><\/h2>\n","protected":false},"excerpt":{"rendered":"<p>Programul de master \u201cIstoria Comunismului \u00een Rom\u00e2nia\u201d \u00ee\u015fi propune s\u0103 ofere absolven\u0163ilor s\u0103i o imagine de ansamblu asupra regimului comunist, a\u015fa cum s-a manifestat el \u00een \u0163ara noastr\u0103. Pornind de la cursuri precum \u201cComunismul \u00een Rom\u00e2nia interbelic\u0103-dinamic\u0103 politic\u0103-configura\u021bie ideologic\u0103 1893-1944\u201d \u201cPCR de la creare p\u00e2n\u0103 la declan\u0219area celui de al doilea r\u0103zboi mondial\u201d sau \u201cSovietizarea [&hellip;]<\/p>\n","protected":false},"author":2,"featured_media":0,"parent":207,"menu_order":0,"comment_status":"closed","ping_status":"closed","template":"","meta":{"_crdt_document":"","jetpack_post_was_ever_published":false,"footnotes":""},"class_list":["post-225","page","type-page","status-publish","hentry"],"jetpack_sharing_enabled":true,"jetpack_shortlink":"https:\/\/wp.me\/PaobZd-3D","jetpack-related-posts":[],"_links":{"self":[{"href":"https:\/\/istorie.unibuc.ro\/facultate\/wp-json\/wp\/v2\/pages\/225","targetHints":{"allow":["GET"]}}],"collection":[{"href":"https:\/\/istorie.unibuc.ro\/facultate\/wp-json\/wp\/v2\/pages"}],"about":[{"href":"https:\/\/istorie.unibuc.ro\/facultate\/wp-json\/wp\/v2\/types\/page"}],"author":[{"embeddable":true,"href":"https:\/\/istorie.unibuc.ro\/facultate\/wp-json\/wp\/v2\/users\/2"}],"replies":[{"embeddable":true,"href":"https:\/\/istorie.unibuc.ro\/facultate\/wp-json\/wp\/v2\/comments?post=225"}],"version-history":[{"count":3,"href":"https:\/\/istorie.unibuc.ro\/facultate\/wp-json\/wp\/v2\/pages\/225\/revisions"}],"predecessor-version":[{"id":17833,"href":"https:\/\/istorie.unibuc.ro\/facultate\/wp-json\/wp\/v2\/pages\/225\/revisions\/17833"}],"up":[{"embeddable":true,"href":"https:\/\/istorie.unibuc.ro\/facultate\/wp-json\/wp\/v2\/pages\/207"}],"wp:attachment":[{"href":"https:\/\/istorie.unibuc.ro\/facultate\/wp-json\/wp\/v2\/media?parent=225"}],"curies":[{"name":"wp","href":"https:\/\/api.w.org\/{rel}","templated":true}]}}