{"id":223,"date":"2018-10-26T15:14:40","date_gmt":"2018-10-26T15:14:40","guid":{"rendered":"http:\/\/newhis.bucharest.university\/?page_id=223"},"modified":"2024-10-04T08:08:06","modified_gmt":"2024-10-04T08:08:06","slug":"tehnici-diplomatice","status":"publish","type":"page","link":"https:\/\/istorie.unibuc.ro\/facultate\/programe\/master\/tehnici-diplomatice\/","title":{"rendered":"Tehnici Diplomatice"},"content":{"rendered":"\n<p class=\"wp-block-paragraph\">Programul a ap\u0103rut ca o consecin\u021b\u0103 logic\u0103 a interesului \u0219i al acumul\u0103rii de experien\u021b\u0103 profesional\u0103 \u0219i institu\u021bional\u0103 \u00een domeniul Rela\u021biilor Interna\u021bionale \u0219i \u00ee\u0219i propune s\u0103 aprofundeze la nivel masteral una dintre componentele fundamentale ale Rela\u021biilor Interna\u021bionale, anume tehnicile diplomatice. Programul de master, cu o durat\u0103 de doi ani, cuprinde activit\u0103\u021bi didactice integrate, simul\u0103ri, cercet\u0103ri \u0219i analize, prezent\u0103ri orale \u0219i scrise.<\/p>\n\n\n\n<p class=\"wp-block-paragraph\"><strong>Obiective generale:<\/strong> aprofundarea preg\u0103tirii de specialitate \u00een domeniul Rela\u021biilor Interna\u021bionale, acoperind nevoile de participare ale Rom\u00e2niei la dinamica integr\u0103rii \u00een structuri interna\u021bionale; preg\u0103tirea aplicat\u0103 a studen\u021bilor care s\u0103 permit\u0103 desf\u0103\u0219urarea unor activit\u0103\u021bi profesionale \u00een cadrul institu\u021biilor guvernamentale \u0219i neguvernamentale, precum \u0219i \u00een mediul privat de afaceri; armonizarea programelor de studii cu exigen\u021bele mediilor profesionale implicate \u00een Rela\u021biile Interna\u021bionale (diploma\u021bie formal\u0103\/ informal\u0103).<\/p>\n\n\n\n<p class=\"wp-block-paragraph\"><strong>Competen\u021be de specialitate<\/strong>: utilizarea competent\u0103 \u0219i relevant\u0103 a bagajului conceptual specific, deprinderea tehnicilor de lucru fundamentale \u00een profesiunile asociate domeniului Rela\u021biilor Interna\u021bionale (negociere, comunicare intercultural\u0103, retoric\u0103 \u0219i oratorie, protocol \u0219i ceremonial, analiz\u0103 \u0219i consiliere politic\u0103); dezvoltarea spiritului analitic \u0219i de g\u00e2ndire critic\u0103; \u00een\u021belegerea coordonatei fenomenologice \u0219i procesuale.<\/p>\n\n\n\n<p class=\"wp-block-paragraph\">Competen\u021be transversale: transversale \u2013 capacitate de evaluare \u015fi autoevaluare; lucrul \u00een echip\u0103; capacitate de persuasiune \u0219i de estimare a situa\u021biilor \u00een desf\u0103\u0219urare; capacitate de reac\u021bie rapid\u0103 \u0219i siguran\u021b\u0103 de sine.<\/p>\n\n\n\n<p class=\"wp-block-paragraph\"><strong>Cursuri:<\/strong><\/p>\n\n\n\n<ul class=\"wp-block-list\">\n<li>Teoriile \u0219i tehnicile negocierii<\/li>\n\n\n\n<li>Protocol \u0219i ceremonial diplomatic<\/li>\n\n\n\n<li>Psihologia negocierii \u0219i a comunic\u0103rii interculturale<\/li>\n\n\n\n<li>Retoric\u0103 \u0219i argumentare<\/li>\n\n\n\n<li>Negocierea \u00een situa\u021bii de criz\u0103<\/li>\n\n\n\n<li>Negociere multilateral\u0103 la congresele de pace<\/li>\n\n\n\n<li>Negociere \u0219i grupuri de decizie<\/li>\n\n\n\n<li>Diploma\u021bie cultural\u0103 \u0219i diploma\u021bie public\u0103<\/li>\n\n\n\n<li>Comunicare intercultural\u0103<\/li>\n\n\n\n<li>Analiz\u0103 \u0219i consiliere politic\u0103<\/li>\n\n\n\n<li>Oratorie \/ seminar practic<\/li>\n\n\n\n<li>Diploma\u021bia public\u0103 sovietic\u0103 \u0219i rus\u0103 \u00een sec. XX \u2013 XXI<\/li>\n\n\n\n<li>Diploma\u021bia public\u0103 a UE<\/li>\n\n\n\n<li>Diploma\u021bia public\u0103 a SUA<\/li>\n\n\n\n<li>Diploma\u021bia public\u0103 \u0219i cultural\u0103 a R.P. Chineze<\/li>\n\n\n\n<li>Reperele identit\u0103\u021bii culturale europene<\/li>\n\n\n\n<li>Reperele identit\u0103\u021bii culturale chineze<\/li>\n\n\n\n<li>Reperele identit\u0103\u021bii culturale arabe<\/li>\n\n\n\n<li>Reperele identit\u0103\u021bii culturale africane<\/li>\n\n\n\n<li>Analiza politicii externe<\/li>\n\n\n\n<li>Redactarea documentelor diplomatice europene;<\/li>\n\n\n\n<li>Diploma\u021bia contemporan\u0103.<\/li>\n\n\n\n<li>Perspective \u00een carier\u0103:<\/li>\n<\/ul>\n\n\n\n<p class=\"wp-block-paragraph\">Programul con\u021bine o puternic\u0103 component\u0103 aplicat\u0103, care permite preg\u0103tirea absolven\u021bilor pentru o inserare rapid\u0103 \u00een mediul profesional de profil. Absolven\u021bii pot beneficia de o varietate substan\u021bial\u0103 de oportunit\u0103\u021bi \u00een carier\u0103, put\u00e2nd opta pentru: Organiza\u0163ii interna\u0163ionale \u015fi europene sau ale reprezentan\u0163elor acestora \u00een Rom\u00e2nia; Administra\u0163ia central\u0103 (Ministerul Afacerilor Externe, Guvern, Ministerul Integr\u0103rii Europene, alte ministere sau agen\u0163ii guvernamentale); Companii na\u0163ionale sau multina\u0163ionale (consultan\u0163\u0103, resurse umane, comunicare); Administra\u0163ia local\u0103, \u00een special la nivelul departamentelor de integrare european\u0103 din cadrul prefecturilor, consiliilor jude\u0163ene \u015fi al prim\u0103riilor; Organiza\u0163ii nonguvernamentale, pres\u0103, \u00eenv\u0103\u0163\u0103m\u00e2nt \u015fi cercetare.<\/p>\n\n\n\n<p class=\"wp-block-paragraph\"><\/p>\n\n\n\n<h2 class=\"wp-block-heading\"><a href=\"https:\/\/istorie.unibuc.ro\/facultate\/programe\/master\/tehnici-diplomatice\/fise-discipline-td\/\" data-type=\"page\" data-id=\"16641\">Fise discipline TD<\/a><\/h2>\n\n\n\n<p class=\"wp-block-paragraph\"><\/p>\n","protected":false},"excerpt":{"rendered":"<p>Programul a ap\u0103rut ca o consecin\u021b\u0103 logic\u0103 a interesului \u0219i al acumul\u0103rii de experien\u021b\u0103 profesional\u0103 \u0219i institu\u021bional\u0103 \u00een domeniul Rela\u021biilor Interna\u021bionale \u0219i \u00ee\u0219i propune s\u0103 aprofundeze la nivel masteral una dintre componentele fundamentale ale Rela\u021biilor Interna\u021bionale, anume tehnicile diplomatice. Programul de master, cu o durat\u0103 de doi ani, cuprinde activit\u0103\u021bi didactice integrate, simul\u0103ri, cercet\u0103ri \u0219i [&hellip;]<\/p>\n","protected":false},"author":2,"featured_media":0,"parent":207,"menu_order":0,"comment_status":"closed","ping_status":"closed","template":"","meta":{"_crdt_document":"","jetpack_post_was_ever_published":false,"footnotes":""},"class_list":["post-223","page","type-page","status-publish","hentry"],"jetpack_sharing_enabled":true,"jetpack_shortlink":"https:\/\/wp.me\/PaobZd-3B","jetpack-related-posts":[],"_links":{"self":[{"href":"https:\/\/istorie.unibuc.ro\/facultate\/wp-json\/wp\/v2\/pages\/223","targetHints":{"allow":["GET"]}}],"collection":[{"href":"https:\/\/istorie.unibuc.ro\/facultate\/wp-json\/wp\/v2\/pages"}],"about":[{"href":"https:\/\/istorie.unibuc.ro\/facultate\/wp-json\/wp\/v2\/types\/page"}],"author":[{"embeddable":true,"href":"https:\/\/istorie.unibuc.ro\/facultate\/wp-json\/wp\/v2\/users\/2"}],"replies":[{"embeddable":true,"href":"https:\/\/istorie.unibuc.ro\/facultate\/wp-json\/wp\/v2\/comments?post=223"}],"version-history":[{"count":2,"href":"https:\/\/istorie.unibuc.ro\/facultate\/wp-json\/wp\/v2\/pages\/223\/revisions"}],"predecessor-version":[{"id":16644,"href":"https:\/\/istorie.unibuc.ro\/facultate\/wp-json\/wp\/v2\/pages\/223\/revisions\/16644"}],"up":[{"embeddable":true,"href":"https:\/\/istorie.unibuc.ro\/facultate\/wp-json\/wp\/v2\/pages\/207"}],"wp:attachment":[{"href":"https:\/\/istorie.unibuc.ro\/facultate\/wp-json\/wp\/v2\/media?parent=223"}],"curies":[{"name":"wp","href":"https:\/\/api.w.org\/{rel}","templated":true}]}}