{"id":2225,"date":"2019-03-08T20:31:28","date_gmt":"2019-03-08T20:31:28","guid":{"rendered":"https:\/\/istorie.unibuc.ro\/?page_id=2225"},"modified":"2022-09-17T08:50:38","modified_gmt":"2022-09-17T08:50:38","slug":"admitere-conversie-profesionala","status":"publish","type":"page","link":"https:\/\/istorie.unibuc.ro\/facultate\/admitere2026\/admitere-conversie-profesionala\/","title":{"rendered":"Admitere Conversie Profesionala"},"content":{"rendered":"\n<h2 class=\"wp-block-heading\"><strong><mark style=\"background-color:rgba(0, 0, 0, 0)\" class=\"has-inline-color has-vivid-red-color\">CALENDAR ADMITERE SEPTEMBRIE 2022<\/mark><\/strong><\/h2>\n\n\n\n<p class=\"wp-block-paragraph\"><strong>\u00censcrieri on-line: 03 &#8211; 19 septembrie 2022;<\/strong><\/p>\n\n\n\n<p class=\"wp-block-paragraph\"><strong>\u00censcrieri la facultate: 05 &#8211; 19 septembrie 2022;<\/strong><\/p>\n\n\n\n<p class=\"wp-block-paragraph\"><strong>Afi\u0219area rezultatelor provizorii: 20 septembrie 2022;<\/strong><\/p>\n\n\n\n<p class=\"wp-block-paragraph\"><strong>Confirmarea locului ob\u021binut (fizic la facultate): 21&nbsp;&#8211; 22 septembrie 2022;<\/strong><\/p>\n\n\n\n<p class=\"wp-block-paragraph\"><strong>Afi\u0219area rezultatelor dup\u0103 confirm\u0103ri: 23 septembrie 2022.<\/strong><\/p>\n\n\n\n<p class=\"wp-block-paragraph\"><strong>Program&nbsp;\u00eenscrieri la sediul facult\u0103\u021bii:<\/strong><\/p>\n\n\n\n<p class=\"wp-block-paragraph\"><strong>LUNI \u2013 VINERI, orele\u00a0 9.00 \u2013 14.00<\/strong><\/p>\n\n\n\n<h2 class=\"wp-block-heading\"><strong>Anul acesta, \u00eenscrierea la concursul de admitere se poate realiza prin dou\u0103 modalit\u0103\u021bi:<\/strong><\/h2>\n\n\n\n<ol class=\"wp-block-list\">\n<li>\u00censcriere&nbsp;<strong>integral online<\/strong>&nbsp;(trimitere documente la adresa <strong><em>admitere.istorie@unibuc.ro<\/em><\/strong>, cu subiect \u00ceNSCRIERE CONVERSIE).&nbsp;<\/li>\n<\/ol>\n\n\n\n<p class=\"wp-block-paragraph\">2. \u00censcriere&nbsp;<strong>la facultate<\/strong>; av\u00e2nd fi\u0219a de \u00eenscriere deja completat\u0103, candidatii pot depune dosarul fizic la sediul facult\u0103\u021bii (taxa se achit\u0103 prin transfer bancar sau la casieria universit\u0103\u021bii din \u0218os. Panduri, nr. 90).<\/p>\n\n\n\n<p class=\"wp-block-paragraph\">Asisten\u021b\u0103 disponibil\u0103 prin trimiterea unui mesaj pe <strong><em>admitere.istorie@unibuc.ro<\/em><\/strong> \u0219i pe <a href=\"https:\/\/www.facebook.com\/groups\/341586941185204\">https:\/\/www.facebook.com\/groups\/341586941185204<\/a><\/p>\n\n\n\n<h2 class=\"wp-block-heading\">Actele necesare:<\/h2>\n\n\n\n<div class=\"wp-block-file\"><a id=\"wp-block-file--media-ff824dd1-36fd-4d47-bb6f-efbb03040f35\" href=\"https:\/\/istorie.unibuc.ro\/wp-content\/uploads\/2022\/07\/formular-inscriere_conversie_2022.docx\">formular-inscriere_conversie_2022<\/a><a href=\"https:\/\/istorie.unibuc.ro\/wp-content\/uploads\/2022\/07\/formular-inscriere_conversie_2022.docx\" class=\"wp-block-file__button wp-element-button\" download aria-describedby=\"wp-block-file--media-ff824dd1-36fd-4d47-bb6f-efbb03040f35\">Descarc\u0103<\/a><\/div>\n\n\n\n<div class=\"wp-block-file\"><a id=\"wp-block-file--media-5ca3dd38-c14a-47d9-b202-af94cca9979c\" href=\"https:\/\/istorie.unibuc.ro\/wp-content\/uploads\/2022\/06\/cerere_de_inscriere_conversie.pdf\">cerere_de_inscriere_conversie<\/a><a href=\"https:\/\/istorie.unibuc.ro\/wp-content\/uploads\/2022\/06\/cerere_de_inscriere_conversie.pdf\" class=\"wp-block-file__button wp-element-button\" download aria-describedby=\"wp-block-file--media-5ca3dd38-c14a-47d9-b202-af94cca9979c\">Descarc\u0103<\/a><\/div>\n\n\n\n<p class=\"wp-block-paragraph\">\u00b7&nbsp; <strong>Diploma de Bacalaureat:<\/strong><\/p>\n\n\n\n<p class=\"wp-block-paragraph\">\u00b7&nbsp;<strong> Diploma de Licen\u021b\u0103 \u0219i foaia matricol<\/strong>\u0103<\/p>\n\n\n\n<p class=\"wp-block-paragraph\">\u00b7&nbsp; Certif<strong>icat de na\u015ftere;<\/strong><\/p>\n\n\n\n<p class=\"wp-block-paragraph\">\u00b7&nbsp; Certificat de c\u0103s\u0103torie sa<strong>u de modificare a numelui, dac\u0103 este cazul;<\/strong><\/p>\n\n\n\n<p class=\"wp-block-paragraph\">\u00b7&nbsp; <strong>Fotocopia c\u0103r\u0163ii de identitate;<\/strong><\/p>\n\n\n\n<p class=\"wp-block-paragraph\">\u00b7&nbsp; Adeverin\u0163\u0103 medical\u0103 din care s\u0103 rezulte c\u0103 aplicantul este apt pentru programul de conversie profesional\u0103 \u015fi care s\u0103 c<strong>on\u0163in\u0103 examenul clinic;<\/strong><\/p>\n\n\n\n<p class=\"wp-block-paragraph\">\u00b7&nbsp; 1 fotografie \u00eenc\u0103rcat\u0103 \u0219i 2 fotografii \u00be cm,care vor fi depuse \u00een dosar la secretariat, \u00een momentul depunerii dosarului f<strong>izic;<\/strong><\/p>\n\n\n\n<p class=\"wp-block-paragraph\">\u00b7&nbsp; Act care atest\u0103 <strong>plata taxei de admitere (ordin de plat\u0103, extras de cont, etc.);<\/strong><\/p>\n\n\n\n<p class=\"wp-block-paragraph\">\u00b7&nbsp; Adeverin\u0163\u0103 de la locul de munc\u0103 din care s\u0103 rezulte disciplinele predate \u015fi calitatea de cadru didactic;<\/p>\n\n\n\n<p class=\"wp-block-paragraph\">Taxa de admitere &#8211; 100 lei<\/p>\n\n\n\n<h2 class=\"wp-block-heading\"><strong>Prezen\u021ba fizic\u0103 la facultate<\/strong><\/h2>\n\n\n\n<ul class=\"wp-block-list\">\n<li>Candida\u021bii pot completa fi\u0219a de \u00eenscriere \u0219i \u00een cadrul&nbsp;<strong>facult\u0103\u021bii,<\/strong> cu aceast\u0103 ocazie, vor depune \u0219i dosarul fizic. Candidatul va prezenta actele necesare \u00eenscrierii intr-un dosar&nbsp;<strong>plic<\/strong>, pe suport de hartie.<strong>&nbsp;Se recomand\u0103 insistent ca pe dosarul plic sa fie scris lizibil numele candidatului<\/strong>. Candida\u021bii care se vor prezenta la sediul facult\u0103\u021bii vor primi asisten\u021b\u0103 \u00een procesul de \u00eenscriere.<\/li>\n\n\n\n<li>Pentru a eficientiza procesul de \u00eenscriere prin prezen\u021b\u0103 fizic\u0103&nbsp; la facultate, candida\u021bii sunt puternic \u00eencuraja\u021bi&nbsp;:\n<ul class=\"wp-block-list\">\n<li>s\u0103 fi pl\u0103tit deja taxa aferent\u0103 op\u021biunilor lor \u0219i s\u0103 aib\u0103 asupra lor documentele doveditoare;<\/li>\n\n\n\n<li>s\u0103 intre ne\u00eenso\u021bi\u021bi \u00een cl\u0103dire (poate fi acceptat, \u00een caz de nevoie stringent\u0103, un singur \u00eenso\u021bitor);<\/li>\n\n\n\n<li>dac\u0103 \u00eenscrierea este efectuat\u0103 de un reprezentant al candidatului, acesta trebuie s\u0103 aib\u0103 \u00eemputernicire notarial\u0103.<\/li>\n<\/ul>\n<\/li>\n<\/ul>\n\n\n\n<h2 class=\"wp-block-heading\"><strong>Candidatul este considerat &nbsp;\u00eenscris la concurs \u00een condi\u021biile urm\u0103toare:<\/strong><\/h2>\n\n\n\n<ul class=\"wp-block-list\">\n<li><strong>Doar dosarele complete \u0219i validate vor fi luate \u00een considerare<\/strong>. Candida\u021bii vor citi cu aten\u021bie instruc\u021biunile \u0219i vor completa cu exactitate datele cerute, finaliz\u00e2nd \u00eenscrierea prin butonul&nbsp;<em>Depune dosarul<\/em>. Dosarele trec prin etape de validare de c\u0103tre comisia de admitere. \u00cen caz de dosare incomplete sau de incongruen\u021be \u00eentre datele completate \u0219i documentele depuse, ce nu pot fi rezolvate de comisie, candida\u021bii vor fi contacta\u021bi pentru completarea\/corectarea dosarului.<\/li>\n\n\n\n<li>Candida\u021bii admi\u0219i  vor confirma locul pe care \u00eel ocup\u0103 prin plata unei taxe de confirmare a locului, \u00een perioada prev\u0103zut\u0103 \u00een calendarul admiterii. Aceast\u0103 tax\u0103 de confirmare reprezint\u0103 un avans din taxa de studiu pentru semestrul I al anului universitar 2022-2023. Vezi detalii mai jos, \u00een documentul ata\u0219at la sec\u021biunea Taxa de admitere \u0219i de studii.<\/li>\n<\/ul>\n\n\n\n<h2 class=\"wp-block-heading\"><strong>Taxa de admitere \u015fi de studii:<\/strong><\/h2>\n\n\n\n<ul class=\"wp-block-list\">\n<li><strong>Taxa de admitere online : 80 lei \/dosar de admitere;<\/strong><\/li>\n\n\n\n<li><strong>Taxa de admitere pentru candida\u021bii care depun dosarul la facultate : 100 lei \/dosar de admitere;<\/strong><\/li>\n\n\n\n<li><strong>Taxa de \u0219colarizare pentru locurile cu tax\u0103: 3.250 lei\/an<\/strong><\/li>\n<\/ul>\n\n\n\n<h2 class=\"wp-block-heading\">&nbsp;Criteriile de admitere:<\/h2>\n\n\n\n<ul class=\"wp-block-list\">\n<li>Candidatul s\u0103 fie absolvent cu diplom\u0103 de licen\u021b\u0103 a unui program de studii universitare acreditat;<\/li>\n\n\n\n<li>S\u0103 fie \u00eencadrat \u00een sistemul de \u00eenv\u0103\u021b\u0103m\u00e2nt preuniversitar;<\/li>\n<\/ul>\n\n\n\n<p class=\"wp-block-paragraph\">Ierarhizarea se va face pe baza mediei de absolvire a studiilor de Licen\u021b\u0103 (media aritmetic\u0103 \u00eentre media anilor de studiu \u0219i nota\/media ob\u021binut\u0103 la examenul de Licen\u021b\u0103). \u00cen cazuri de egalitate se va face departajarea prin media ob\u021binut\u0103 la examenul de Bacalaureat.<\/p>\n\n\n\n<h2 class=\"wp-block-heading\"><strong>Actele necesare pentru \u00eenscrierea la concursul de admitere ONLINE:<\/strong><\/h2>\n\n\n\n<ol class=\"wp-block-list\" type=\"1\">\n<li>Cerere de \u00eenscriere tip;<\/li>\n\n\n\n<li>Diploma de Bacalaureat;<\/li>\n\n\n\n<li>Diploma de Licen\u021b\u0103 \u0219i foaia matricol\u0103;<\/li>\n\n\n\n<li>Adeverin\u0163\u0103 de la locul de munc\u0103 din care s\u0103 rezulte disciplinele predate \u015fi calitatea de cadru didactic;<\/li>\n\n\n\n<li>Certificat de na\u015ftere;<\/li>\n\n\n\n<li>Certificat de c\u0103s\u0103torie sau modificare a numelui, dac\u0103 este cazul;<\/li>\n\n\n\n<li>Fotocopia c\u0103r\u0163ii de identitate;<\/li>\n\n\n\n<li>Adeverin\u0163\u0103 medical\u0103 eliberat\u0103 recent, din care s\u0103 reias\u0103 c\u0103 viitorul student este apt pentru \u00eenscrierea la facultate (se ob\u021bine de la medicul de familie);<\/li>\n\n\n\n<li>1 fotografie \u00eenc\u0103rcat\u0103 \u0219i 2 fotografii \u00be cm,care vor fi depuse \u00een dosar la secretariat, \u00een momentul depunerii dosarului fizic;<\/li>\n\n\n\n<li>Act care atest\u0103 plata taxei de admitere (ordin de plat\u0103, extras de cont, etc.);<\/li>\n<\/ol>\n\n\n\n<p class=\"wp-block-paragraph\">* Pentru \u00eenscrierea la facultate, sunt valabile toate documentele enumerate mai sus, care vor fi aduse \u00eentr-un dosar plic, cu numele candidatului scris lizibil.<\/p>\n\n\n\n<h2 class=\"wp-block-heading\">Taxa de \u0219colarizare se poate achita \u00een contul:<\/h2>\n\n\n\n<p class=\"wp-block-paragraph\"><em>Beneficiar<\/em><em>: UNIVERSITATEA DIN BUCURE\u0218TI<\/em><\/p>\n\n\n\n<p class=\"wp-block-paragraph\"><em>Cod fiscal: 4505502<\/em><em><strong><\/strong><\/em><\/p>\n\n\n\n<p class=\"wp-block-paragraph\"><em>BANCA: BCR, SECTOR 5<\/em><em><strong><\/strong><\/em><\/p>\n\n\n\n<p class=\"wp-block-paragraph\">&nbsp;<em>Cont IBAN:&nbsp;<\/em><em>RO92RNCB0076010452620301<\/em><\/p>\n","protected":false},"excerpt":{"rendered":"<p>CALENDAR ADMITERE SEPTEMBRIE 2022 \u00censcrieri on-line: 03 &#8211; 19 septembrie 2022; \u00censcrieri la facultate: 05 &#8211; 19 septembrie 2022; Afi\u0219area rezultatelor provizorii: 20 septembrie 2022; Confirmarea locului ob\u021binut (fizic la facultate): 21&nbsp;&#8211; 22 septembrie 2022; Afi\u0219area rezultatelor dup\u0103 confirm\u0103ri: 23 septembrie 2022. Program&nbsp;\u00eenscrieri la sediul facult\u0103\u021bii: LUNI \u2013 VINERI, orele\u00a0 9.00 \u2013 14.00 Anul acesta, [&hellip;]<\/p>\n","protected":false},"author":2,"featured_media":0,"parent":1824,"menu_order":0,"comment_status":"closed","ping_status":"closed","template":"","meta":{"_crdt_document":"","jetpack_post_was_ever_published":false,"footnotes":""},"class_list":["post-2225","page","type-page","status-publish","hentry"],"jetpack_sharing_enabled":true,"jetpack_shortlink":"https:\/\/wp.me\/PaobZd-zT","jetpack-related-posts":[],"_links":{"self":[{"href":"https:\/\/istorie.unibuc.ro\/facultate\/wp-json\/wp\/v2\/pages\/2225","targetHints":{"allow":["GET"]}}],"collection":[{"href":"https:\/\/istorie.unibuc.ro\/facultate\/wp-json\/wp\/v2\/pages"}],"about":[{"href":"https:\/\/istorie.unibuc.ro\/facultate\/wp-json\/wp\/v2\/types\/page"}],"author":[{"embeddable":true,"href":"https:\/\/istorie.unibuc.ro\/facultate\/wp-json\/wp\/v2\/users\/2"}],"replies":[{"embeddable":true,"href":"https:\/\/istorie.unibuc.ro\/facultate\/wp-json\/wp\/v2\/comments?post=2225"}],"version-history":[{"count":35,"href":"https:\/\/istorie.unibuc.ro\/facultate\/wp-json\/wp\/v2\/pages\/2225\/revisions"}],"predecessor-version":[{"id":10521,"href":"https:\/\/istorie.unibuc.ro\/facultate\/wp-json\/wp\/v2\/pages\/2225\/revisions\/10521"}],"up":[{"embeddable":true,"href":"https:\/\/istorie.unibuc.ro\/facultate\/wp-json\/wp\/v2\/pages\/1824"}],"wp:attachment":[{"href":"https:\/\/istorie.unibuc.ro\/facultate\/wp-json\/wp\/v2\/media?parent=2225"}],"curies":[{"name":"wp","href":"https:\/\/api.w.org\/{rel}","templated":true}]}}