{"id":2189,"date":"2019-03-03T17:34:31","date_gmt":"2019-03-03T17:34:31","guid":{"rendered":"https:\/\/istorie.unibuc.ro\/?page_id=2189"},"modified":"2019-03-03T17:34:33","modified_gmt":"2019-03-03T17:34:33","slug":"clubul-universitar-de-cartofilie-filatelie-si-maximafilie","status":"publish","type":"page","link":"https:\/\/istorie.unibuc.ro\/facultate\/cercetare\/centre-de-cercetare\/clubul-universitar-de-cartofilie-filatelie-si-maximafilie\/","title":{"rendered":"Clubul universitar de cartofilie, filatelie \u0219i maximafilie"},"content":{"rendered":"\n<p class=\"wp-block-paragraph\">Clubul universitar de cartofilie, filatelie \u0219i maximafilie din cadrul Facult\u0103\u021bii de Istorie a Universit\u0103\u021bii din Bucure\u0219ti s-a constituit ca o institu\u0163ie de cercetare \u0219i formare \u015ftiin\u0163ific\u0103 \u015fi cultural\u0103. Are un caracter profesional, neguvernamental, apolitic \u015fi non-profit.<\/p>\n\n\n\n<p class=\"wp-block-paragraph\"><br>Obiectivele Clubului sunt:<br>a.    Popularizarea interesului referitor la fenomenul colec\u021bionismului din Rom\u00e2nia \u0219i din lume, cu prec\u0103dere asupra cartofiliei, numismaticii, faleristicii, fotografiei \u015fi filateliei \u00een cadrul mediului universitar prin intermediul seminariilor, conferin\u0163elor, dezbaterilor, cursurilor, materialelor didactice \u015fi publica\u0163iilor.<br>b.    Identificarea, formarea \u015fi stimularea resurselor umane \u2013 cadre didactice universitare, studen\u0163i, masteranzi, doctoranzi cu aptitudini, abilit\u0103\u0163i \u015fi competen\u0163e profesionale \u00een studiul problematicii amintite.<br>c.    Realizarea de contacte \u015fi colabor\u0103ri cu alte institu\u0163ii de profil din \u0163ar\u0103 \u015fi din str\u0103in\u0103tate \u00een scopul realiz\u0103rii de cercet\u0103ri \u015fi proiecte culturale comune.<br>d.    Formarea unei baze materiale \u015fi de documentare necesare activit\u0103\u0163ii de cercetare \u015fi publicare de documente \u015fi studii referitoare la cartofilie, filatelie \u0219i maximafilie.<br>e.    Organizarea unor conferin\u0163e \u015fi dezbateri periodice referitoare la domeniile colec\u021bionismului \u00een care s\u0103 fie angrena\u0163i speciali\u015fti \u015fi studen\u0163i, masteranzi, doctoranzi din cadrul Universit\u0103\u0163ii din Bucure\u015fti \u015fi din alte centre universitare, din \u0163ar\u0103 \u015fi din str\u0103in\u0103tate. <br>f.    Publicarea unor studii, articole, colec\u0163ii de documente, volume individuale \u015fi colective.<br>g.    Furnizarea de expertiz\u0103 \u00een domeniul bunurilor cartofile, filatelice, fotografice, de carte rar\u0103 etc.<br>h.    Utilizarea \u00een scop didactic \u015fi documentar a proiectelor \u015fi programelor realizate.<br>i.    Educarea publicului \u0219i a colec\u021bionarilor \u00een spiritul conserv\u0103rii patrimoniului cultural mobil.<\/p>\n\n\n\n<p class=\"wp-block-paragraph\" style=\"text-align:left\">Director: prof. dr. Carol C\u0103pi\u021b\u0103<br>\nSecretar: prof. dr. Alin Ciupal\u0103<\/p>\n","protected":false},"excerpt":{"rendered":"<p>Clubul universitar de cartofilie, filatelie \u0219i maximafilie din cadrul Facult\u0103\u021bii de Istorie a Universit\u0103\u021bii din Bucure\u0219ti s-a constituit ca o institu\u0163ie de cercetare \u0219i formare \u015ftiin\u0163ific\u0103 \u015fi cultural\u0103. Are un caracter profesional, neguvernamental, apolitic \u015fi non-profit. Obiectivele Clubului sunt:a. Popularizarea interesului referitor la fenomenul colec\u021bionismului din Rom\u00e2nia \u0219i din lume, cu prec\u0103dere asupra cartofiliei, numismaticii, [&hellip;]<\/p>\n","protected":false},"author":2,"featured_media":0,"parent":433,"menu_order":0,"comment_status":"closed","ping_status":"closed","template":"","meta":{"_crdt_document":"","jetpack_post_was_ever_published":false,"footnotes":""},"class_list":["post-2189","page","type-page","status-publish","hentry"],"jetpack_sharing_enabled":true,"jetpack_shortlink":"https:\/\/wp.me\/PaobZd-zj","jetpack-related-posts":[],"_links":{"self":[{"href":"https:\/\/istorie.unibuc.ro\/facultate\/wp-json\/wp\/v2\/pages\/2189","targetHints":{"allow":["GET"]}}],"collection":[{"href":"https:\/\/istorie.unibuc.ro\/facultate\/wp-json\/wp\/v2\/pages"}],"about":[{"href":"https:\/\/istorie.unibuc.ro\/facultate\/wp-json\/wp\/v2\/types\/page"}],"author":[{"embeddable":true,"href":"https:\/\/istorie.unibuc.ro\/facultate\/wp-json\/wp\/v2\/users\/2"}],"replies":[{"embeddable":true,"href":"https:\/\/istorie.unibuc.ro\/facultate\/wp-json\/wp\/v2\/comments?post=2189"}],"version-history":[{"count":1,"href":"https:\/\/istorie.unibuc.ro\/facultate\/wp-json\/wp\/v2\/pages\/2189\/revisions"}],"predecessor-version":[{"id":2190,"href":"https:\/\/istorie.unibuc.ro\/facultate\/wp-json\/wp\/v2\/pages\/2189\/revisions\/2190"}],"up":[{"embeddable":true,"href":"https:\/\/istorie.unibuc.ro\/facultate\/wp-json\/wp\/v2\/pages\/433"}],"wp:attachment":[{"href":"https:\/\/istorie.unibuc.ro\/facultate\/wp-json\/wp\/v2\/media?parent=2189"}],"curies":[{"name":"wp","href":"https:\/\/api.w.org\/{rel}","templated":true}]}}