{"id":203,"date":"2018-10-26T15:00:42","date_gmt":"2018-10-26T15:00:42","guid":{"rendered":"http:\/\/newhis.bucharest.university\/?page_id=203"},"modified":"2021-01-04T13:18:22","modified_gmt":"2021-01-04T13:18:22","slug":"conversie-profesionala","status":"publish","type":"page","link":"https:\/\/istorie.unibuc.ro\/facultate\/programe\/conversie-profesionala\/","title":{"rendered":"Conversie Profesional\u0103"},"content":{"rendered":"\n<p class=\"wp-block-paragraph\">Programul de conversie profesional\u0103 se adreseaz\u0103 cadrelor didactice din sistemul de \u00eenv\u0103\u021b\u0103m\u00e2nt preuniversitar care doresc s\u0103 se specializeze \u00eentr-un alt domeniu dec\u00e2t cel \u00eenscris pe diploma de licen\u021b\u0103.<\/p>\n\n\n\n<p class=\"wp-block-paragraph\">Planul de \u00eenv\u0103\u0163\u0103m\u00e2nt al programului postuniversitar de conversie profesional\u0103 cuprinde 4 pachete, con\u0163in\u00e2nd fiecare un num\u0103r de module care asigur\u0103, \u00een egal\u0103 m\u0103sur\u0103, preg\u0103tirea de specialitate, \u015ftiin\u0163ific\u0103 \u015fi didactic\u0103 a cursan\u0163ilor \u00een domeniul istoriei.<\/p>\n\n\n\n<p class=\"wp-block-paragraph\">Pentru fiecare modul au fost proiectate 5-8 unit\u0103\u0163i de \u00eenv\u0103\u0163are (16 secven\u0163e de studiu individual), suficient ca profesorul s\u0103 ob\u0163in\u0103 pe parcursul a patru semestre, competen\u0163ele necesare pentru activitatea didactic\u0103.<\/p>\n\n\n\n<p class=\"wp-block-paragraph\">Programul se finalizeaz\u0103 prin elaborarea unei lucr\u0103ri de absolvire. Promovarea examenului de absolvire \u00eei confer\u0103 absolventului dreptul de a profesa \u00een noua specialitate.<\/p>\n\n\n\n<p class=\"wp-block-paragraph\">Conform cu OMECTS 6194 din 13.11. 2012, Art. 9:<\/p>\n\n\n\n<p class=\"wp-block-paragraph\">Diploma de conversie profesional\u0103 confer\u0103 titularului dreptul de a ocupa posturi didactice\/catedre \u00een \u00eenv\u0103\u0163\u0103m\u00e2ntul preuniversitar \u00een concordan\u0163\u0103 cu noua specializare;<br>Definitivarea \u00een \u00eenv\u0103\u0163\u0103m\u00e2nt \u015fi gradele didactice II \u015fi I ob\u0163inute deja de c\u0103tre cadrele didactice sunt recunoscute pentru orice specializare dob\u00e2ndit\u0103 prin finalizarea unui program de conversie profesional\u0103;<\/p>\n\n\n\n<h4 class=\"wp-block-heading\">Plan de \u00eenv\u0103\u021b\u0103m\u00e2nt<\/h4>\n\n\n\n<p class=\"wp-block-paragraph\"><\/p>\n","protected":false},"excerpt":{"rendered":"<p>Programul de conversie profesional\u0103 se adreseaz\u0103 cadrelor didactice din sistemul de \u00eenv\u0103\u021b\u0103m\u00e2nt preuniversitar care doresc s\u0103 se specializeze \u00eentr-un alt domeniu dec\u00e2t cel \u00eenscris pe diploma de licen\u021b\u0103. Planul de \u00eenv\u0103\u0163\u0103m\u00e2nt al programului postuniversitar de conversie profesional\u0103 cuprinde 4 pachete, con\u0163in\u00e2nd fiecare un num\u0103r de module care asigur\u0103, \u00een egal\u0103 m\u0103sur\u0103, preg\u0103tirea de specialitate, \u015ftiin\u0163ific\u0103 [&hellip;]<\/p>\n","protected":false},"author":2,"featured_media":0,"parent":184,"menu_order":0,"comment_status":"closed","ping_status":"closed","template":"","meta":{"_crdt_document":"","jetpack_post_was_ever_published":false,"footnotes":""},"class_list":["post-203","page","type-page","status-publish","hentry"],"jetpack_sharing_enabled":true,"jetpack_shortlink":"https:\/\/wp.me\/PaobZd-3h","jetpack-related-posts":[],"_links":{"self":[{"href":"https:\/\/istorie.unibuc.ro\/facultate\/wp-json\/wp\/v2\/pages\/203","targetHints":{"allow":["GET"]}}],"collection":[{"href":"https:\/\/istorie.unibuc.ro\/facultate\/wp-json\/wp\/v2\/pages"}],"about":[{"href":"https:\/\/istorie.unibuc.ro\/facultate\/wp-json\/wp\/v2\/types\/page"}],"author":[{"embeddable":true,"href":"https:\/\/istorie.unibuc.ro\/facultate\/wp-json\/wp\/v2\/users\/2"}],"replies":[{"embeddable":true,"href":"https:\/\/istorie.unibuc.ro\/facultate\/wp-json\/wp\/v2\/comments?post=203"}],"version-history":[{"count":2,"href":"https:\/\/istorie.unibuc.ro\/facultate\/wp-json\/wp\/v2\/pages\/203\/revisions"}],"predecessor-version":[{"id":5817,"href":"https:\/\/istorie.unibuc.ro\/facultate\/wp-json\/wp\/v2\/pages\/203\/revisions\/5817"}],"up":[{"embeddable":true,"href":"https:\/\/istorie.unibuc.ro\/facultate\/wp-json\/wp\/v2\/pages\/184"}],"wp:attachment":[{"href":"https:\/\/istorie.unibuc.ro\/facultate\/wp-json\/wp\/v2\/media?parent=203"}],"curies":[{"name":"wp","href":"https:\/\/api.w.org\/{rel}","templated":true}]}}

Conversie Profesională

<p class="wp-block-paragraph">Programul de conversie profesională se adresează cadrelor didactice din sistemul de învățământ preuniversitar care doresc să se specializeze într-un alt domeniu decât cel înscris pe diploma de licență.</p>



<p class="wp-block-paragraph">Planul de învăţământ al programului postuniversitar de conversie profesională cuprinde 4 pachete, conţinând fiecare un număr de module care asigură, în egală măsură, pregătirea de specialitate, ştiinţifică şi didactică a cursanţilor în domeniul istoriei.</p>



<p class="wp-block-paragraph">Pentru fiecare modul au fost proiectate 5-8 unităţi de învăţare (16 secvenţe de studiu individual), suficient ca profesorul să obţină pe parcursul a patru semestre, competenţele necesare pentru activitatea didactică.</p>



<p class="wp-block-paragraph">Programul se finalizează prin elaborarea unei lucrări de absolvire. Promovarea examenului de absolvire îi conferă absolventului dreptul de a profesa în noua specialitate.</p>



<p class="wp-block-paragraph">Conform cu OMECTS 6194 din 13.11. 2012, Art. 9:</p>



<p class="wp-block-paragraph">Diploma de conversie profesională conferă titularului dreptul de a ocupa posturi didactice/catedre în învăţământul preuniversitar în concordanţă cu noua specializare;<br>Definitivarea în învăţământ şi gradele didactice II şi I obţinute deja de către cadrele didactice sunt recunoscute pentru orice specializare dobândită prin finalizarea unui program de conversie profesională;</p>



<h4 class="wp-block-heading">Plan de învățământ</h4>



<p class="wp-block-paragraph"></p>

<p>Programul de conversie profesională se adresează cadrelor didactice din sistemul de învățământ preuniversitar care doresc să se specializeze într-un alt domeniu decât cel înscris pe diploma de licență. Planul de învăţământ al programului postuniversitar de conversie profesională cuprinde 4 pachete, conţinând fiecare un număr de module care asigură, în egală măsură, pregătirea de specialitate, ştiinţifică [&hellip;]</p>
