{"id":1984,"date":"2019-02-11T09:03:38","date_gmt":"2019-02-11T09:03:38","guid":{"rendered":"https:\/\/istorie.unibuc.ro\/?page_id=1984"},"modified":"2024-09-29T05:31:04","modified_gmt":"2024-09-29T05:31:04","slug":"lect-univ-dr-daniela-zaharia","status":"publish","type":"page","link":"https:\/\/istorie.unibuc.ro\/facultate\/departamente\/istorie-antica-arheologie-si-istoria-artei\/lect-univ-dr-daniela-zaharia\/","title":{"rendered":"Lect. Univ. Dr. Daniela Zaharia"},"content":{"rendered":"\n<p class=\"wp-block-paragraph\"><strong>Email:<\/strong>\u00a0<a href=\"mailto:daniela.zaharia@istorie.unibuc.ro\">daniela.zaharia@istorie.unibuc.ro<\/a><\/p>\n\n\n\n<p class=\"wp-block-paragraph\"><\/p>\n\n\n\n<p class=\"wp-block-paragraph\"><strong>Studii:<\/strong><\/p>\n\n\n\n<p class=\"wp-block-paragraph\">Doctorat \u00een Istorie antic\u0103, Universitatea din Bucure\u0219ti.<\/p>\n\n\n\n<p class=\"wp-block-paragraph\">D.E.A. \u00een Istorie \u0219i Civiliza\u021bie, EHESS-Paris; <\/p>\n\n\n\n<p class=\"wp-block-paragraph\">Licen\u021b\u0103 \u00een Istorie \u0219i Filosofie, Universitatea din Bucure\u0219ti; <\/p>\n\n\n\n<p class=\"wp-block-paragraph\"><\/p>\n\n\n\n<p class=\"wp-block-paragraph\"><strong>Domenii de interes:<\/strong><\/p>\n\n\n\n<p class=\"wp-block-paragraph\">Istorie Orientului antic<\/p>\n\n\n\n<p class=\"wp-block-paragraph\">Istoria Chinei<\/p>\n\n\n\n<p class=\"wp-block-paragraph\">Istoria artei \u00een Extremul Orient<\/p>\n\n\n\n<p class=\"wp-block-paragraph\">Analiza mitului<\/p>\n\n\n\n<p class=\"wp-block-paragraph\"><\/p>\n\n\n\n<p class=\"wp-block-paragraph\"><strong>Cursuri sustinute la facultate:<\/strong><\/p>\n\n\n\n<p class=\"wp-block-paragraph\">Introducere \u00een istoria antic\u0103 a Orientului \u0219i Asiei; <\/p>\n\n\n\n<p class=\"wp-block-paragraph\">Introducere \u00een istoria artei \u00een Extremul Orient; <\/p>\n\n\n\n<p class=\"wp-block-paragraph\">Arta elitelor extrem-orientale; <\/p>\n\n\n\n<p class=\"wp-block-paragraph\">Analiza mitului; <\/p>\n\n\n\n<p class=\"wp-block-paragraph\">Ideologia puterii \u00een societ\u0103\u021bile antice<\/p>\n\n\n\n<p class=\"wp-block-paragraph\"><\/p>\n\n\n\n<p class=\"wp-block-paragraph\"><strong>Consultatii:<\/strong><\/p>\n\n\n\n<p class=\"wp-block-paragraph\"><\/p>\n\n\n\n<p class=\"wp-block-paragraph\"><\/p>\n\n\n\n<p class=\"wp-block-paragraph\"><strong>Lista selectiva de publicatii:<\/strong><\/p>\n\n\n\n<p class=\"wp-block-paragraph\">Sensibilit\u0103\u021bi, obsesii, fobii \u0219i istoriile lor nea\u0219teptate, Bucure\u0219ti, 2024 (co-ed.), <\/p>\n\n\n\n<p class=\"wp-block-paragraph\">Epidemii \u00een istorie, T\u00e2rgovi\u0219te, 2020 (ed.); <\/p>\n\n\n\n<p class=\"wp-block-paragraph\">Arhive \u0219i Cunoa\u0219tere, Bucure\u0219ti, 2020 (co-ed.); <\/p>\n\n\n\n<p class=\"wp-block-paragraph\">M\u00e9canismes de la construction identitaire et l\u2019utilit\u00e9 de la diff\u00e9rence, Rabat 2015 (co-ed.); <\/p>\n\n\n\n<p class=\"wp-block-paragraph\">Armele Atenei, Bucure\u0219ti, 2012 (co-ed.); Imagin\u00e2nd istorii, Bucure\u015fti, 2006 (co-ed.)<\/p>\n\n\n\n<p class=\"wp-block-paragraph\"><\/p>\n\n\n\n<p class=\"wp-block-paragraph\"><\/p>\n","protected":false},"excerpt":{"rendered":"<p>Email:\u00a0daniela.zaharia@istorie.unibuc.ro Studii: Doctorat \u00een Istorie antic\u0103, Universitatea din Bucure\u0219ti. D.E.A. \u00een Istorie \u0219i Civiliza\u021bie, EHESS-Paris; Licen\u021b\u0103 \u00een Istorie \u0219i Filosofie, Universitatea din Bucure\u0219ti; Domenii de interes: Istorie Orientului antic Istoria Chinei Istoria artei \u00een Extremul Orient Analiza mitului Cursuri sustinute la facultate: Introducere \u00een istoria antic\u0103 a Orientului \u0219i Asiei; Introducere \u00een istoria artei \u00een [&hellip;]<\/p>\n","protected":false},"author":2,"featured_media":0,"parent":173,"menu_order":0,"comment_status":"closed","ping_status":"closed","template":"","meta":{"_crdt_document":"","jetpack_post_was_ever_published":false,"footnotes":""},"class_list":["post-1984","page","type-page","status-publish","hentry"],"jetpack_sharing_enabled":true,"jetpack_shortlink":"https:\/\/wp.me\/PaobZd-w0","jetpack-related-posts":[],"_links":{"self":[{"href":"https:\/\/istorie.unibuc.ro\/facultate\/wp-json\/wp\/v2\/pages\/1984","targetHints":{"allow":["GET"]}}],"collection":[{"href":"https:\/\/istorie.unibuc.ro\/facultate\/wp-json\/wp\/v2\/pages"}],"about":[{"href":"https:\/\/istorie.unibuc.ro\/facultate\/wp-json\/wp\/v2\/types\/page"}],"author":[{"embeddable":true,"href":"https:\/\/istorie.unibuc.ro\/facultate\/wp-json\/wp\/v2\/users\/2"}],"replies":[{"embeddable":true,"href":"https:\/\/istorie.unibuc.ro\/facultate\/wp-json\/wp\/v2\/comments?post=1984"}],"version-history":[{"count":2,"href":"https:\/\/istorie.unibuc.ro\/facultate\/wp-json\/wp\/v2\/pages\/1984\/revisions"}],"predecessor-version":[{"id":16307,"href":"https:\/\/istorie.unibuc.ro\/facultate\/wp-json\/wp\/v2\/pages\/1984\/revisions\/16307"}],"up":[{"embeddable":true,"href":"https:\/\/istorie.unibuc.ro\/facultate\/wp-json\/wp\/v2\/pages\/173"}],"wp:attachment":[{"href":"https:\/\/istorie.unibuc.ro\/facultate\/wp-json\/wp\/v2\/media?parent=1984"}],"curies":[{"name":"wp","href":"https:\/\/api.w.org\/{rel}","templated":true}]}}