{"id":193,"date":"2018-10-26T14:54:38","date_gmt":"2018-10-26T14:54:38","guid":{"rendered":"http:\/\/newhis.bucharest.university\/?page_id=193"},"modified":"2024-09-30T10:58:09","modified_gmt":"2024-09-30T10:58:09","slug":"istoria-artei","status":"publish","type":"page","link":"https:\/\/istorie.unibuc.ro\/facultate\/programe\/licenta\/istoria-artei\/","title":{"rendered":"Istoria Artei"},"content":{"rendered":"\n<p class=\"has-text-align-center has-small-font-size wp-block-paragraph\"><\/p>\n\n\n\n<div class=\"wp-block-cover is-light wp-duotone-unset-1\" style=\"min-height:1033px;aspect-ratio:unset;\"><span aria-hidden=\"true\" class=\"wp-block-cover__background has-background-dim-40 has-background-dim\" style=\"background-color:#e9e9e9\"><\/span><img data-recalc-dims=\"1\" loading=\"lazy\" decoding=\"async\" width=\"771\" height=\"1028\" data-attachment-id=\"16404\" data-permalink=\"https:\/\/istorie.unibuc.ro\/facultate\/programe\/licenta\/istoria-artei\/logo-20-2\/\" data-orig-file=\"https:\/\/i0.wp.com\/istorie.unibuc.ro\/wp-content\/uploads\/2024\/09\/logo-20-1.jpg?fit=900%2C1200&amp;ssl=1\" data-orig-size=\"900,1200\" data-comments-opened=\"0\" data-image-meta=\"{&quot;aperture&quot;:&quot;0&quot;,&quot;credit&quot;:&quot;&quot;,&quot;camera&quot;:&quot;&quot;,&quot;caption&quot;:&quot;&quot;,&quot;created_timestamp&quot;:&quot;0&quot;,&quot;copyright&quot;:&quot;&quot;,&quot;focal_length&quot;:&quot;0&quot;,&quot;iso&quot;:&quot;0&quot;,&quot;shutter_speed&quot;:&quot;0&quot;,&quot;title&quot;:&quot;&quot;,&quot;orientation&quot;:&quot;1&quot;}\" data-image-title=\"logo 20\" data-image-description=\"\" data-image-caption=\"\" data-large-file=\"https:\/\/i0.wp.com\/istorie.unibuc.ro\/wp-content\/uploads\/2024\/09\/logo-20-1.jpg?fit=768%2C1024&amp;ssl=1\" class=\"wp-block-cover__image-background wp-image-16404\" alt=\"\" src=\"https:\/\/i0.wp.com\/istorie.unibuc.ro\/wp-content\/uploads\/2024\/09\/logo-20-1.jpg?resize=771%2C1028&#038;ssl=1\" style=\"object-position:46% 36%\" data-object-fit=\"cover\" data-object-position=\"46% 36%\" srcset=\"https:\/\/i0.wp.com\/istorie.unibuc.ro\/wp-content\/uploads\/2024\/09\/logo-20-1.jpg?w=900&amp;ssl=1 900w, https:\/\/i0.wp.com\/istorie.unibuc.ro\/wp-content\/uploads\/2024\/09\/logo-20-1.jpg?resize=225%2C300&amp;ssl=1 225w, https:\/\/i0.wp.com\/istorie.unibuc.ro\/wp-content\/uploads\/2024\/09\/logo-20-1.jpg?resize=768%2C1024&amp;ssl=1 768w\" sizes=\"auto, (max-width: 771px) 100vw, 771px\" \/><div class=\"wp-block-cover__inner-container is-layout-flow wp-block-cover-is-layout-flow\">\n<p class=\"has-text-align-center has-large-font-size wp-block-paragraph\"><\/p>\n<\/div><\/div>\n\n\n\n<h4 class=\"wp-block-heading\">Domeniul de studiu: Istorie<\/h4>\n\n\n\n<ul class=\"wp-block-list\">\n<li>PROGRAM DE LICEN\u021a\u0102<\/li>\n\n\n\n<li>6 SEMESTRE<\/li>\n\n\n\n<li>180 DE CREDITE<\/li>\n<\/ul>\n\n\n\n<p class=\"wp-block-paragraph\">Programul&nbsp; ofer\u0103 studii complexe: istoria artei \u00een sensul cel mai larg, studiat\u0103 \u00een func\u021bie de epocile istorice \u0219i \u00een rela\u021bie cu variate spa\u021bii de civiliza\u021bie; protec\u0163ia \u015fi managementul patrimoniului artistic; conservarea, autentificarea \u015fi evaluarea antichit\u0103\u0163ilor \u015fi a obiectelor de art\u0103; studiul pie\u0163ei obiectelor de art\u0103 \u015fi al antichit\u0103\u0163ilor; aspecte metodologice \u0219i teoretice privitoare la istoria artei, analiza iconografic\u0103 \u0219i estetic\u0103. Programul de studii este astfel g\u00e2ndit \u00eenc\u00e2t s\u0103 \u00eembine interesul pur academic cu exigen\u0163ele pie\u0163ei de munc\u0103 \u015fi cu preocup\u0103rile nou ap\u0103rute \u00een societate (ca urmare a apari\u0163iei unor grupuri sociale interesate \u00een domeniul artelor \u015fi antichit\u0103\u0163ilor dar \u015fi a unor profesiuni noi, legate de utilizarea \u015fi construirea imaginii). Obiectivul este preg\u0103tirea complex\u0103 a unor absolven\u0163i califica\u0163i \u00een analiza \u0219i aprecierea lucr\u0103rilor de art\u0103, administrarea colec\u021biilor de art\u0103 \u0219i de obiecte cultural-istorice, at\u00e2t pentru domeniul public c\u00e2t \u015fi pentru cel privat. Studierea artelor este conectat\u0103 cu studierea variatelor contexte socio-istorice \u00een care evolueaz\u0103 fenomenul artistic.<\/p>\n\n\n\n<p class=\"wp-block-paragraph\">Studen\u021bii vor primi o preg\u0103tire aprofundat\u0103, organizat\u0103 \u00een trei arii majore de cunoa\u0219tere: metodologic\u0103, aplicat\u0103 \u0219i practic\u0103.<\/p>\n\n\n\n<h2 class=\"wp-block-heading\">Preg\u0103tirea metodologic\u0103<\/h2>\n\n\n\n<p class=\"wp-block-paragraph\">Metodele de lucru vor r\u0103m\u00e2ne pentru totdeauna \u00een zestrea de competen\u021be a unui absolvent. Aceasta este baza de la care porne\u0219te dezvoltarea unei cariere, adaptarea la schimb\u0103rile din domeniu, reinventarea periodic\u0103 a fiec\u0103rui specialist. Pe baza lor fiecare pasionat de istoria artei \u00ee\u0219i poate construi propriile repere de valoare, poate s\u0103 g\u00e2ndeasc\u0103 independent \u0219i s\u0103 fac\u0103 fa\u021b\u0103 oric\u0103ror evolu\u021bii ale artelor.&nbsp; Aici sunt incluse discipline-cadru precum: &nbsp;<\/p>\n\n\n\n<ul class=\"wp-block-list\">\n<li>Metodologia istoriei artei<\/li>\n\n\n\n<li>Istoria istoriografiei artei<\/li>\n\n\n\n<li>Estetica \u0219i filosofia artei<\/li>\n<\/ul>\n\n\n\n<h2 class=\"wp-block-heading\">Preg\u0103tirea aplicat\u0103<\/h2>\n\n\n\n<p class=\"wp-block-paragraph\">Pentru fiecare epoc\u0103 din istoria artei exist\u0103 cel pu\u021bin un curs care prezint\u0103 fenomenul \u00een context socio-istoric \u0219i un curs care aprofundeaz\u0103 aspectele artistice specifice. De asemenea, programul nostru ofer\u0103 cursuri op\u021bionale sau obligatorii dedicate artelor \u00een diverse spa\u021bii de civiliza\u021bie. De la preistorie la secolul XXI, din extremul occident \u00een extremul orient studen\u021bii au prilejul s\u0103 studieze o mare varietate de subiecte:<\/p>\n\n\n\n<ul class=\"wp-block-list\">\n<li>Arta \u0219i religia \u00een preistorie, la care se adaug\u0103 &nbsp;\u201eCulturile preistorice pe teritoriul Rom\u00e2niei\u201d iar mai aprofundat \u201eRock-Art. Spa\u021bii, stiluri, evolu\u021bii\u201d, sau \u201eArta metalelor\u201d;<\/li>\n\n\n\n<li>Societ\u0103\u021bi, religii \u0219i art\u0103 \u00een Orientul antic \u0219i \u00een Asia, precum \u0219i cursuri mai specializate: \u201eArt\u0103 \u0219i antichit\u0103\u021bi orientale\u201d \u0219i&nbsp; \u201eArt\u0103 \u0219i antichit\u0103\u021bi egiptene\u201d<\/li>\n\n\n\n<li>Civiliza\u021bia greac\u0103 antic\u0103, la care se adaug\u0103 \u201eArt\u0103 \u0219i antichit\u0103\u021bi grece\u0219ti\u201d<\/li>\n\n\n\n<li>Civiliza\u021bia \u0219i societatea roman\u0103 antic\u0103, aprofundat\u0103 \u0219i prin cursuri mai specializate: &nbsp;\u201eArt\u0103 \u0219i antichit\u0103\u021bi romane\u201d; \u201eArta cre\u0219tin\u0103 timpurie\u201d;<\/li>\n\n\n\n<li>Patrimoniul arheologic<\/li>\n\n\n\n<li>Arta medieval\u0103 \u0219i Arta Rena\u0219terii \u00een spa\u021biul rom\u00e2nesc \u0219i \u00een Europa<\/li>\n\n\n\n<li>Arta tradi\u021bional\u0103 rom\u00e2neasc\u0103<\/li>\n\n\n\n<li>Civiliza\u021bia \u0219i arta bizantin\u0103<\/li>\n\n\n\n<li>Arta baroc\u0103 \u0219i neoclasic\u0103 european\u0103 \u0219i rom\u00e2neasc\u0103<\/li>\n\n\n\n<li>Arta \u00een secolul al XIX-lea, Arta secolului XX \u0219i a \u00eenceputului de secol XXI, at\u00e2t ca fenomen universal c\u00e2t \u0219i \u00een Rom\u00e2nia<\/li>\n\n\n\n<li>Introducere \u00een artele decorative, dezvoltat\u0103 \u0219i prin mai multe cursuri op\u021bionale: &nbsp;\u201eIstoria podoabelor \u0219i a costumului\u201d, \u201eIstoria c\u0103r\u021bii \u0219i tiparului\u201d, \u201eArta publicitar\u0103\u201d, \u201eArtele spectacolului\u201d, \u201eIstoria decora\u021biilor europene \u0219i rom\u00e2ne\u0219ti\u201d. &nbsp;&nbsp;<\/li>\n\n\n\n<li>Arta Extrem-oriental\u0103 (sec. IV-XX)<\/li>\n<\/ul>\n\n\n\n<h2 class=\"wp-block-heading\">Preg\u0103tirea practic\u0103<\/h2>\n\n\n\n<p class=\"wp-block-paragraph\">O parte dintre cursuri sunt dedicate form\u0103rii unor competen\u021be practice necesare profesioni\u0219tilor din domeniul studierii artelor plastice. O parte dintre acestea sunt dedicate \u00een\u021belegerii \u0219i aprecierii aspectelor tehnice ale operei de art\u0103, altele se ocup\u0103 de introducerea \u00een mediul profesional de specialitate:<\/p>\n\n\n\n<ul class=\"wp-block-list\">\n<li>Tehnici utilizate \u00een artele plastice<\/li>\n\n\n\n<li>Autentificarea \u0219i evaluarea obiectelor de art\u0103<\/li>\n\n\n\n<li>Muzeologie<\/li>\n\n\n\n<li>Conservarea obiectelor de art\u0103 \u0219i a antichit\u0103\u021bilor<\/li>\n\n\n\n<li>Colec\u021bionismul: colec\u021bii \u0219i colec\u021bionari<\/li>\n\n\n\n<li>Pia\u021ba de art\u0103, precum \u0219i \u201eManagementul proiectului cultural\u201d \u0219i \u201ePolitici culturale\u201d, \u201eLegisla\u021bie \u0219i organiza\u021bii de protec\u021bie a patrimoniului cultural\u201d<\/li>\n<\/ul>\n\n\n\n<p class=\"wp-block-paragraph\">Se adaug\u0103 dou\u0103 stagii practice obligatorii \u00een care studen\u021bii lucreaz\u0103 \u00een cadrul unor institu\u021bii de specialitate: muzee de art\u0103, case de licita\u021bie, galerii de art\u0103 etc.<\/p>\n\n\n\n<p class=\"wp-block-paragraph\">Programul este intens, complex, dar flexibil \u0219i permite fiec\u0103rui student s\u0103 dob\u00e2ndeasc\u0103 bazele generale esen\u021biale pentru cunoa\u0219terea artelor, dar \u00eei ofer\u0103 \u0219i ocazia s\u0103 urm\u0103reasc\u0103 \u0219i s\u0103 aprofundeze subiecte care \u00eel pasioneaz\u0103 cu deosebire. Ne preocup\u0103, de asemenea, s\u0103 oferim un contact c\u00e2t mai timpuriu cu mediul profesional, astfel \u00eenc\u00e2t studiind istoria artei la Universitatea din Bucure\u0219ti studen\u021bii no\u0219tri s\u0103 aib\u0103 o experien\u021b\u0103 bogat\u0103 \u0219i echilibrat\u0103, \u00een care teoria \u0219i practica, informa\u021bia \u0219i abilit\u0103\u021bile s\u0103 fie deopotriv\u0103 stimulate.<\/p>\n\n\n\n<figure class=\"wp-block-embed is-type-rich is-provider-nglobeaz-manipulantul wp-block-embed-nglobeaz-manipulantul is-provider-inglobeaza-manipulantul wp-embed-aspect-16-9 wp-has-aspect-ratio\"><div class=\"wp-block-embed__wrapper\">\n<span class=\"embed-youtube\" style=\"text-align:center; display: block;\"><iframe loading=\"lazy\" class=\"youtube-player\" width=\"771\" height=\"434\" src=\"https:\/\/www.youtube.com\/embed\/obJCHTh9C6g?version=3&#038;rel=1&#038;showsearch=0&#038;showinfo=1&#038;iv_load_policy=1&#038;fs=1&#038;hl=ro-RO&#038;autohide=2&#038;wmode=transparent\" allowfullscreen=\"true\" style=\"border:0;\" sandbox=\"allow-scripts allow-same-origin allow-popups allow-presentation allow-popups-to-escape-sandbox\"><\/iframe><\/span>\n<\/div><\/figure>\n\n\n\n<h2 class=\"wp-block-heading\"><\/h2>\n\n\n\n<p class=\"wp-block-paragraph\"><\/p>\n\n\n\n<h2 class=\"wp-block-heading\"><a href=\"https:\/\/istorie.unibuc.ro\/facultate\/programe\/licenta\/istoria-artei\/fise-discipline-istoria-artei\/\" data-type=\"page\" data-id=\"16405\">Fi\u0219e discipline Istoria Artei<\/a><\/h2>\n\n\n\n<p class=\"wp-block-paragraph\"><\/p>\n","protected":false},"excerpt":{"rendered":"<p>Domeniul de studiu: Istorie Programul&nbsp; ofer\u0103 studii complexe: istoria artei \u00een sensul cel mai larg, studiat\u0103 \u00een func\u021bie de epocile istorice \u0219i \u00een rela\u021bie cu variate spa\u021bii de civiliza\u021bie; protec\u0163ia \u015fi managementul patrimoniului artistic; conservarea, autentificarea \u015fi evaluarea antichit\u0103\u0163ilor \u015fi a obiectelor de art\u0103; studiul pie\u0163ei obiectelor de art\u0103 \u015fi al antichit\u0103\u0163ilor; aspecte metodologice \u0219i [&hellip;]<\/p>\n","protected":false},"author":2,"featured_media":0,"parent":186,"menu_order":0,"comment_status":"closed","ping_status":"closed","template":"","meta":{"_crdt_document":"","jetpack_post_was_ever_published":false,"footnotes":""},"class_list":["post-193","page","type-page","status-publish","hentry"],"jetpack_sharing_enabled":true,"jetpack_shortlink":"https:\/\/wp.me\/PaobZd-37","jetpack-related-posts":[],"_links":{"self":[{"href":"https:\/\/istorie.unibuc.ro\/facultate\/wp-json\/wp\/v2\/pages\/193","targetHints":{"allow":["GET"]}}],"collection":[{"href":"https:\/\/istorie.unibuc.ro\/facultate\/wp-json\/wp\/v2\/pages"}],"about":[{"href":"https:\/\/istorie.unibuc.ro\/facultate\/wp-json\/wp\/v2\/types\/page"}],"author":[{"embeddable":true,"href":"https:\/\/istorie.unibuc.ro\/facultate\/wp-json\/wp\/v2\/users\/2"}],"replies":[{"embeddable":true,"href":"https:\/\/istorie.unibuc.ro\/facultate\/wp-json\/wp\/v2\/comments?post=193"}],"version-history":[{"count":12,"href":"https:\/\/istorie.unibuc.ro\/facultate\/wp-json\/wp\/v2\/pages\/193\/revisions"}],"predecessor-version":[{"id":16408,"href":"https:\/\/istorie.unibuc.ro\/facultate\/wp-json\/wp\/v2\/pages\/193\/revisions\/16408"}],"up":[{"embeddable":true,"href":"https:\/\/istorie.unibuc.ro\/facultate\/wp-json\/wp\/v2\/pages\/186"}],"wp:attachment":[{"href":"https:\/\/istorie.unibuc.ro\/facultate\/wp-json\/wp\/v2\/media?parent=193"}],"curies":[{"name":"wp","href":"https:\/\/api.w.org\/{rel}","templated":true}]}}