{"id":1841,"date":"2019-01-26T21:34:00","date_gmt":"2019-01-26T21:34:00","guid":{"rendered":"https:\/\/istorie.unibuc.ro\/?page_id=1841"},"modified":"2019-01-26T21:34:04","modified_gmt":"2019-01-26T21:34:04","slug":"platforma%cc%86-institut%cc%a6ionala%cc%86-interdisciplinara%cc%86-de-excelent%cc%a6a%cc%86-in-cercetarea-dezvoltarea-inovarea-s%cc%a6i-formarea-profesionala%cc%86-din-domeniul-s%cc%a6tiint%cc%a6elo","status":"publish","type":"page","link":"https:\/\/istorie.unibuc.ro\/facultate\/platforma%cc%86-institut%cc%a6ionala%cc%86-interdisciplinara%cc%86-de-excelent%cc%a6a%cc%86-in-cercetarea-dezvoltarea-inovarea-s%cc%a6i-formarea-profesionala%cc%86-din-domeniul-s%cc%a6tiint%cc%a6elo\/","title":{"rendered":"Platforma\u0306 Institut\u0326ionala\u0306 Interdisciplinara\u0306 de Excelent\u0326a\u0306 \u00een Cercetarea, Dezvoltarea, Inovarea s\u0326i Formarea Profesionala\u0306 din Domeniul S\u0326tiint\u0326elor Arheologice"},"content":{"rendered":"\n<div class=\"wp-block-image\"><figure class=\"alignright\"><img loading=\"lazy\" decoding=\"async\" width=\"4332\" height=\"5236\" data-attachment-id=\"1846\" data-permalink=\"https:\/\/istorie.unibuc.ro\/facultate\/platforma%cc%86-institut%cc%a6ionala%cc%86-interdisciplinara%cc%86-de-excelent%cc%a6a%cc%86-in-cercetarea-dezvoltarea-inovarea-s%cc%a6i-formarea-profesionala%cc%86-din-domeniul-s%cc%a6tiint%cc%a6elo\/proiect-pfe\/\" data-orig-file=\"https:\/\/i0.wp.com\/istorie.unibuc.ro\/wp-content\/uploads\/2019\/01\/Proiect-PFE.png?fit=4332%2C5236&amp;ssl=1\" data-orig-size=\"4332,5236\" data-comments-opened=\"0\" data-image-meta=\"{&quot;aperture&quot;:&quot;0&quot;,&quot;credit&quot;:&quot;&quot;,&quot;camera&quot;:&quot;&quot;,&quot;caption&quot;:&quot;&quot;,&quot;created_timestamp&quot;:&quot;0&quot;,&quot;copyright&quot;:&quot;&quot;,&quot;focal_length&quot;:&quot;0&quot;,&quot;iso&quot;:&quot;0&quot;,&quot;shutter_speed&quot;:&quot;0&quot;,&quot;title&quot;:&quot;&quot;,&quot;orientation&quot;:&quot;0&quot;}\" data-image-title=\"Proiect PFE\" data-image-description=\"\" data-image-caption=\"\" data-large-file=\"https:\/\/i0.wp.com\/istorie.unibuc.ro\/wp-content\/uploads\/2019\/01\/Proiect-PFE.png?fit=771%2C932&amp;ssl=1\" src=\"https:\/\/i1.wp.com\/istorie.unibuc.ro\/wp-content\/uploads\/2019\/01\/Proiect-PFE.png?fit=640%2C774&amp;ssl=1\" alt=\"\" class=\"wp-image-1846\" srcset=\"https:\/\/i0.wp.com\/istorie.unibuc.ro\/wp-content\/uploads\/2019\/01\/Proiect-PFE.png?w=4332&amp;ssl=1 4332w, https:\/\/i0.wp.com\/istorie.unibuc.ro\/wp-content\/uploads\/2019\/01\/Proiect-PFE.png?resize=248%2C300&amp;ssl=1 248w, https:\/\/i0.wp.com\/istorie.unibuc.ro\/wp-content\/uploads\/2019\/01\/Proiect-PFE.png?resize=768%2C928&amp;ssl=1 768w, https:\/\/i0.wp.com\/istorie.unibuc.ro\/wp-content\/uploads\/2019\/01\/Proiect-PFE.png?resize=847%2C1024&amp;ssl=1 847w, https:\/\/i0.wp.com\/istorie.unibuc.ro\/wp-content\/uploads\/2019\/01\/Proiect-PFE.png?w=1542&amp;ssl=1 1542w, https:\/\/i0.wp.com\/istorie.unibuc.ro\/wp-content\/uploads\/2019\/01\/Proiect-PFE.png?w=2313&amp;ssl=1 2313w\" sizes=\"auto, (max-width: 771px) 100vw, 771px\" \/><\/figure><\/div>\n\n\n\n<p class=\"wp-block-paragraph\">Titlu proiect: Platforma\u0306 Institut\u0326ionala\u0306 Interdisciplinara\u0306 de Excelent\u0326a\u0306 \u00een Cercetarea, Dezvoltarea, Inovarea s\u0326i Formarea Profesionala\u0306 din Domeniul S\u0326tiint\u0326elor Arheologice <\/p>\n\n\n\n<p class=\"wp-block-paragraph\">Acronim: ArchaeoScience#RO<\/p>\n\n\n\n<p class=\"wp-block-paragraph\">Cod proiect: 335-2018<\/p>\n\n\n\n<p class=\"wp-block-paragraph\">Contract: 15PFE\/2018<\/p>\n\n\n\n<p class=\"wp-block-paragraph\">Linie finantare: Programul 1 &#8211; Dezvoltarea sistemului na\u0163ional de cercetare-dezvoltare,  Subprogramul 1.2 &#8211; Performant\u0326a\u0306 institut\u0326ionala\u0306, Proiecte de dezvoltare institu\u021bional\u0103 \u2013 Proiecte de finan\u021bare a excelen\u021bei \u00een CDI (PFE)<\/p>\n\n\n\n<p class=\"wp-block-paragraph\">Finantator: Ministerul Culturii \u0219i Inov\u0103rii<\/p>\n\n\n\n<p class=\"wp-block-paragraph\">Perioda de implementare: 26 luni (16\/10\/2018 \u2013 15\/12\/2020)<\/p>\n\n\n\n<p class=\"wp-block-paragraph\">Director de proiect: Dr. C\u0103t\u0103lin Laz\u0103r<\/p>\n\n\n\n<p class=\"wp-block-paragraph\">Descriere:<br>\nProiectul de fa\u021b\u0103 reprezint\u0103 o abordare original\u0103, din perspectiv\u0103 inter-, pluri-, multi- Proiectul intitulat Platforma\u0306 Institut\u0326ionala\u0306 Interdisciplinara\u0306 de Excelent\u0326a\u0306 \u00een Cercetarea, Dezvoltarea, Inovarea s\u0326i Formarea Profesionala\u0306 din Domeniul S\u0326tiint\u0326elor Arheologice \/ Archaeological Sciences (ArchaeoScience#RO) are ca obiectiv central introducerea unui domeniu de cercetare neabordat la nivel universitar \u00een t\u0326ara noastra\u0306 &#8211; S\u0326tiint\u0326ele Arheologice (Archaeological Sciences), ce reprezint\u0103 o bun\u0103 oportunitate de racordare a Rom\u00e2niei la direc\u021biile \u0219i programele de cercetare din Uniunea Europeana\u0306 sau din alte \u021b\u0103ri de pe mapamond, \u00een contextul \u00een care anul 2018 reprezinta\u0306 Anul European al Patrimoniului Cultural. Proiectul este implementat \u00een cadrul Institutului de Cercetare al Universit\u0103\u021bii din Bucure\u0219ti (ICUB).<br>\nAcest demers complex, inter-, pluri-, multi- \u0219i transdisciplinar va fi implementat de c\u0103tre speciali\u0219tii mai multor facult\u0103\u021bi din cadrul Universit\u0103\u021bii din Bucure\u0219ti &#8211; Biologie, Chimie, Fizic\u0103, Geografie, Istorie, Geologie \u0219i Geofizic\u0103, grupa\u021bi deja \u00eentr-un grup de cercetare afiliat la Institutul de Cercetare al Universit\u0103\u021bii din Bucure\u0219ti (ICUB). Demersul respectiv de dezvoltare institu\u021bional\u0103 se realizeaz\u0103 \u0219i cu sprijinul Facult\u0103\u021bii Psihologie \u0219i \u0218tiin\u021bele Educa\u021biei (pentru partea de formare profesional\u0103 \u0219i educa\u021bie), al\u0103turi de suportul oferit de c\u0103tre Direc\u021bia IT&amp;C \u0219i de Direc\u021bia Managementul Programelor de Cercetare, pentru partea de logistic\u0103, administrare, implementare, monitorizare, promovare \u0219i dezvoltare.<\/p>\n\n\n\n<p class=\"wp-block-paragraph\">Obiective:<br>\nProiectul are \u00een vedere promovarea conceptelor-cheie educa\u021bie prin cercetare \u0219i cercetare pentru educa\u021bie, bazate pe principiile meritocra\u021biei \u0219i performan\u021bei profesionale, \u00een vederea consolid\u0103rii \u0219i dezvolt\u0103rii competent\u0326elor de cercetare existente la nivel institut\u0326ional, \u00een cadrul Universit\u0103\u021bii din Bucure\u0219ti, dar \u0219i cres\u0327terea gradului de implicare s\u0327i vizibilitate pe plan internat\u0327ional, \u00een vederea cres\u0326terii capacita\u0306t\u0326ii s\u0326i performant\u0326ei institut\u0326ionale \u0219i a indicatorilor de performan\u021b\u0103. Acest obiectiv principal prezint\u0103 3 componente fundamentale, complementare, subsumate acestuia: 1. Cercetare, Dezvoltare \u0219i Inovare \u00een \u0218tiin\u021bele Arheologice; 2. Formare profesional\u0103 \u00een \u0218tiin\u021bele Arheologice; 3. Suport logistic, administrativ \u0219i monitorizare a dezvolt\u0103rii domeniului propus. Al\u0103turi de aceste obiective principale, proiectul de fa\u021b\u0103 propune \u0219i o serie de obiective specifice, subsumate \u0219i integrate celor anterioare: (i) promovarea, dezvoltarea \u0219i consolidarea cerceta\u0306rilor inter-, multi-, pluri- \u0219i trandisciplinare \u00een domeniul \u0218tiin\u021be Arheologice, \u00een a\u0219a fel \u00eenc\u00e2t sa\u0306 ra\u0306spunda\u0306 necesita\u0306t\u0327ilor actuale din Rom\u00e2nia \u0219i stadardelor interna\u021bionale \u00een domeniile men\u021bionate; (ii) reducerea semnificativ\u0103 a decalajului existent \u00een domeniile arheologiei \u0219i patrimoniului cultural \u00eentre Europa de Est \u0219i Europa de Vest, prin cre\u0219terea performan\u021belor institu\u021bionale ale Universit\u0103\u021bii din Bucure\u0219ti; (iii) dezvoltarea unei re\u021bele proprii de cercetare \u0219i formare profesional\u0103 \u00een domeniul \u0218tiin\u021be Arheologice, prin crearea unor parteneriate viabile \u0219i fezabile cu institu\u021bii de profil din \u021bar\u0103 \u0219i din afar\u0103; (iv) constituirea Platformei ca principalul actor din domeniul \u0218tiin\u021be Arheologice din \u021bar\u0103 \u0219i sud-estul Europei, at\u00e2t \u00een domenul cercet\u0103rii, c\u00e2t \u0219i al form\u0103rii profesionale; (v) cres\u0327terea capacita\u0306t\u0327ii de integrare a Universit\u0103\u021bii din Bucure\u0219ti \u00een aria europeana\u0306 a educat\u0327iei s\u0327i cerceta\u0306rii, dar \u0219i cres\u0327terea performant\u0327ei s\u0327tiint\u0327ifice s\u0327i racordarea sistemului de \u00eenva\u0306t\u0327a\u0306m\u00e2nt superior cu cerint\u0327ele societa\u0306t\u0327ii actuale, bazate pe cunoas\u0327tere, precum \u0219i alinierea acestuia la tendin\u021bele \u0219i performan\u021bele europene din domeniile arheologie, patrimoniu cultural \u0219i disciplinele conexe; (vi) asigurarea resurselor umane \u00eenalt calificate pentru educat\u0327ie s\u0327i cercetare din domeniile vizate, prin organizarea unui sistem interdisciplinar de formare la nivel de masterat, doctorat \u0219i post-doctorat; (vii) cre\u0219terea progresiv\u0103 a pozi\u021biei UNIBUC \u00een topurile specifice (de exemplu Times Higher World University Rankings, Tor 500 ARWU \u0219.a.) prin \u00eembun\u0103t\u0103\u021birea indicatorilor de performan\u021b\u0103 specifici, la nivel de cercetare, cit\u0103ri, vizibilitate interna\u021bional\u0103 etc.<br>\nTotodat\u0103, Platforma Institu\u021bional\u0103 Interdisciplinar\u0103 de Excelen\u021b\u0103 \u00een Cercetarea, Dezvoltarea, Inovarea \u0219i Formarea Profesional\u0103 din Domeniul \u0218tiin\u021belor Arheologice propune o form\u0103 modern\u0103, complex\u0103, interdisciplinar\u0103 \u0219i integrativ\u0103 de abordare a patrimoniului cultural arheologic, prin desf\u0103\u0219urarea unor activit\u0103\u021bi de cercetare \u0219i formare \u00een domeniul patrimoniului arheologic \u0219i cultural material (mobil \u0219i imobil) \u0219i imaterial, definite \u0219i protejate prin legisla\u021bia rom\u00e2neasc\u0103 \u0219i interna\u021bional\u0103 \u00een vigoare, aplicabil\u0103 \u0219i pe teritoriul statului rom\u00e2n sau \u00een comunit\u0103\u021bile rom\u00e2ne\u0219ti din afara grani\u021belor. \u00cen calitatea sa de stat membru cu drepturi depline al Uniunii Europene, de peste un deceniu, \u021bara noastr\u0103 face parte ca stat membru\/observator din organisme interna\u021bionale cu atribu\u021bii \u00een domeniile arheologiei \u0219i al patrimoniului cultural (de exemplu UNESCO), motiv pentru care implementarea proiectului de fa\u021b\u0103 faciliteaz\u0103 alinierea Rom\u00e2niei la direct\u0326iile s\u0326i programele de cercetare din Uniunea Europeana\u0306. Totodat\u0103, aceast\u0103 structur\u0103 de cercetare va urm\u0103rii formarea profesional\u0103 a viitoarelor genera\u021bii de speciali\u0219ti din domeniul identit\u0103\u021bilor \u0219i patrimoniului cultural, dar \u0219i integrarea acestora \u00een structura institu\u021bilor participante la proiectele componente (noii angaja\u021bi ENI).<\/p>\n\n\n\n<p class=\"wp-block-paragraph\">Web:<\/p>\n\n\n\n<figure class=\"wp-block-embed\"><div class=\"wp-block-embed__wrapper\">\n<blockquote class=\"wp-embedded-content\" data-secret=\"Rz7ujbuBCz\"><a href=\"https:\/\/unibuc.ro\/cercetare\/promovarea-rezultatelor-cercetarii\/proiecte-de-cercetare\/platforma-institutionala-interdisciplinara-de-excelenta-in-cercetarea-dezvoltarea-inovarea-si-formarea-profesionala-din-domeniul-stiintelor-arheologice-archaeological-sciences\/\">Platform\u0103 Institu\u021bional\u0103 Interdisciplinar\u0103 de Excelen\u021b\u0103 \u00een Cercetarea, Dezvoltarea, Inovarea \u0219i Formarea Profesional\u0103 din Domeniul \u0218tiin\u021belor Arheologice \/ Archaeological Sciences<\/a><\/blockquote><iframe loading=\"lazy\" class=\"wp-embedded-content\" sandbox=\"allow-scripts\" security=\"restricted\" style=\"position: absolute; visibility: hidden;\" title=\"&#8222;Platform\u0103 Institu\u021bional\u0103 Interdisciplinar\u0103 de Excelen\u021b\u0103 \u00een Cercetarea, Dezvoltarea, Inovarea \u0219i Formarea Profesional\u0103 din Domeniul \u0218tiin\u021belor Arheologice \/ Archaeological Sciences&#8221; &#8212; UniBuc - Universitatea din Bucure\u0219ti\" src=\"https:\/\/unibuc.ro\/cercetare\/promovarea-rezultatelor-cercetarii\/proiecte-de-cercetare\/platforma-institutionala-interdisciplinara-de-excelenta-in-cercetarea-dezvoltarea-inovarea-si-formarea-profesionala-din-domeniul-stiintelor-arheologice-archaeological-sciences\/embed\/#?secret=tSWWEa2hC5#?secret=Rz7ujbuBCz\" data-secret=\"Rz7ujbuBCz\" width=\"600\" height=\"338\" frameborder=\"0\" marginwidth=\"0\" marginheight=\"0\" scrolling=\"no\"><\/iframe>\n<\/div><\/figure>\n","protected":false},"excerpt":{"rendered":"<p>Titlu proiect: Platforma\u0306 Institut\u0326ionala\u0306 Interdisciplinara\u0306 de Excelent\u0326a\u0306 \u00een Cercetarea, Dezvoltarea, Inovarea s\u0326i Formarea Profesionala\u0306 din Domeniul S\u0326tiint\u0326elor Arheologice Acronim: ArchaeoScience#RO Cod proiect: 335-2018 Contract: 15PFE\/2018 Linie finantare: Programul 1 &#8211; Dezvoltarea sistemului na\u0163ional de cercetare-dezvoltare, Subprogramul 1.2 &#8211; Performant\u0326a\u0306 institut\u0326ionala\u0306, Proiecte de dezvoltare institu\u021bional\u0103 \u2013 Proiecte de finan\u021bare a excelen\u021bei \u00een CDI (PFE) Finantator: Ministerul [&hellip;]<\/p>\n","protected":false},"author":2,"featured_media":0,"parent":0,"menu_order":0,"comment_status":"closed","ping_status":"closed","template":"","meta":{"_crdt_document":"","jetpack_post_was_ever_published":false,"footnotes":""},"class_list":["post-1841","page","type-page","status-publish","hentry"],"jetpack_sharing_enabled":true,"jetpack_shortlink":"https:\/\/wp.me\/PaobZd-tH","jetpack-related-posts":[],"_links":{"self":[{"href":"https:\/\/istorie.unibuc.ro\/facultate\/wp-json\/wp\/v2\/pages\/1841","targetHints":{"allow":["GET"]}}],"collection":[{"href":"https:\/\/istorie.unibuc.ro\/facultate\/wp-json\/wp\/v2\/pages"}],"about":[{"href":"https:\/\/istorie.unibuc.ro\/facultate\/wp-json\/wp\/v2\/types\/page"}],"author":[{"embeddable":true,"href":"https:\/\/istorie.unibuc.ro\/facultate\/wp-json\/wp\/v2\/users\/2"}],"replies":[{"embeddable":true,"href":"https:\/\/istorie.unibuc.ro\/facultate\/wp-json\/wp\/v2\/comments?post=1841"}],"version-history":[{"count":1,"href":"https:\/\/istorie.unibuc.ro\/facultate\/wp-json\/wp\/v2\/pages\/1841\/revisions"}],"predecessor-version":[{"id":1847,"href":"https:\/\/istorie.unibuc.ro\/facultate\/wp-json\/wp\/v2\/pages\/1841\/revisions\/1847"}],"wp:attachment":[{"href":"https:\/\/istorie.unibuc.ro\/facultate\/wp-json\/wp\/v2\/media?parent=1841"}],"curies":[{"name":"wp","href":"https:\/\/api.w.org\/{rel}","templated":true}]}}