{"id":18358,"date":"2025-04-09T11:44:03","date_gmt":"2025-04-09T11:44:03","guid":{"rendered":"https:\/\/istorie.unibuc.ro\/facultate\/?page_id=18358"},"modified":"2025-04-09T11:44:05","modified_gmt":"2025-04-09T11:44:05","slug":"lect-dr-mihaela-mustatea","status":"publish","type":"page","link":"https:\/\/istorie.unibuc.ro\/facultate\/departamente\/relatii-internationale-si-istorie-universala\/lect-dr-mihaela-mustatea\/","title":{"rendered":"Lect.dr. Mihaela Must\u0103\u021bea"},"content":{"rendered":"\n<p class=\"wp-block-paragraph\"><strong>Email: <\/strong>mihaela.mustatea@unibuc.ro<\/p>\n\n\n\n<p class=\"wp-block-paragraph\"><strong>Studii:<\/strong><strong><\/strong><\/p>\n\n\n\n<p class=\"wp-block-paragraph\">Doctorat \u00een istorie, Universitatea Bucure\u015fti, lucrarea <em>Italia \u0219i construc\u021bia european\u0103: politica extern\u0103 italian\u0103 \u00een primul deceniu postbelic 1945-1955, <\/em>2013.<\/p>\n\n\n\n<p class=\"wp-block-paragraph\">Master Rela\u021bii Interna\u021bionale, Facultatea de Istorie, Universitatea din Bucure\u0219ti, 2003<\/p>\n\n\n\n<p class=\"wp-block-paragraph\">Licen\u0163\u0103 \u00een istorie, Facultatea de istorie, Universitatea Bucure\u015fti, 1997-2001<\/p>\n\n\n\n<p class=\"wp-block-paragraph\"><strong>Domenii de interes:<\/strong><strong><\/strong><\/p>\n\n\n\n<p class=\"wp-block-paragraph\">Istorie contemporan\u0103 universal\u0103<\/p>\n\n\n\n<p class=\"wp-block-paragraph\">istoria Italiei postbelice<\/p>\n\n\n\n<p class=\"wp-block-paragraph\">Ideologii \u0219i partide politice<\/p>\n\n\n\n<p class=\"wp-block-paragraph\">Istoria Rela\u021biilor Interna\u021bionale \u00een perioada contemporan\u0103<\/p>\n\n\n\n<p class=\"wp-block-paragraph\">Istoria integr\u0103rii europene<\/p>\n\n\n\n<p class=\"wp-block-paragraph\"><strong>Cursuri sus\u021binute la Facultatea de Istorie:<\/strong><strong><\/strong><\/p>\n\n\n\n<ul class=\"wp-block-list\">\n<li>Societate, cultur\u0103, ideologie \u00een secolul XX, curs anul II, Istorie, Rela\u021bii Interna\u021bionale \u0219i Studii Europene, an III.<\/li>\n\n\n\n<li>Istoria Italiei postbelice, curs special, Istorie an III.<\/li>\n\n\n\n<li>Totalitarism \u0219i democra\u021bie \u00een sec XX, curs master Politic\u0103 \u0219i Societate \u00een sec XX, an II.<\/li>\n\n\n\n<li>Surse digitale, seminar master, Istoria \u0219i Practica Rela\u021biilor Interna\u021bionale,&nbsp; Politic\u0103 \u0219i Societate \u00een sec XX, anul I.<\/li>\n\n\n\n<li>Atelier de licen\u021b\u0103, seminar, Rise anul III<\/li>\n\n\n\n<li>Istoria Integr\u0103rii europene, curs Rise anul II.<\/li>\n<\/ul>\n\n\n\n<p class=\"wp-block-paragraph\"><strong>C\u0103r\u0163i:<\/strong><strong><\/strong><\/p>\n\n\n\n<p class=\"wp-block-paragraph\"><em>Italia \u0219i construc\u021bia european\u0103: politica extern\u0103 italian\u0103 \u00een primul deceniu postbelic (1945-1955)<\/em>, Bucure\u0219ti, Editura Universit\u0103\u021bii din Bucure\u0219ti, 2016, 428 pp, ISBN 978-606-16-0805-8;<\/p>\n\n\n\n<p class=\"wp-block-paragraph\"><strong>Volume \u00een colaborare:<\/strong><\/p>\n\n\n\n<p class=\"wp-block-paragraph\">Otilia Nedelcu, Adrian Negrea, Mihaela Must\u0103\u021bea, <em>Bune practici antreprenoriale studen\u021be\u0219ti, <\/em>T\u00e2rgovi\u0219te, Editura Valahia, 2021, 134 pp, ISBN 978-606-9745-33-5;<\/p>\n\n\n\n<p class=\"wp-block-paragraph\"><strong>Studii (selec\u021bie)<\/strong><\/p>\n\n\n\n<p class=\"wp-block-paragraph\"><em>Turkey and the European Union <\/em>\u00een \u201cEuro-Atlantic Studies\u201d, nr.7, 2004, pp. 41-57, ISSN 1454-2153; (studiu ERIH)<\/p>\n\n\n\n<p class=\"wp-block-paragraph\"><em>Situa\u0163ia interna\u0163ional\u0103 a Italiei \u00een prima perioad\u0103 postbelic\u0103 1943-1947. Chestiunea Tratatului de Pace<\/em> \u00een Constantin Bu\u015fe, Ionel C\u00e2ndea (eds), \u201cStudii de Istorie\u201d, nr. 1, Br\u0103ila, Editura Istros,&nbsp; 2012, pp. 329-357, ISSN 2067-5682;<\/p>\n\n\n\n<p class=\"wp-block-paragraph\"><em>Italia \u015fi Pactul de la Bruxelles, <\/em>\u00een Constantin Bu\u015fe, Ionel C\u00e2ndea (eds), \u201eStudii de Istorie\u201d, nr. 3, Br\u0103ila, Editura Istros, 2014, pp. 577-602, ISSN 2067-5682;<\/p>\n\n\n\n<p class=\"wp-block-paragraph\"><em>Italia \u015fi e\u015fecul Comunit\u0103\u0163ii Europene de Ap\u0103rare \u00een <\/em>\u201eArhivele Totalitarismului\u201d, nr.1-2, volum XXII, 2014, pp. 52-64,&nbsp; ISSN 1221-6917;<\/p>\n\n\n\n<p class=\"wp-block-paragraph\"><em>Chestiunea minereului de fier algerian \u00een cadrul negocierilor pentru planul Schuman (Paris, iunie 1950- aprilie 1951),<\/em> \u00een Constantin Bu\u015fe, Ionel C\u00e2ndea (eds), \u201eStudii de Istorie\u201d, nr. 4, Br\u0103ila, Editura Istros, 2015, pp. 207-229, ISSN 2067-5682;<\/p>\n\n\n\n<p class=\"wp-block-paragraph\"><em>Negocierile \u0219i aderarea Italiei la Organiza\u021bia Tratatului Atlanticului de Nord (1948-1949) <\/em>\u00een \u201eStudii de istorie\u201d, nr. 6, Br\u0103ila, Editura Istros, 2016, pp. 303-327, ISSN 2067-5682;<\/p>\n\n\n\n<p class=\"wp-block-paragraph\"><em>Vizita premierului italian Alcide de Gasperi \u0219i a ministrului de externe, contele Carlo Sforza, la Londra \u00een martie 1951 <\/em>\u00een \u201eStudii de istorie\u201d, nr.7, Br\u0103ila, Editura Istros, 2017, pp. 559-575, ISSN 2067-5682;<\/p>\n\n\n\n<p class=\"wp-block-paragraph\"><em>Italy\u2019s view on Turkey joining the Atlantic Treaty (1949-1952) <\/em>\u00een \u201cEuro-Atlantic Studies\u201d, New Series, nr.1, 2018, pp. 91-104, ISSN 1454-2153;<\/p>\n\n\n\n<p class=\"wp-block-paragraph\"><em>Italy and the Mare Nostrum Operation (October 2013- October 2014) <\/em>\u00een \u201cEuro-Atlantic Studies\u201d, New Series, nr. 2, 2019, pp. 103-128, ISSN 1454-2153;<\/p>\n\n\n\n<p class=\"wp-block-paragraph\"><em>From the Italian Mare Nostrum Operation to the Frontex Triton Operation (November 2014- February 2018). Italy and the Search and Rescue Operations. (SAR operations)<\/em>, \u00een \u201cEuro-Atlantic Studies\u201d, New Series, nr. 3, 2020, pp. 69-89, ISSN 1454-2153;<\/p>\n\n\n\n<p class=\"wp-block-paragraph\"><em>Italia \u0219i Pactul Balcanic (1952-1953)<\/em> \u00een Constantin Hlihor, Bogdan Antoniu, Alin Matei (eds.), \u201cScripta Historica. In memoriam Professoriss Emeriti Constantin Bu\u0219e\u201d, Editura Universit\u0103\u021bii din Bucure\u0219ti, 2021, pp. 369-389, ISBN 978-606-16-1133-1.<\/p>\n\n\n\n<p class=\"wp-block-paragraph\"><em>Ideologia politic\u0103 \u0219i cinematografia postbelic\u0103. Neorealismul italian (I), <\/em>&nbsp;\u00een \u201cKibo Titan\u201d nr. 8 (3) 2021, pp. 47-50, ISSN\/ISSN-L 2668-9413<\/p>\n\n\n\n<p class=\"wp-block-paragraph\"><em>Luchino Visconti \u0219i cenzura Cre\u0219tin-democrat\u0103. Filmul La terra trema (II), <\/em>\u00een \u201cKibo Titan\u201d nr. 8(4) 2021, pp.77-83, ISSN\/ISSN-L 2668-9413<\/p>\n\n\n\n<p class=\"wp-block-paragraph\"><em>The path to the Themis Frontex Operation: Italy and SAR operations in the Central Mediterranean Sea<\/em> \u00een&nbsp; \u201cEuro-Atlantic Studies\u201d, New Series, nr. 4, 2021, pp.119-152, ISSN 1454-2153;<\/p>\n\n\n\n<p class=\"wp-block-paragraph\">Bogdan Antoniu, Mihaela Mustatea,<em> La missione Alba (aprile agosto 1997) e la partecipazione della Romania. Dimensioni politiche nazionali e internazionali<\/em> \u00een EPHEMERIS DACOROMANA, Serie nuova XXII 2020, Editura Institutului Cultural Rom\u00e2n, Editura Academiei Rom\u00e2ne, Bucure\u0219ti, 2021, pp. 221-235.<\/p>\n\n\n\n<p class=\"wp-block-paragraph\"><em>Luchino Visconti, Rocco \u0219i fra\u021bii s\u0103i, <\/em>\u00een \u201cKibo Titan\u201d nr. 10(1) 2022, pp. 63-65, ISSN\/ISSN-L 2668-9413<\/p>\n\n\n\n<p class=\"wp-block-paragraph\"><em>Italy, the second Libyan war, and the Frontex Irini operation, <\/em>\u00een \u201cEuro-Atlantic Studies\u201d, New Series, nr. 5, 2022, pp. 119-139, ISSN 1454-2153;<\/p>\n\n\n\n<p class=\"wp-block-paragraph\">Bogdan Antoniu, Mihaela Must\u0103\u021bea, <em>NATO\u2019s Nordic Enlargement with Finland and Sweden in the Context of the Ukraine War, <\/em>\u201cEuro-Atlantic Studies\u201d, New Series, nr. 6, 2023, pp. 151-168, ISSN 1454-2153;<\/p>\n\n\n\n<p class=\"wp-block-paragraph\"><\/p>\n","protected":false},"excerpt":{"rendered":"<p>Email: mihaela.mustatea@unibuc.ro Studii: Doctorat \u00een istorie, Universitatea Bucure\u015fti, lucrarea Italia \u0219i construc\u021bia european\u0103: politica extern\u0103 italian\u0103 \u00een primul deceniu postbelic 1945-1955, 2013. Master Rela\u021bii Interna\u021bionale, Facultatea de Istorie, Universitatea din Bucure\u0219ti, 2003 Licen\u0163\u0103 \u00een istorie, Facultatea de istorie, Universitatea Bucure\u015fti, 1997-2001 Domenii de interes: Istorie contemporan\u0103 universal\u0103 istoria Italiei postbelice Ideologii \u0219i partide politice Istoria [&hellip;]<\/p>\n","protected":false},"author":11,"featured_media":0,"parent":175,"menu_order":0,"comment_status":"closed","ping_status":"closed","template":"","meta":{"_crdt_document":"","jetpack_post_was_ever_published":false,"footnotes":""},"class_list":["post-18358","page","type-page","status-publish","hentry"],"jetpack_sharing_enabled":true,"jetpack_shortlink":"https:\/\/wp.me\/PaobZd-4M6","jetpack-related-posts":[],"_links":{"self":[{"href":"https:\/\/istorie.unibuc.ro\/facultate\/wp-json\/wp\/v2\/pages\/18358","targetHints":{"allow":["GET"]}}],"collection":[{"href":"https:\/\/istorie.unibuc.ro\/facultate\/wp-json\/wp\/v2\/pages"}],"about":[{"href":"https:\/\/istorie.unibuc.ro\/facultate\/wp-json\/wp\/v2\/types\/page"}],"author":[{"embeddable":true,"href":"https:\/\/istorie.unibuc.ro\/facultate\/wp-json\/wp\/v2\/users\/11"}],"replies":[{"embeddable":true,"href":"https:\/\/istorie.unibuc.ro\/facultate\/wp-json\/wp\/v2\/comments?post=18358"}],"version-history":[{"count":1,"href":"https:\/\/istorie.unibuc.ro\/facultate\/wp-json\/wp\/v2\/pages\/18358\/revisions"}],"predecessor-version":[{"id":18359,"href":"https:\/\/istorie.unibuc.ro\/facultate\/wp-json\/wp\/v2\/pages\/18358\/revisions\/18359"}],"up":[{"embeddable":true,"href":"https:\/\/istorie.unibuc.ro\/facultate\/wp-json\/wp\/v2\/pages\/175"}],"wp:attachment":[{"href":"https:\/\/istorie.unibuc.ro\/facultate\/wp-json\/wp\/v2\/media?parent=18358"}],"curies":[{"name":"wp","href":"https:\/\/api.w.org\/{rel}","templated":true}]}}

Lect.dr. Mihaela Mustățea

<p class="wp-block-paragraph"><strong>Email: </strong>mihaela.mustatea@unibuc.ro</p>



<p class="wp-block-paragraph"><strong>Studii:</strong><strong></strong></p>



<p class="wp-block-paragraph">Doctorat în istorie, Universitatea Bucureşti, lucrarea <em>Italia și construcția europeană: politica externă italiană în primul deceniu postbelic 1945-1955, </em>2013.</p>



<p class="wp-block-paragraph">Master Relații Internaționale, Facultatea de Istorie, Universitatea din București, 2003</p>



<p class="wp-block-paragraph">Licenţă în istorie, Facultatea de istorie, Universitatea Bucureşti, 1997-2001</p>



<p class="wp-block-paragraph"><strong>Domenii de interes:</strong><strong></strong></p>



<p class="wp-block-paragraph">Istorie contemporană universală</p>



<p class="wp-block-paragraph">istoria Italiei postbelice</p>



<p class="wp-block-paragraph">Ideologii și partide politice</p>



<p class="wp-block-paragraph">Istoria Relațiilor Internaționale în perioada contemporană</p>



<p class="wp-block-paragraph">Istoria integrării europene</p>



<p class="wp-block-paragraph"><strong>Cursuri susținute la Facultatea de Istorie:</strong><strong></strong></p>



<ul class="wp-block-list">
<li>Societate, cultură, ideologie în secolul XX, curs anul II, Istorie, Relații Internaționale și Studii Europene, an III.</li>



<li>Istoria Italiei postbelice, curs special, Istorie an III.</li>



<li>Totalitarism și democrație în sec XX, curs master Politică și Societate în sec XX, an II.</li>



<li>Surse digitale, seminar master, Istoria și Practica Relațiilor Internaționale,&nbsp; Politică și Societate în sec XX, anul I.</li>



<li>Atelier de licență, seminar, Rise anul III</li>



<li>Istoria Integrării europene, curs Rise anul II.</li>
</ul>



<p class="wp-block-paragraph"><strong>Cărţi:</strong><strong></strong></p>



<p class="wp-block-paragraph"><em>Italia și construcția europeană: politica externă italiană în primul deceniu postbelic (1945-1955)</em>, București, Editura Universității din București, 2016, 428 pp, ISBN 978-606-16-0805-8;</p>



<p class="wp-block-paragraph"><strong>Volume în colaborare:</strong></p>



<p class="wp-block-paragraph">Otilia Nedelcu, Adrian Negrea, Mihaela Mustățea, <em>Bune practici antreprenoriale studențești, </em>Târgoviște, Editura Valahia, 2021, 134 pp, ISBN 978-606-9745-33-5;</p>



<p class="wp-block-paragraph"><strong>Studii (selecție)</strong></p>



<p class="wp-block-paragraph"><em>Turkey and the European Union </em>în “Euro-Atlantic Studies”, nr.7, 2004, pp. 41-57, ISSN 1454-2153; (studiu ERIH)</p>



<p class="wp-block-paragraph"><em>Situaţia internaţională a Italiei în prima perioadă postbelică 1943-1947. Chestiunea Tratatului de Pace</em> în Constantin Buşe, Ionel Cândea (eds), “Studii de Istorie”, nr. 1, Brăila, Editura Istros,&nbsp; 2012, pp. 329-357, ISSN 2067-5682;</p>



<p class="wp-block-paragraph"><em>Italia şi Pactul de la Bruxelles, </em>în Constantin Buşe, Ionel Cândea (eds), „Studii de Istorie”, nr. 3, Brăila, Editura Istros, 2014, pp. 577-602, ISSN 2067-5682;</p>



<p class="wp-block-paragraph"><em>Italia şi eşecul Comunităţii Europene de Apărare în </em>„Arhivele Totalitarismului”, nr.1-2, volum XXII, 2014, pp. 52-64,&nbsp; ISSN 1221-6917;</p>



<p class="wp-block-paragraph"><em>Chestiunea minereului de fier algerian în cadrul negocierilor pentru planul Schuman (Paris, iunie 1950- aprilie 1951),</em> în Constantin Buşe, Ionel Cândea (eds), „Studii de Istorie”, nr. 4, Brăila, Editura Istros, 2015, pp. 207-229, ISSN 2067-5682;</p>



<p class="wp-block-paragraph"><em>Negocierile și aderarea Italiei la Organizația Tratatului Atlanticului de Nord (1948-1949) </em>în „Studii de istorie”, nr. 6, Brăila, Editura Istros, 2016, pp. 303-327, ISSN 2067-5682;</p>



<p class="wp-block-paragraph"><em>Vizita premierului italian Alcide de Gasperi și a ministrului de externe, contele Carlo Sforza, la Londra în martie 1951 </em>în „Studii de istorie”, nr.7, Brăila, Editura Istros, 2017, pp. 559-575, ISSN 2067-5682;</p>



<p class="wp-block-paragraph"><em>Italy’s view on Turkey joining the Atlantic Treaty (1949-1952) </em>în “Euro-Atlantic Studies”, New Series, nr.1, 2018, pp. 91-104, ISSN 1454-2153;</p>



<p class="wp-block-paragraph"><em>Italy and the Mare Nostrum Operation (October 2013- October 2014) </em>în “Euro-Atlantic Studies”, New Series, nr. 2, 2019, pp. 103-128, ISSN 1454-2153;</p>



<p class="wp-block-paragraph"><em>From the Italian Mare Nostrum Operation to the Frontex Triton Operation (November 2014- February 2018). Italy and the Search and Rescue Operations. (SAR operations)</em>, în “Euro-Atlantic Studies”, New Series, nr. 3, 2020, pp. 69-89, ISSN 1454-2153;</p>



<p class="wp-block-paragraph"><em>Italia și Pactul Balcanic (1952-1953)</em> în Constantin Hlihor, Bogdan Antoniu, Alin Matei (eds.), “Scripta Historica. In memoriam Professoriss Emeriti Constantin Bușe”, Editura Universității din București, 2021, pp. 369-389, ISBN 978-606-16-1133-1.</p>



<p class="wp-block-paragraph"><em>Ideologia politică și cinematografia postbelică. Neorealismul italian (I), </em>&nbsp;în “Kibo Titan” nr. 8 (3) 2021, pp. 47-50, ISSN/ISSN-L 2668-9413</p>



<p class="wp-block-paragraph"><em>Luchino Visconti și cenzura Creștin-democrată. Filmul La terra trema (II), </em>în “Kibo Titan” nr. 8(4) 2021, pp.77-83, ISSN/ISSN-L 2668-9413</p>



<p class="wp-block-paragraph"><em>The path to the Themis Frontex Operation: Italy and SAR operations in the Central Mediterranean Sea</em> în&nbsp; “Euro-Atlantic Studies”, New Series, nr. 4, 2021, pp.119-152, ISSN 1454-2153;</p>



<p class="wp-block-paragraph">Bogdan Antoniu, Mihaela Mustatea,<em> La missione Alba (aprile agosto 1997) e la partecipazione della Romania. Dimensioni politiche nazionali e internazionali</em> în EPHEMERIS DACOROMANA, Serie nuova XXII 2020, Editura Institutului Cultural Român, Editura Academiei Române, București, 2021, pp. 221-235.</p>



<p class="wp-block-paragraph"><em>Luchino Visconti, Rocco și frații săi, </em>în “Kibo Titan” nr. 10(1) 2022, pp. 63-65, ISSN/ISSN-L 2668-9413</p>



<p class="wp-block-paragraph"><em>Italy, the second Libyan war, and the Frontex Irini operation, </em>în “Euro-Atlantic Studies”, New Series, nr. 5, 2022, pp. 119-139, ISSN 1454-2153;</p>



<p class="wp-block-paragraph">Bogdan Antoniu, Mihaela Mustățea, <em>NATO’s Nordic Enlargement with Finland and Sweden in the Context of the Ukraine War, </em>“Euro-Atlantic Studies”, New Series, nr. 6, 2023, pp. 151-168, ISSN 1454-2153;</p>



<p class="wp-block-paragraph"></p>

<p>Email: mihaela.mustatea@unibuc.ro Studii: Doctorat în istorie, Universitatea Bucureşti, lucrarea Italia și construcția europeană: politica externă italiană în primul deceniu postbelic 1945-1955, 2013. Master Relații Internaționale, Facultatea de Istorie, Universitatea din București, 2003 Licenţă în istorie, Facultatea de istorie, Universitatea Bucureşti, 1997-2001 Domenii de interes: Istorie contemporană universală istoria Italiei postbelice Ideologii și partide politice Istoria [&hellip;]</p>
