{"id":177,"date":"2018-10-26T14:39:59","date_gmt":"2018-10-26T14:39:59","guid":{"rendered":"http:\/\/newhis.bucharest.university\/?page_id=177"},"modified":"2025-06-23T11:36:03","modified_gmt":"2025-06-23T11:36:03","slug":"scoala-doctorala-de-istorie","status":"publish","type":"page","link":"https:\/\/istorie.unibuc.ro\/facultate\/departamente\/scoala-doctorala-de-istorie\/","title":{"rendered":"\u0218coala Doctoral\u0103 de Istorie"},"content":{"rendered":"\n<h2 class=\"wp-block-heading\">Director \u0218coal\u0103 Doctoral\u0103: Prof. univ. dr. habil. Ioan Carol Opri\u0219<\/h2>\n\n\n\n<p class=\"wp-block-paragraph\">\u0218coala Doctoral\u0103 a Facult\u0103\u021bii de Istorie ofer\u0103 studii doctorale \u00een domeniul istorie, pe urm\u0103toarele arii de specializare:<\/p>\n\n\n\n<ul class=\"wp-block-list\">\n<li>Istorie antic\u0103 \u015fi arheologie.<\/li>\n\n\n\n<li>Studii medievale.<\/li>\n\n\n\n<li>Istoria ideilor \u0219i mentalit\u0103\u0163ilor.<\/li>\n\n\n\n<li>Istorie modern\u0103 \u0219i contemporan\u0103.<\/li>\n\n\n\n<li>Istoria rela\u0163iilor interna\u0163ionale.<\/li>\n\n\n\n<li>Istorie economic\u0103 \u0219i social\u0103.<\/li>\n<\/ul>\n\n\n\n<h2 class=\"wp-block-heading\">Conducatori de doctorat:<\/h2>\n\n\n\n<div class=\"wp-block-file\"><a id=\"wp-block-file--media-02b2fdec-cf78-44b4-87f6-fa26438a1073\" href=\"https:\/\/istorie.unibuc.ro\/wp-content\/uploads\/2025\/01\/Prof.-dr.-habil.-Ioan-Carol-Opris-2025.pdf\">Prof. dr. habil. Ioan Carol Opri\u0219 2025<\/a><a href=\"https:\/\/istorie.unibuc.ro\/wp-content\/uploads\/2025\/01\/Prof.-dr.-habil.-Ioan-Carol-Opris-2025.pdf\" class=\"wp-block-file__button wp-element-button\" download aria-describedby=\"wp-block-file--media-02b2fdec-cf78-44b4-87f6-fa26438a1073\">Descarc\u0103<\/a><\/div>\n\n\n\n<div class=\"wp-block-file\"><a id=\"wp-block-file--media-61b50cd1-a96e-4024-a70a-b90eccceb23d\" href=\"https:\/\/istorie.unibuc.ro\/wp-content\/uploads\/2025\/02\/Prof.-dr.-Mirela-Murgescu-2025.pdf\">Prof. dr. Mirela Murgescu 2025<\/a><a href=\"https:\/\/istorie.unibuc.ro\/wp-content\/uploads\/2025\/02\/Prof.-dr.-Mirela-Murgescu-2025.pdf\" class=\"wp-block-file__button wp-element-button\" download aria-describedby=\"wp-block-file--media-61b50cd1-a96e-4024-a70a-b90eccceb23d\">Descarc\u0103<\/a><\/div>\n\n\n\n<div class=\"wp-block-file\"><a id=\"wp-block-file--media-26137783-ce85-424d-9ac2-74d535699396\" href=\"https:\/\/istorie.unibuc.ro\/wp-content\/uploads\/2025\/02\/Prof.-dr.-Viorel-Panaite-2025.pdf\">Prof. dr. Viorel Panaite 2025<\/a><a href=\"https:\/\/istorie.unibuc.ro\/wp-content\/uploads\/2025\/02\/Prof.-dr.-Viorel-Panaite-2025.pdf\" class=\"wp-block-file__button wp-element-button\" download aria-describedby=\"wp-block-file--media-26137783-ce85-424d-9ac2-74d535699396\">Descarc\u0103<\/a><\/div>\n\n\n\n<div class=\"wp-block-file\"><a id=\"wp-block-file--media-c40d8ccf-7350-4f23-aaed-388e8c09657e\" href=\"https:\/\/istorie.unibuc.ro\/wp-content\/uploads\/2025\/02\/Prof.-dr.-Bogdan-Murgescu-2025.pdf\">Prof. dr. Bogdan Murgescu 2025<\/a><a href=\"https:\/\/istorie.unibuc.ro\/wp-content\/uploads\/2025\/02\/Prof.-dr.-Bogdan-Murgescu-2025.pdf\" class=\"wp-block-file__button wp-element-button\" download aria-describedby=\"wp-block-file--media-c40d8ccf-7350-4f23-aaed-388e8c09657e\">Descarc\u0103<\/a><\/div>\n\n\n\n<div class=\"wp-block-file\"><a id=\"wp-block-file--media-cc9bb2b3-e5b6-4b83-883d-bb2b23025051\" href=\"https:\/\/istorie.unibuc.ro\/wp-content\/uploads\/2025\/02\/Prof.-dr.-Florin-Muller-2025.pdf\">Prof. dr. Florin Muller 2025<\/a><a href=\"https:\/\/istorie.unibuc.ro\/wp-content\/uploads\/2025\/02\/Prof.-dr.-Florin-Muller-2025.pdf\" class=\"wp-block-file__button wp-element-button\" download aria-describedby=\"wp-block-file--media-cc9bb2b3-e5b6-4b83-883d-bb2b23025051\">Descarc\u0103<\/a><\/div>\n\n\n\n<div class=\"wp-block-file\"><a id=\"wp-block-file--media-d37446f5-fdc7-474c-87c3-a9b21a2a7dcb\" href=\"https:\/\/istorie.unibuc.ro\/wp-content\/uploads\/2025\/01\/Prof.-dr.-Andrei-Pippidi-2025.pdf\">Prof. dr. Andrei Pippidi 2025<\/a><a href=\"https:\/\/istorie.unibuc.ro\/wp-content\/uploads\/2025\/01\/Prof.-dr.-Andrei-Pippidi-2025.pdf\" class=\"wp-block-file__button wp-element-button\" download aria-describedby=\"wp-block-file--media-d37446f5-fdc7-474c-87c3-a9b21a2a7dcb\">Descarc\u0103<\/a><\/div>\n\n\n\n<div class=\"wp-block-file\"><a id=\"wp-block-file--media-c9bfe524-cfbe-45f1-9746-c6149bd0e233\" href=\"https:\/\/istorie.unibuc.ro\/wp-content\/uploads\/2025\/01\/Prof.-dr.-Lukacs-Antal-2025.pdf\">Prof. dr. Lukacs Antal 2025<\/a><a href=\"https:\/\/istorie.unibuc.ro\/wp-content\/uploads\/2025\/01\/Prof.-dr.-Lukacs-Antal-2025.pdf\" class=\"wp-block-file__button wp-element-button\" download aria-describedby=\"wp-block-file--media-c9bfe524-cfbe-45f1-9746-c6149bd0e233\">Descarc\u0103<\/a><\/div>\n\n\n\n<div class=\"wp-block-file\"><a id=\"wp-block-file--media-2504e847-ac2f-428a-978e-9f5758f34667\" href=\"https:\/\/istorie.unibuc.ro\/wp-content\/uploads\/2025\/01\/Prof.-dr.-Gheorghe-Vlad-Nistor-2025.pdf\">Prof. dr. Gheorghe-Vlad Nistor 2025<\/a><a href=\"https:\/\/istorie.unibuc.ro\/wp-content\/uploads\/2025\/01\/Prof.-dr.-Gheorghe-Vlad-Nistor-2025.pdf\" class=\"wp-block-file__button wp-element-button\" download aria-describedby=\"wp-block-file--media-2504e847-ac2f-428a-978e-9f5758f34667\">Descarc\u0103<\/a><\/div>\n\n\n\n<div class=\"wp-block-file\"><a id=\"wp-block-file--media-c25d630d-8047-40e8-98d1-e251d9c2fddf\" href=\"https:\/\/istorie.unibuc.ro\/wp-content\/uploads\/2021\/03\/CV-Mihai-Sorin-Radulescu-pt.site-ul-Fac.de-Istorie-1.docx\">      Prof. Dr. Mihai Sorin R\u0103dulescu<\/a><a href=\"https:\/\/istorie.unibuc.ro\/wp-content\/uploads\/2021\/03\/CV-Mihai-Sorin-Radulescu-pt.site-ul-Fac.de-Istorie-1.docx\" class=\"wp-block-file__button wp-element-button\" download aria-describedby=\"wp-block-file--media-c25d630d-8047-40e8-98d1-e251d9c2fddf\">Descarc\u0103<\/a><\/div>\n\n\n\n<div class=\"wp-block-file\"><a id=\"wp-block-file--media-69a82de0-9433-4411-9d43-bf2ac5ede88b\" href=\"https:\/\/istorie.unibuc.ro\/wp-content\/uploads\/2021\/03\/CV-Mihai-Razvan-Ungureanu-02.doc\">      Prof. Dr. Mihai-R\u0103zvan Ungureanu<\/a><a href=\"https:\/\/istorie.unibuc.ro\/wp-content\/uploads\/2021\/03\/CV-Mihai-Razvan-Ungureanu-02.doc\" class=\"wp-block-file__button wp-element-button\" download aria-describedby=\"wp-block-file--media-69a82de0-9433-4411-9d43-bf2ac5ede88b\">Descarc\u0103<\/a><\/div>\n\n\n\n<div class=\"wp-block-file\"><a id=\"wp-block-file--media-201ba7b9-bc80-4bae-bf11-9193e9517244\" href=\"https:\/\/istorie.unibuc.ro\/wp-content\/uploads\/2025\/01\/Prof.-dr.-Sorin-Cristian-Ailincai-2025.pdf\">Prof. dr. Sorin Cristian Ailinc\u0103i 2025<\/a><a href=\"https:\/\/istorie.unibuc.ro\/wp-content\/uploads\/2025\/01\/Prof.-dr.-Sorin-Cristian-Ailincai-2025.pdf\" class=\"wp-block-file__button wp-element-button\" download aria-describedby=\"wp-block-file--media-201ba7b9-bc80-4bae-bf11-9193e9517244\">Descarc\u0103<\/a><\/div>\n\n\n\n<div class=\"wp-block-file\"><a id=\"wp-block-file--media-30669766-b9ff-4ddb-9a40-cf0c58f17f51\" href=\"https:\/\/istorie.unibuc.ro\/wp-content\/uploads\/2025\/01\/Prof.-dr.-Laurentiu-Vlad-2025.pdf\">Prof. dr. Lauren\u021biu Vlad 2025<\/a><a href=\"https:\/\/istorie.unibuc.ro\/wp-content\/uploads\/2025\/01\/Prof.-dr.-Laurentiu-Vlad-2025.pdf\" class=\"wp-block-file__button wp-element-button\" download aria-describedby=\"wp-block-file--media-30669766-b9ff-4ddb-9a40-cf0c58f17f51\">Descarc\u0103<\/a><\/div>\n\n\n\n<div class=\"wp-block-file\"><a id=\"wp-block-file--media-10055f46-f151-4936-8014-52f434be94c8\" href=\"https:\/\/istorie.unibuc.ro\/wp-content\/uploads\/2025\/02\/C.S.-I-dr.-Constantin-Ardeleanu-2025.pdf\">C.\u0218. I dr. Constantin Ardeleanu 2025<\/a><a href=\"https:\/\/istorie.unibuc.ro\/wp-content\/uploads\/2025\/02\/C.S.-I-dr.-Constantin-Ardeleanu-2025.pdf\" class=\"wp-block-file__button wp-element-button\" download aria-describedby=\"wp-block-file--media-10055f46-f151-4936-8014-52f434be94c8\">Descarc\u0103<\/a><\/div>\n\n\n\n<div class=\"wp-block-file\"><a id=\"wp-block-file--media-233dc6a3-dc59-4688-9941-c4e709b73279\" href=\"https:\/\/istorie.unibuc.ro\/wp-content\/uploads\/2025\/01\/Dr.-habil.-Cosmin-Budeanca-2025.pdf\">Dr. habil. Cosmin Budeanca 2025<\/a><a href=\"https:\/\/istorie.unibuc.ro\/wp-content\/uploads\/2025\/01\/Dr.-habil.-Cosmin-Budeanca-2025.pdf\" class=\"wp-block-file__button wp-element-button\" download aria-describedby=\"wp-block-file--media-233dc6a3-dc59-4688-9941-c4e709b73279\">Descarc\u0103<\/a><\/div>\n\n\n\n<div class=\"wp-block-file\"><a id=\"wp-block-file--media-fd726a9f-c3fa-45f5-904a-cdec124fd460\" href=\"https:\/\/istorie.unibuc.ro\/wp-content\/uploads\/2025\/02\/C.S.-I-dr.-Andrei-Timotin-2025.pdf\">C.\u0218. I dr. Andrei Timotin 2025<\/a><a href=\"https:\/\/istorie.unibuc.ro\/wp-content\/uploads\/2025\/02\/C.S.-I-dr.-Andrei-Timotin-2025.pdf\" class=\"wp-block-file__button wp-element-button\" download aria-describedby=\"wp-block-file--media-fd726a9f-c3fa-45f5-904a-cdec124fd460\">Descarc\u0103<\/a><\/div>\n\n\n\n<div class=\"wp-block-file\"><a id=\"wp-block-file--media-d8a91a83-c59c-4d83-a4b4-39f4713b42d3\" href=\"https:\/\/istorie.unibuc.ro\/wp-content\/uploads\/2025\/06\/Prof.-dr.-Alin-Ciupala-2025.pdf\" target=\"_blank\" rel=\"noreferrer noopener\">Prof. dr. habil. Alin Ciupal\u0103 2025<\/a><a href=\"https:\/\/istorie.unibuc.ro\/wp-content\/uploads\/2025\/06\/Prof.-dr.-Alin-Ciupala-2025.pdf\" class=\"wp-block-file__button wp-element-button\" download aria-describedby=\"wp-block-file--media-d8a91a83-c59c-4d83-a4b4-39f4713b42d3\">Descarc\u0103<\/a><\/div>\n\n\n\n<div class=\"wp-block-file\"><a id=\"wp-block-file--media-865619ee-4d94-4672-b331-56f25fce7c39\" href=\"https:\/\/istorie.unibuc.ro\/wp-content\/uploads\/2025\/06\/Conf.-dr.-habil.-Valentin-Victor-Bottez-2025.pdf\" target=\"_blank\" rel=\"noreferrer noopener\">Conf. dr. habil. Valentin-Victor Bottez 2025<\/a><a href=\"https:\/\/istorie.unibuc.ro\/wp-content\/uploads\/2025\/06\/Conf.-dr.-habil.-Valentin-Victor-Bottez-2025.pdf\" class=\"wp-block-file__button wp-element-button\" download aria-describedby=\"wp-block-file--media-865619ee-4d94-4672-b331-56f25fce7c39\">Descarc\u0103<\/a><\/div>\n\n\n\n<div class=\"wp-block-file\"><a id=\"wp-block-file--media-7de77ae2-e543-45e0-bbed-dfcae9332bc6\" href=\"https:\/\/istorie.unibuc.ro\/wp-content\/uploads\/2025\/06\/C.-S.-I-dr.-habil.-Stefan-Dorondel-2025.pdf\" target=\"_blank\" rel=\"noreferrer noopener\">C. \u0218. I dr. habil. \u0218tefan Dorondel 2025<\/a><a href=\"https:\/\/istorie.unibuc.ro\/wp-content\/uploads\/2025\/06\/C.-S.-I-dr.-habil.-Stefan-Dorondel-2025.pdf\" class=\"wp-block-file__button wp-element-button\" download aria-describedby=\"wp-block-file--media-7de77ae2-e543-45e0-bbed-dfcae9332bc6\">Descarc\u0103<\/a><\/div>\n\n\n\n<div class=\"wp-block-file\"><a id=\"wp-block-file--media-abdca8ff-d5c4-4a7f-9145-7f4eafd43298\" href=\"https:\/\/istorie.unibuc.ro\/wp-content\/uploads\/2025\/06\/SDI-conducatori-si-arii-tematice-2025-ro.pdf\" target=\"_blank\" rel=\"noreferrer noopener\">SDI conduc\u0103tori \u0219i arii tematice &#8211; 2025 ro<\/a><a href=\"https:\/\/istorie.unibuc.ro\/wp-content\/uploads\/2025\/06\/SDI-conducatori-si-arii-tematice-2025-ro.pdf\" class=\"wp-block-file__button wp-element-button\" download aria-describedby=\"wp-block-file--media-abdca8ff-d5c4-4a7f-9145-7f4eafd43298\">Descarc\u0103<\/a><\/div>\n\n\n\n<div class=\"wp-block-file\"><a id=\"wp-block-file--media-32f9d01e-c68f-4ad6-8c3e-d8fa6f0de0d2\" href=\"https:\/\/istorie.unibuc.ro\/wp-content\/uploads\/2025\/06\/SDI-conducatori-si-arii-tematice-2025-en.pdf\" target=\"_blank\" rel=\"noreferrer noopener\">SDI conduc\u0103tori \u0219i arii tematice &#8211; 2025 en<\/a><a href=\"https:\/\/istorie.unibuc.ro\/wp-content\/uploads\/2025\/06\/SDI-conducatori-si-arii-tematice-2025-en.pdf\" class=\"wp-block-file__button wp-element-button\" download aria-describedby=\"wp-block-file--media-32f9d01e-c68f-4ad6-8c3e-d8fa6f0de0d2\">Descarc\u0103<\/a><\/div>\n","protected":false},"excerpt":{"rendered":"<p>Director \u0218coal\u0103 Doctoral\u0103: Prof. univ. dr. habil. Ioan Carol Opri\u0219 \u0218coala Doctoral\u0103 a Facult\u0103\u021bii de Istorie ofer\u0103 studii doctorale \u00een domeniul istorie, pe urm\u0103toarele arii de specializare: Conducatori de doctorat:<\/p>\n","protected":false},"author":2,"featured_media":0,"parent":167,"menu_order":0,"comment_status":"closed","ping_status":"closed","template":"","meta":{"_crdt_document":"","jetpack_post_was_ever_published":false,"footnotes":""},"class_list":["post-177","page","type-page","status-publish","hentry"],"jetpack_sharing_enabled":true,"jetpack_shortlink":"https:\/\/wp.me\/PaobZd-2R","jetpack-related-posts":[],"_links":{"self":[{"href":"https:\/\/istorie.unibuc.ro\/facultate\/wp-json\/wp\/v2\/pages\/177","targetHints":{"allow":["GET"]}}],"collection":[{"href":"https:\/\/istorie.unibuc.ro\/facultate\/wp-json\/wp\/v2\/pages"}],"about":[{"href":"https:\/\/istorie.unibuc.ro\/facultate\/wp-json\/wp\/v2\/types\/page"}],"author":[{"embeddable":true,"href":"https:\/\/istorie.unibuc.ro\/facultate\/wp-json\/wp\/v2\/users\/2"}],"replies":[{"embeddable":true,"href":"https:\/\/istorie.unibuc.ro\/facultate\/wp-json\/wp\/v2\/comments?post=177"}],"version-history":[{"count":54,"href":"https:\/\/istorie.unibuc.ro\/facultate\/wp-json\/wp\/v2\/pages\/177\/revisions"}],"predecessor-version":[{"id":18849,"href":"https:\/\/istorie.unibuc.ro\/facultate\/wp-json\/wp\/v2\/pages\/177\/revisions\/18849"}],"up":[{"embeddable":true,"href":"https:\/\/istorie.unibuc.ro\/facultate\/wp-json\/wp\/v2\/pages\/167"}],"wp:attachment":[{"href":"https:\/\/istorie.unibuc.ro\/facultate\/wp-json\/wp\/v2\/media?parent=177"}],"curies":[{"name":"wp","href":"https:\/\/api.w.org\/{rel}","templated":true}]}}