{"id":173,"date":"2018-10-26T14:37:02","date_gmt":"2018-10-26T14:37:02","guid":{"rendered":"http:\/\/newhis.bucharest.university\/?page_id=173"},"modified":"2025-12-11T12:34:04","modified_gmt":"2025-12-11T12:34:04","slug":"istorie-antica-arheologie-si-istoria-artei","status":"publish","type":"page","link":"https:\/\/istorie.unibuc.ro\/facultate\/departamente\/istorie-antica-arheologie-si-istoria-artei\/","title":{"rendered":"Istorie Antic\u0103, Arheologie \u0219i Istoria Artei"},"content":{"rendered":"\n<p class=\"wp-block-paragraph\">Departamentul reprezint\u0103 \u00een cadrul Universit\u0103\u021bii din Bucure\u0219ti una dintre cele mai \u00eendelungate tradi\u021bii de studii istorice , originile sale put\u00e2nd fi retrasate p\u00e2n\u0103 la cursul de arheologie predat de Alexandru Odobescu \u00een anii 1860-1870. \u0218tiin\u021bele antichit\u0103\u021bii au fost reprezentate de-a lungul unui secol \u0219i jum\u0103tate \u00een aceast\u0103 prestigioas\u0103 institu\u021bie de \u00eenv\u0103\u021b\u0103m\u00e2nt superior de nume mari ale culturii rom\u00e2ne\u0219ti: Vasile P\u00e2rvan, Grigore Tocilescu, Emil Condurachi, Ioan Nestor, Dionisie Pippidi, Radu Vulpe, Ion Andrie\u0219escu, Zoe Petre, Alexandru Vulpe, Ligia B\u00e2rzu, Petre Alexandrescu, Florentina Preda.<\/p>\n\n\n\n<p class=\"wp-block-paragraph\">Ast\u0103zi departamentul include al\u0103turi de studiul preistoriei, antichit\u0103\u021bii \u0219i arheologiei \u0219i istoria artei, program fondat la \u00eenceputul anilor 2000 din dorin\u021ba de a contribui la formarea complex\u0103 a viitorilor cercet\u0103tori \u0219i practicieni din domeniul patrimoniului cultural.<\/p>\n\n\n\n<p class=\"wp-block-paragraph\">Departamentul are \u00een prezent 17 titulari, 3 profesori emeri\u021bi \u0219i un num\u0103r important de cadre didactice asociate, care ofer\u0103 o palet\u0103 larg\u0103 de cursuri obligatorii \u0219i op\u021bionale, precum \u0219i ghidaj \u00een primii pa\u0219i pe care un t\u00e2n\u0103r \u00eei face \u00een direc\u021bia cercet\u0103rii, publicisticii \u0219i practicii profesionale. Oferta didactic\u0103 \u0219i interesele de cercetare ale membrilor departamentului includ:<\/p>\n\n\n\n<h2 class=\"wp-block-heading\"><strong>\u0218tiin\u021bele antichit\u0103\u021bii, preistorie, arheologie:<\/strong><\/h2>\n\n\n\n<ul class=\"wp-block-list\">\n<li>Istoria \u0219i Antropologia istoric\u0103 a antichit\u0103\u021bii: lumea greac\u0103 arhaic\u0103 \u0219i clasic\u0103, elenismul, civiliza\u021bia roman\u0103<\/li>\n\n\n\n<li>Egiptologia: istoria civiliza\u021biei faraonice, limba egiptean\u0103 veche, epigrafia \u0219i paleografia egiptean\u0103, muzeologie epitologic\u0103<\/li>\n\n\n\n<li>Preistoria \u0219i antichitatea Rom\u00e2niei: culturi preistorice pe teritoriul Rom\u00e2niei, arheologia spa\u021biului rom\u00e2nesc, civiliza\u021bia dacic\u0103, Dacia roman\u0103, romanitatea dun\u0103rean\u0103<\/li>\n\n\n\n<li>Istoria Orientului \u0219i Asiei \u00een antichitate: civiliza\u021biile mesopotamiene, Orientul apropiat, Extremul Orient<\/li>\n\n\n\n<li>Arheologia preistoric\u0103 \u0219i protoistoric\u0103: paleoliticul, neoliticul, epoca metalelor;<\/li>\n\n\n\n<li>Arheologia clasic\u0103 \u0219i medieval\u0103: arheologia coloniilor grece\u0219ti, arheologia roman\u0103, arheologia roman\u0103 t\u00e2rzie, bizantin\u0103, medieval\u0103, arheologia cre\u0219tinismului timpuriu, studiul patrimoniului arheologic<\/li>\n\n\n\n<li>Teoria \u0219i metodologia arheologic\u0103; arheologia digital\u0103; desenul arheologic<\/li>\n\n\n\n<li>Antropologia fizic\u0103<\/li>\n\n\n\n<li>Studiul limbilor \u0219i scrierilor antice, epigrafii \u0219i paleografii: greaca veche, latina, medio-egipteana<\/li>\n\n\n\n<li>Antropologia cultural\u0103 \u0219i economic\u0103 a societ\u0103\u021bilor primare contemporane<\/li>\n\n\n\n<li>Arheologia \u0219i antropologia alimentar\u0103<\/li>\n\n\n\n<li>Artele \u00een societ\u0103\u021bile antice circum-mediteraneene \u0219i asiatice<\/li>\n\n\n\n<li>Istoria \u0219i arheologia militar\u0103 a societ\u0103\u021bilor preistorice \u0219i antice, practicile r\u0103zboinice, violen\u021ba<\/li>\n\n\n\n<li>Religii preistorice \u0219i antice<\/li>\n<\/ul>\n\n\n\n<h2 class=\"wp-block-heading\"><strong>Teoria \u0219i metodologia istoriei, alte domenii istoriografice:<\/strong><\/h2>\n\n\n\n<ul class=\"wp-block-list\">\n<li>Istoria istoriografiei universale \u0219i rom\u00e2ne\u0219ti<\/li>\n\n\n\n<li>Istoria cultural\u0103<\/li>\n\n\n\n<li>Antropologie cultural\u0103 \u0219i etnologie<\/li>\n\n\n\n<li>Istoria medieval\u0103: studii de gen, imaginar medieval, istoria Bisericii, istoriografie medieval\u0103.<\/li>\n\n\n\n<li>Istoria mentalit\u0103\u021bilor \u0219i a imaginarului<\/li>\n\n\n\n<li>Africanistic\u0103<\/li>\n\n\n\n<li>Analiza mitului \u0219i mitologiei<\/li>\n<\/ul>\n\n\n\n<h2 class=\"wp-block-heading\"><strong>Istoria artei:<\/strong><\/h2>\n\n\n\n<ul class=\"wp-block-list\">\n<li>Istoria artei antice, medievale, renascentiste, moderne \u0219i contemporane universale \u0219i rom\u00e2ne\u0219ti<\/li>\n\n\n\n<li>Tendin\u021be contemporane \u00een artele plastice<\/li>\n\n\n\n<li>Istoria artelor decorative<\/li>\n\n\n\n<li>Curatoriat, management cultural, politici culturale<\/li>\n\n\n\n<li>Metodologia istoriei artelor: istoriografia istoriei artei, estetic\u0103 \u0219i filosofia artei<\/li>\n\n\n\n<li>Pia\u021ba de art\u0103, legisla\u021bia \u0219i protec\u021bia patrimoniului artistic<\/li>\n\n\n\n<li>Artele \u00een istoria civiliza\u021biilor: lumea greco-roman\u0103, Europa medieval\u0103, civiliza\u021bia rom\u00e2neasc\u0103 tradi\u021bional\u0103, antichitatea oriental\u0103, extremul orient, Africa neagr\u0103<\/li>\n\n\n\n<li>Istorie \u0219i imaginar \u00een artele plastice<\/li>\n\n\n\n<li>Tehnicile artelor plastice, conservarea operelor de art\u0103, autentificare \u0219i evaluare<\/li>\n<\/ul>\n\n\n\n<p class=\"wp-block-paragraph\"><\/p>\n\n\n\n<h3 class=\"wp-block-heading\">Director departament:<\/h3>\n\n\n\n<h4 class=\"wp-block-heading\"><a href=\"https:\/\/istorie.unibuc.ro\/departamente\/istorie-antica-arheologie-si-istoria-artei\/lect-univ-dr-daniela-zaharia\/\">Lect.dr. Daniela Zaharia<\/a><\/h4>\n\n\n\n<h3 class=\"wp-block-heading\">Membri:<\/h3>\n\n\n\n<p class=\"wp-block-paragraph\"><\/p>\n\n\n\n<ul class=\"wp-block-list\">\n<li><a href=\"https:\/\/istorie.unibuc.ro\/departamente\/istorie-antica-arheologie-si-istoria-artei\/prof-univ-dr-ecaterina-lung\/\">Prof. dr. Ecaterina Gabriela Lung<\/a><\/li>\n\n\n\n<li><a href=\"https:\/\/istorie.unibuc.ro\/departamente\/istorie-antica-arheologie-si-istoria-artei\/prof-univ-dr-carol-capita\/\">Prof. dr. Carol C\u0103pi\u021b\u0103<\/a><\/li>\n\n\n\n<li><a href=\"http:\/\/istorie.unibuc.ro\/departamente\/istorie-antica-arheologie-si-istoria-artei\/conf-univ-dr-ioan-carol-opris\/\">Prof. dr. habil. Ioan Carol Opri\u0219<\/a><\/li>\n\n\n\n<li><a href=\"https:\/\/istorie.unibuc.ro\/facultate\/departamente\/istorie-antica-arheologie-si-istoria-artei\/prof-dr-sorin-cristian-ailincai\/\" data-type=\"page\" data-id=\"16395\">Prof.dr. habil. Sorin Ailinc\u0103i<\/a><\/li>\n\n\n\n<li><a href=\"https:\/\/istorie.unibuc.ro\/departamente\/istorie-antica-arheologie-si-istoria-artei\/simona-mariana-corlan\/\">Conf. dr. Simona Corlan-Ioan<\/a><\/li>\n\n\n\n<li><a href=\"https:\/\/istorie.unibuc.ro\/departamente\/istorie-antica-arheologie-si-istoria-artei\/conf-univ-dr-florica-bohiltea-mihut\/\">Conf. dr. habil. Florica Boh\u00eel\u021bea-Mihu\u021b<\/a><\/li>\n\n\n\n<li><a href=\"https:\/\/istorie.unibuc.ro\/departamente\/istorie-antica-arheologie-si-istoria-artei\/conf-dr-valentin-bottez\/\">Conf. dr. habil. Valentin-Victor Bottez<\/a><\/li>\n\n\n\n<li><a href=\"https:\/\/istorie.unibuc.ro\/wp-content\/uploads\/2020\/05\/Li\u021bu-G\u00eerboviceanu.pdf\">Conf. dr. Alexandrina-Victoria Litu-Girboviceanu &#8211; Prodecan<\/a><div class=\"sendToPdfFiller\" data-url=\"https:\/\/istorie.unibuc.ro\/wp-content\/uploads\/2020\/05\/Li\u021bu-G\u00eerboviceanu.pdf\" style=\"position: static; width: 40px; display: inline-block; margin-left: 10px;\" title=\"Open with PDFfiller\"><\/div><\/li>\n\n\n\n<li><a href=\"https:\/\/istorie.unibuc.ro\/facultate\/departamente\/istorie-antica-arheologie-si-istoria-artei\/conf-dr-mihai-dan-constantinescu\/\" data-type=\"page\" data-id=\"16297\">Conf.dr. Mihai Dan Constantinescu<\/a><\/li>\n\n\n\n<li><a href=\"https:\/\/istorie.unibuc.ro\/departamente\/istorie-antica-arheologie-si-istoria-artei\/lect-dr-andrei-alexandrescu\/\">Lect. dr. Andrei Alexandrescu<\/a><\/li>\n\n\n\n<li><a href=\"https:\/\/istorie.unibuc.ro\/departamente\/istorie-antica-arheologie-si-istoria-artei\/lect-univ-dr-alexandra-clara-tarlea\/\">Lect. dr. Alexandra Clara \u021a\u00e2rlea<\/a><\/li>\n\n\n\n<li><a href=\"https:\/\/istorie.unibuc.ro\/departamente\/istorie-antica-arheologie-si-istoria-artei\/lect-univ-dr-ioana-ciocan\/\">Lect dr. Ioana Ciocan<\/a><\/li>\n\n\n\n<li><a href=\"https:\/\/istorie.unibuc.ro\/departamente\/istorie-antica-arheologie-si-istoria-artei\/lect-univ-dr-vladimir-cretulescu\/\">Lect. dr. Vladimir Constantin Cre\u021bulescu<\/a><\/li>\n\n\n\n<li>Asist.dr. Andra Jug\u0103naru<\/li>\n\n\n\n<li><a href=\"https:\/\/istorie.unibuc.ro\/departamente\/istorie-antica-arheologie-si-istoria-artei\/asist-univ-dr-mihaela-marcu-bogan\/\">Asist. drd. Mihaela Marcu-Bogan<\/a><\/li>\n\n\n\n<li><a href=\"https:\/\/istorie.unibuc.ro\/facultate\/departamente\/istorie-antica-arheologie-si-istoria-artei\/asist-dr-iulia-alexandra-iliescu\/\" data-type=\"page\" data-id=\"16318\">Asist. dr. Iulia-Alexandra Iliescu<\/a><\/li>\n<\/ul>\n\n\n\n<h2 class=\"wp-block-heading\">Profesori emeri\u021bi<\/h2>\n\n\n\n<p class=\"wp-block-paragraph\"><a href=\"https:\/\/istorie.unibuc.ro\/facultate\/departamente\/istorie-antica-arheologie-si-istoria-artei\/prof-dr-gheorghe-vlad-nistor\/\" data-type=\"page\" data-id=\"17792\">Profesor univ. dr.&nbsp;emeritus&nbsp;Gheorghe Vlad NISTOR <\/a><\/p>\n\n\n\n<p class=\"wp-block-paragraph\"><a href=\"https:\/\/istorie.unibuc.ro\/facultate\/departamente\/istorie-antica-arheologie-si-istoria-artei\/profesor-univ-dr-emeritus-antal-lukacs\/\" data-type=\"page\" data-id=\"17798\">Profesor univ. dr.&nbsp;<em>emeritus&nbsp;<\/em>Antal LUKACS<\/a><\/p>\n\n\n\n<p class=\"wp-block-paragraph\"><a href=\"https:\/\/istorie.unibuc.ro\/facultate\/departamente\/istorie-antica-arheologie-si-istoria-artei\/profesor-univ-dr-emeritus-miron-ciho\/\" data-type=\"page\" data-id=\"17803\">Profesor univ. dr.&nbsp;<em>emeritus&nbsp;<\/em>Miron CIH\u00d3<\/a><\/p>\n\n\n\n<figure class=\"wp-block-embed is-provider-youtube wp-block-embed-youtube is-provider-inglobeaza-manipulantul wp-embed-aspect-16-9 wp-has-aspect-ratio\"><div class=\"wp-block-embed__wrapper\">\n<span class=\"embed-youtube\" style=\"text-align:center; display: block;\"><iframe loading=\"lazy\" class=\"youtube-player\" width=\"771\" height=\"434\" src=\"https:\/\/www.youtube.com\/embed\/obJCHTh9C6g?version=3&#038;rel=1&#038;showsearch=0&#038;showinfo=1&#038;iv_load_policy=1&#038;fs=1&#038;hl=ro-RO&#038;autohide=2&#038;wmode=transparent\" allowfullscreen=\"true\" style=\"border:0;\" sandbox=\"allow-scripts allow-same-origin allow-popups allow-presentation allow-popups-to-escape-sandbox\"><\/iframe><\/span>\n<\/div><\/figure>\n\n\n\n<div class=\"wp-block-file\"><a href=\"https:\/\/istorie.unibuc.ro\/wp-content\/uploads\/2021\/02\/sinteza-evaluare-cd-2020-.pdf\">sinteza-evaluare-cd-2020-<\/a><a href=\"https:\/\/istorie.unibuc.ro\/wp-content\/uploads\/2021\/02\/sinteza-evaluare-cd-2020-.pdf\" class=\"wp-block-file__button wp-element-button\" download>Descarc\u0103<\/a><\/div>\n","protected":false},"excerpt":{"rendered":"<p>Departamentul reprezint\u0103 \u00een cadrul Universit\u0103\u021bii din Bucure\u0219ti una dintre cele mai \u00eendelungate tradi\u021bii de studii istorice , originile sale put\u00e2nd fi retrasate p\u00e2n\u0103 la cursul de arheologie predat de Alexandru Odobescu \u00een anii 1860-1870. \u0218tiin\u021bele antichit\u0103\u021bii au fost reprezentate de-a lungul unui secol \u0219i jum\u0103tate \u00een aceast\u0103 prestigioas\u0103 institu\u021bie de \u00eenv\u0103\u021b\u0103m\u00e2nt superior de nume mari [&hellip;]<\/p>\n","protected":false},"author":2,"featured_media":0,"parent":167,"menu_order":0,"comment_status":"closed","ping_status":"closed","template":"","meta":{"_crdt_document":"","jetpack_post_was_ever_published":false,"footnotes":""},"class_list":["post-173","page","type-page","status-publish","hentry"],"jetpack_sharing_enabled":true,"jetpack_shortlink":"https:\/\/wp.me\/PaobZd-2N","jetpack-related-posts":[],"_links":{"self":[{"href":"https:\/\/istorie.unibuc.ro\/facultate\/wp-json\/wp\/v2\/pages\/173","targetHints":{"allow":["GET"]}}],"collection":[{"href":"https:\/\/istorie.unibuc.ro\/facultate\/wp-json\/wp\/v2\/pages"}],"about":[{"href":"https:\/\/istorie.unibuc.ro\/facultate\/wp-json\/wp\/v2\/types\/page"}],"author":[{"embeddable":true,"href":"https:\/\/istorie.unibuc.ro\/facultate\/wp-json\/wp\/v2\/users\/2"}],"replies":[{"embeddable":true,"href":"https:\/\/istorie.unibuc.ro\/facultate\/wp-json\/wp\/v2\/comments?post=173"}],"version-history":[{"count":28,"href":"https:\/\/istorie.unibuc.ro\/facultate\/wp-json\/wp\/v2\/pages\/173\/revisions"}],"predecessor-version":[{"id":21042,"href":"https:\/\/istorie.unibuc.ro\/facultate\/wp-json\/wp\/v2\/pages\/173\/revisions\/21042"}],"up":[{"embeddable":true,"href":"https:\/\/istorie.unibuc.ro\/facultate\/wp-json\/wp\/v2\/pages\/167"}],"wp:attachment":[{"href":"https:\/\/istorie.unibuc.ro\/facultate\/wp-json\/wp\/v2\/media?parent=173"}],"curies":[{"name":"wp","href":"https:\/\/api.w.org\/{rel}","templated":true}]}}