{"id":167,"date":"2018-10-26T14:33:22","date_gmt":"2018-10-26T14:33:22","guid":{"rendered":"http:\/\/newhis.bucharest.university\/?page_id=167"},"modified":"2020-05-05T19:30:14","modified_gmt":"2020-05-05T19:30:14","slug":"departamente","status":"publish","type":"page","link":"https:\/\/istorie.unibuc.ro\/facultate\/departamente\/","title":{"rendered":"Departamente"},"content":{"rendered":"\n<h3 class=\"wp-block-heading\">Facultatea de Istorie este structurata pe 4 departamente:&nbsp;<br><\/h3>\n\n\n\n<p class=\"wp-block-paragraph\"><strong>1. Departamentul de Istoria Rom\u00e2niei \u0219i a Sud-Estului European<\/strong>&nbsp;este un departament tradi\u0163ional, cu precursori ilu\u015ftri. \u00cen prezent, departamentul \u015fi-a orientat o parte important\u0103 a eforturilor sale \u00een vederea recuper\u0103rii \u015fi rescrierii unor perioade importante ale istoriei noastre na\u0163ionale.<\/p>\n\n\n\n<p class=\"wp-block-paragraph\"><strong>2. Departamentul de Istorie antic\u0103, Arheologie si Istoria Artei<\/strong>&nbsp;are \u00een prezent 14 membri, personalit\u0103\u0163i marcante \u00een domeniu. Sunt speciali\u015fti care acoper\u0103 domenii fundamentale ale istoriei antice \u015fi arheologiei (Orientul antic, Istoria Greciei, Istoria Romei, Istoria veche a Rom\u00e2niei, Epigrafie, etc.) cu o preg\u0103tire de specialitate \u015fi cu o activitate \u015ftiin\u0163ific\u0103 care se bucur\u0103 de recunoa\u015ftere interna\u0163ional\u0103. In cadrul departamentului func\u021bioneaz\u0103 \u0219i dou\u0103 centre de cercetare, Centrul de Istorie Comparat\u0103 al Societ\u0103\u021bilor Antice \u0219i Seminarul de Arheologie \u201cVasile P\u00e2rvan\u201d<\/p>\n\n\n\n<p class=\"wp-block-paragraph\"><strong>3. Departamentul de Istorie Universal\u0103 \u0219i Rela\u021bii Interna\u021bionale<\/strong>&nbsp;reprezint\u0103 un nucleu de cercetare \u015fi de predare deosebit de puternic \u015fi de activ. Departamentul este recunoscut, prin multe subcolective ale ei (Istoriografie \u015fi istoria mentalit\u0103\u0163ilor, Bizan\u0163, Imperiul Otoman, Integrare Euro-Atlantic\u0103), drept centru de referin\u0163\u0103 pentru toate universit\u0103\u0163ile din \u0163ar\u0103. Departamentul \u015fi membrii s\u0103i au leg\u0103turi str\u00e2nse de colaborare cu universit\u0103\u0163i europene, ocup\u0103 func\u0163ii de conducere \u00een organisme interna\u0163ionale.<\/p>\n\n\n\n<p class=\"wp-block-paragraph\"><strong>4. \u0218coala Doctoral\u0103 de Istorie<\/strong><\/p>\n\n\n\n<p class=\"wp-block-paragraph\"><\/p>\n\n\n\n<div class=\"wp-block-file\"><a href=\"https:\/\/istorie.unibuc.ro\/wp-content\/uploads\/2020\/05\/anexa-10-Evaluare-cd-FIUB-1.pdf\"><strong><span class=\"has-inline-color has-vivid-green-cyan-color\">Evaluare Cadre Didactice<\/span><\/strong><\/a><a href=\"https:\/\/istorie.unibuc.ro\/wp-content\/uploads\/2020\/05\/anexa-10-Evaluare-cd-FIUB-1.pdf\" class=\"wp-block-file__button\" download>Descarc\u0103<\/a><\/div>\n\n\n\n<p class=\"wp-block-paragraph\"><\/p>\n","protected":false},"excerpt":{"rendered":"<p>Facultatea de Istorie este structurata pe 4 departamente:&nbsp; 1. Departamentul de Istoria Rom\u00e2niei \u0219i a Sud-Estului European&nbsp;este un departament tradi\u0163ional, cu precursori ilu\u015ftri. \u00cen prezent, departamentul \u015fi-a orientat o parte important\u0103 a eforturilor sale \u00een vederea recuper\u0103rii \u015fi rescrierii unor perioade importante ale istoriei noastre na\u0163ionale. 2. Departamentul de Istorie antic\u0103, Arheologie si Istoria Artei&nbsp;are [&hellip;]<\/p>\n","protected":false},"author":2,"featured_media":0,"parent":0,"menu_order":0,"comment_status":"closed","ping_status":"closed","template":"","meta":{"_crdt_document":"","jetpack_post_was_ever_published":false,"footnotes":""},"class_list":["post-167","page","type-page","status-publish","hentry"],"jetpack_sharing_enabled":true,"jetpack_shortlink":"https:\/\/wp.me\/PaobZd-2H","jetpack-related-posts":[],"_links":{"self":[{"href":"https:\/\/istorie.unibuc.ro\/facultate\/wp-json\/wp\/v2\/pages\/167","targetHints":{"allow":["GET"]}}],"collection":[{"href":"https:\/\/istorie.unibuc.ro\/facultate\/wp-json\/wp\/v2\/pages"}],"about":[{"href":"https:\/\/istorie.unibuc.ro\/facultate\/wp-json\/wp\/v2\/types\/page"}],"author":[{"embeddable":true,"href":"https:\/\/istorie.unibuc.ro\/facultate\/wp-json\/wp\/v2\/users\/2"}],"replies":[{"embeddable":true,"href":"https:\/\/istorie.unibuc.ro\/facultate\/wp-json\/wp\/v2\/comments?post=167"}],"version-history":[{"count":3,"href":"https:\/\/istorie.unibuc.ro\/facultate\/wp-json\/wp\/v2\/pages\/167\/revisions"}],"predecessor-version":[{"id":3765,"href":"https:\/\/istorie.unibuc.ro\/facultate\/wp-json\/wp\/v2\/pages\/167\/revisions\/3765"}],"wp:attachment":[{"href":"https:\/\/istorie.unibuc.ro\/facultate\/wp-json\/wp\/v2\/media?parent=167"}],"curies":[{"name":"wp","href":"https:\/\/api.w.org\/{rel}","templated":true}]}}