{"id":16468,"date":"2024-09-30T11:29:24","date_gmt":"2024-09-30T11:29:24","guid":{"rendered":"https:\/\/istorie.unibuc.ro\/facultate\/?page_id=16468"},"modified":"2024-09-30T11:34:47","modified_gmt":"2024-09-30T11:34:47","slug":"stiintele-antichitatii-medievistica-si-arheologie","status":"publish","type":"page","link":"https:\/\/istorie.unibuc.ro\/facultate\/programe\/master\/stiintele-antichitatii-medievistica-si-arheologie\/","title":{"rendered":"\u0218tiin\u021bele Antichit\u0103\u021bii, Medievistic\u0103 \u0219i Arheologie"},"content":{"rendered":"\n<p class=\"wp-block-paragraph\">Masterul deschide posibiltatea specializ\u0103rii fie \u00een domeniile dedicate preistoriei \u0219i antichit\u0103\u021bii (arheologie, epigrafie, istorie antic\u0103, antropologie cultural\u0103, bioarheologie etc.), fie \u00een cele dedicate lumii medievale (istorie medieval\u0103 \u0219i modern\u0103 timpurie, bizantinistic\u0103, paleografie, diplomatic\u0103 etc.). De asemenea, sunt invita\u021bi s\u0103 se \u00eenscrie pasiona\u021bii de istorie antic\u0103 \u0219i medieval\u0103 care doresc s\u0103 cunoasc\u0103 mai bine aceste epoci \u0219i civiliza\u021bii fascinante din istoria umanit\u0103\u021bii. Este o ocazie s\u0103 cunoa\u0219te\u021bi colegi \u0219i profesori care au aceea\u0219i pasiune \u0219i care v\u0103 vor \u00eenso\u021bi timp de doi ani \u00eentr-o c\u0103l\u0103torie care \u00eembog\u0103\u021be\u0219te mintea \u0219i sufletul.\u00a0<\/p>\n\n\n\n<p class=\"wp-block-paragraph\">Masterul are dou\u0103 filiere, \u00eentre care studen\u021bii opteaz\u0103 \u00eenc\u0103 de la \u00eenscriere: specializarea \u00een \u201cAntichitate, Preistorie \u0219i Arheologie\u201d, respectiv specializarea \u00een \u201eStudii Medievale\u201d. Cele dou\u0103 sunt unite printr-un trunchi comun compus din patru cursuri, care sunt distribuite \u00eentre primele trei semestre. Acestea au tematici transversale de interes pentru ambele filiere de specializare \u0219i sunt sus\u021binute de c\u0103tre profesori cu o important\u0103 experien\u021b\u0103 \u00een abordarea subiectelor interdisciplinare: prof.dr. Carol C\u0103pi\u021b\u0103 (Geneza societ\u0103\u021bilor complexe), prof.dr. Ecaterina Lung (Reprezent\u0103ri culturale ale antichit\u0103\u021bii \u0219i evului mediu), conf.dr. Florica Mihu\u021b (Antropologia istoric\u0103 a antichit\u0103\u021bii) \u0219i lect.dr. Manuela Dobre (Aspecte de via\u021b\u0103 urban\u0103 \u00een Constantinopol, sec. 4-15).&nbsp;<\/p>\n\n\n\n<p class=\"wp-block-paragraph\">\u00cen cadrul filierelor de specialitate sunt aprofundate subiecte variate, care permit studen\u021bilor s\u0103 \u00ee\u0219i dezvolte cultura profesional\u0103 \u0219i, \u00een acela\u0219i timp, s\u0103 identifice direc\u021biile de studiu \u00een care doresc s\u0103 lucreze mai intensiv. Num\u0103rul mare de cadre didactice, \u00eentre care se num\u0103r\u0103 \u0219i \u0219ase conduc\u0103tori de doctorat, asigur\u0103 studen\u021bilor acces la o diversitate de metode de lucru \u0219i de perspective epistemologice.&nbsp;<\/p>\n\n\n\n<p class=\"wp-block-paragraph\">Pentru studen\u021bii filierei dedicat\u0103 antichit\u0103\u021bii, preistoriei \u0219i arheologiei predau prof.dr. Ioan Opri\u0219 (Dobrogea roman\u0103), prof.dr. Sorin Ailinc\u0103i (Bunuri simbolice \u00een protoistorie), dr. Radu B\u0103jenaru (Probleme actuale \u00een studiul preistoriei), conf.dr. Valentin Bottez (Centre urbane ale civiliza\u021biei mediteraneene), conf.dr. Mihai Constantinescu (Bioarheologie), lect.dr. Daniela Zaharia (Ideologia puterii \u00een societ\u0103\u021bile antice, precum \u0219i Religie \u0219i societate \u00een civiliza\u021biile antice orientale, al\u0103turi de dr. Isabela Popa), lect.dr. Alexandra \u021a\u00e2rlea (Ideologia mar\u021bial\u0103, r\u0103zboi \u0219i armament \u00een epoca bronzului), lect.dr. Alexandra Li\u021bu (Regi, tirani, aristocra\u021bi \u00een lumea greac\u0103), asist.dr. Mihaela Marcu (Practic\u0103 \u00een comunicarea \u0219i educa\u021bia muzeal\u0103), dr. Mihai Florea (Analiza GIS pentru arheologie \u2013 curs facultativ), asist.dr. Andra Jug\u0103naru (Metode digitale de analiz\u0103 a textelor antice \u2013 curs facultativ). \u00cen cadrul unei colabor\u0103ri cu University of Texas, profesorii Adam Rabinowitz \u0219i Valentin Bottez ofer\u0103 cursul bilingv \u201cEtica cercet\u0103rii arheologice \u0219i arheologie public\u0103 \/ Etics in archaeology and public archaeology\u201d, care deschide studen\u021bilor perspective \u0219i mai largi privitoare la problematica actual\u0103 a profesiei pentru care se preg\u0103tesc, la nivel interna\u021bional.&nbsp;<\/p>\n\n\n\n<p class=\"wp-block-paragraph\">Studen\u021bii filierei de Studii medievale vor lucra cu prof.dr. Bogdan Murgescu (Oameni, spa\u021bii existen\u021biale \u0219i \u201eciviliza\u021bii\u201d \u00een sec. 4-16), prof.dr. Viorel Panaite \u0219i dr. Radu Dipratu (Limbajul islamic al p\u0103cii \u0219i r\u0103zboiului), prof.dr. Mianda Cioba (Sf\u00e2r\u0219itul Evului mediu \u0219i \u00eenceputul Rena\u0219terii), prof.dr. \u0218arolta Solcan (Statutul femeii \u00een Evul mediu), prof.dr. Ecaterina Lung (Antropologia istoric\u0103 a evului mediu \u2013 curs facultativ, precum \u0219i coordonarea atelierului de diserta\u021bii), conf.dr. Marius Diaconescu (Nobilimea central-european\u0103 la sf\u00e2r\u0219itul evului mediu), conf.dr. Marian Coman (Diplomatica medieval\u0103), conf.dr. Florentina Ni\u021bu (Modele de consum cultural \u00een Evul mediu rom\u00e2nesc, precum \u0219i Paleografia chirilic\u0103), conf.dr. Radu Nedici (Paleografia latin\u0103, precum \u0219i Practic\u0103 \u00een domeniul medievisticii digitale), lect.dr. Manuela Dobre (Iconografia bizantin\u0103, precum \u0219i Paleografia greac\u0103 medieval\u0103), lect.dr. Liviu Damian (Analiza textelor politice medievale).&nbsp;<\/p>\n\n\n\n<p class=\"wp-block-paragraph\"><\/p>\n\n\n\n<h2 class=\"wp-block-heading\"><strong><a href=\"https:\/\/istorie.unibuc.ro\/facultate\/programe\/master\/stiintele-antichitatii-medievistica-si-arheologie\/fise-discipline-sama\/\" data-type=\"page\" data-id=\"16473\">Fi\u0219e discipline \u0218AMA<\/a><\/strong><\/h2>\n\n\n\n<p class=\"wp-block-paragraph\"><\/p>\n","protected":false},"excerpt":{"rendered":"<p>Masterul deschide posibiltatea specializ\u0103rii fie \u00een domeniile dedicate preistoriei \u0219i antichit\u0103\u021bii (arheologie, epigrafie, istorie antic\u0103, antropologie cultural\u0103, bioarheologie etc.), fie \u00een cele dedicate lumii medievale (istorie medieval\u0103 \u0219i modern\u0103 timpurie, bizantinistic\u0103, paleografie, diplomatic\u0103 etc.). De asemenea, sunt invita\u021bi s\u0103 se \u00eenscrie pasiona\u021bii de istorie antic\u0103 \u0219i medieval\u0103 care doresc s\u0103 cunoasc\u0103 mai bine aceste epoci [&hellip;]<\/p>\n","protected":false},"author":10,"featured_media":0,"parent":207,"menu_order":0,"comment_status":"closed","ping_status":"closed","template":"","meta":{"_crdt_document":"","jetpack_post_was_ever_published":false,"footnotes":""},"class_list":["post-16468","page","type-page","status-publish","hentry"],"jetpack_sharing_enabled":true,"jetpack_shortlink":"https:\/\/wp.me\/PaobZd-4hC","jetpack-related-posts":[],"_links":{"self":[{"href":"https:\/\/istorie.unibuc.ro\/facultate\/wp-json\/wp\/v2\/pages\/16468","targetHints":{"allow":["GET"]}}],"collection":[{"href":"https:\/\/istorie.unibuc.ro\/facultate\/wp-json\/wp\/v2\/pages"}],"about":[{"href":"https:\/\/istorie.unibuc.ro\/facultate\/wp-json\/wp\/v2\/types\/page"}],"author":[{"embeddable":true,"href":"https:\/\/istorie.unibuc.ro\/facultate\/wp-json\/wp\/v2\/users\/10"}],"replies":[{"embeddable":true,"href":"https:\/\/istorie.unibuc.ro\/facultate\/wp-json\/wp\/v2\/comments?post=16468"}],"version-history":[{"count":4,"href":"https:\/\/istorie.unibuc.ro\/facultate\/wp-json\/wp\/v2\/pages\/16468\/revisions"}],"predecessor-version":[{"id":16475,"href":"https:\/\/istorie.unibuc.ro\/facultate\/wp-json\/wp\/v2\/pages\/16468\/revisions\/16475"}],"up":[{"embeddable":true,"href":"https:\/\/istorie.unibuc.ro\/facultate\/wp-json\/wp\/v2\/pages\/207"}],"wp:attachment":[{"href":"https:\/\/istorie.unibuc.ro\/facultate\/wp-json\/wp\/v2\/media?parent=16468"}],"curies":[{"name":"wp","href":"https:\/\/api.w.org\/{rel}","templated":true}]}}